[INFO] cloning repository https://github.com/denniscollective/dnsco
[INFO] running `Command { std: "git" "-c" "credential.helper=" "-c" "credential.helper=/workspace/cargo-home/bin/git-credential-null" "clone" "--bare" "https://github.com/denniscollective/dnsco" "/workspace/cache/git-repos/https%3A%2F%2Fgithub.com%2Fdenniscollective%2Fdnsco", kill_on_drop: false }`
[INFO] [stderr] Cloning into bare repository '/workspace/cache/git-repos/https%3A%2F%2Fgithub.com%2Fdenniscollective%2Fdnsco'...
[INFO] running `Command { std: "git" "rev-parse" "HEAD", kill_on_drop: false }`
[INFO] [stdout] 84e3b9396a4e88f3bc81096486297abe376a0cf8
[INFO] building denniscollective/dnsco against master#881c1ac408d93bb7adaa3a51dabab9266e82eee8 for issue-85264
[INFO] running `Command { std: "git" "clone" "/workspace/cache/git-repos/https%3A%2F%2Fgithub.com%2Fdenniscollective%2Fdnsco" "/workspace/builds/worker-7/source", kill_on_drop: false }`
[INFO] [stderr] Cloning into '/workspace/builds/worker-7/source'...
[INFO] [stderr] done.
[INFO] validating manifest of git repo https://github.com/denniscollective/dnsco on toolchain 881c1ac408d93bb7adaa3a51dabab9266e82eee8
[INFO] running `Command { std: "/workspace/cargo-home/bin/cargo" "+881c1ac408d93bb7adaa3a51dabab9266e82eee8" "metadata" "--manifest-path" "Cargo.toml" "--no-deps", kill_on_drop: false }`
[INFO] started tweaking git repo https://github.com/denniscollective/dnsco
[INFO] finished tweaking git repo https://github.com/denniscollective/dnsco
[INFO] tweaked toml for git repo https://github.com/denniscollective/dnsco written to /workspace/builds/worker-7/source/Cargo.toml
[INFO] crate git repo https://github.com/denniscollective/dnsco already has a lockfile, it will not be regenerated
[INFO] running `Command { std: "/workspace/cargo-home/bin/cargo" "+881c1ac408d93bb7adaa3a51dabab9266e82eee8" "fetch" "--manifest-path" "Cargo.toml", kill_on_drop: false }`
[INFO] [stderr]  Downloading crates ...
[INFO] [stderr]   Downloaded actix-server v0.5.1
[INFO] [stderr]   Downloaded awc v0.2.1
[INFO] [stderr]   Downloaded actix-rt v0.2.2
[INFO] [stderr]   Downloaded copyless v0.1.3
[INFO] [stderr]   Downloaded uom v0.23.1
[INFO] [stderr]   Downloaded actix-utils v0.4.1
[INFO] [stderr]   Downloaded actix-http v0.2.4
[INFO] [stderr]   Downloaded actix-web v1.0.2
[INFO] [stderr]   Downloaded oauth2 v2.0.0-beta.2
[INFO] running `Command { std: "docker" "create" "-v" "/var/lib/crater-agent-workspace/builds/worker-7/target:/opt/rustwide/target:rw,Z" "-v" "/var/lib/crater-agent-workspace/builds/worker-7/source:/opt/rustwide/workdir:ro,Z" "-v" "/var/lib/crater-agent-workspace/cargo-home:/opt/rustwide/cargo-home:ro,Z" "-v" "/var/lib/crater-agent-workspace/rustup-home:/opt/rustwide/rustup-home:ro,Z" "-e" "SOURCE_DIR=/opt/rustwide/workdir" "-e" "CARGO_TARGET_DIR=/opt/rustwide/target" "-e" "CARGO_HOME=/opt/rustwide/cargo-home" "-e" "RUSTUP_HOME=/opt/rustwide/rustup-home" "-w" "/opt/rustwide/workdir" "-m" "1610612736" "--user" "0:0" "--network" "none" "ghcr.io/rust-lang/crates-build-env/linux@sha256:20528e8c29e4536546f0102ce88568b16ea7538393a33fcca951030f7af10457" "/opt/rustwide/cargo-home/bin/cargo" "+881c1ac408d93bb7adaa3a51dabab9266e82eee8" "metadata" "--no-deps" "--format-version=1", kill_on_drop: false }`
[INFO] [stderr] WARNING: Your kernel does not support swap limit capabilities or the cgroup is not mounted. Memory limited without swap.
[INFO] [stdout] 284ad82478bf5c10e62b460134490c4924ce9bf3938d6ed57124f16fc6d2c8d5
[INFO] running `Command { std: "docker" "start" "-a" "284ad82478bf5c10e62b460134490c4924ce9bf3938d6ed57124f16fc6d2c8d5", kill_on_drop: false }`
[INFO] running `Command { std: "docker" "inspect" "284ad82478bf5c10e62b460134490c4924ce9bf3938d6ed57124f16fc6d2c8d5", kill_on_drop: false }`
[INFO] running `Command { std: "docker" "rm" "-f" "284ad82478bf5c10e62b460134490c4924ce9bf3938d6ed57124f16fc6d2c8d5", kill_on_drop: false }`
[INFO] [stdout] 284ad82478bf5c10e62b460134490c4924ce9bf3938d6ed57124f16fc6d2c8d5
[INFO] running `Command { std: "docker" "create" "-v" "/var/lib/crater-agent-workspace/builds/worker-7/target:/opt/rustwide/target:rw,Z" "-v" "/var/lib/crater-agent-workspace/builds/worker-7/source:/opt/rustwide/workdir:ro,Z" "-v" "/var/lib/crater-agent-workspace/cargo-home:/opt/rustwide/cargo-home:ro,Z" "-v" "/var/lib/crater-agent-workspace/rustup-home:/opt/rustwide/rustup-home:ro,Z" "-e" "SOURCE_DIR=/opt/rustwide/workdir" "-e" "CARGO_TARGET_DIR=/opt/rustwide/target" "-e" "CARGO_INCREMENTAL=0" "-e" "RUST_BACKTRACE=full" "-e" "RUSTFLAGS=--cap-lints=forbid" "-e" "CARGO_HOME=/opt/rustwide/cargo-home" "-e" "RUSTUP_HOME=/opt/rustwide/rustup-home" "-w" "/opt/rustwide/workdir" "-m" "1610612736" "--user" "0:0" "--network" "none" "ghcr.io/rust-lang/crates-build-env/linux@sha256:20528e8c29e4536546f0102ce88568b16ea7538393a33fcca951030f7af10457" "/opt/rustwide/cargo-home/bin/cargo" "+881c1ac408d93bb7adaa3a51dabab9266e82eee8" "build" "--frozen" "--message-format=json", kill_on_drop: false }`
[INFO] [stdout] 24306494bae1bda2de50c375f208de40600eb3167b290c1132955e063d6df7e3
[INFO] [stderr] WARNING: Your kernel does not support swap limit capabilities or the cgroup is not mounted. Memory limited without swap.
[INFO] running `Command { std: "docker" "start" "-a" "24306494bae1bda2de50c375f208de40600eb3167b290c1132955e063d6df7e3", kill_on_drop: false }`
[INFO] [stderr]    Compiling autocfg v0.1.4
[INFO] [stderr]    Compiling cfg-if v0.1.9
[INFO] [stderr]    Compiling cc v1.0.37
[INFO] [stderr]    Compiling rand_core v0.4.0
[INFO] [stderr]    Compiling proc-macro2 v0.4.30
[INFO] [stderr]    Compiling syn v0.15.36
[INFO] [stderr]    Compiling futures v0.1.27
[INFO] [stderr]    Compiling version_check v0.1.5
[INFO] [stderr]    Compiling either v1.5.2
[INFO] [stderr]    Compiling scopeguard v0.3.3
[INFO] [stderr]    Compiling fnv v1.0.6
[INFO] [stderr]    Compiling stable_deref_trait v1.1.1
[INFO] [stderr]    Compiling pkg-config v0.3.14
[INFO] [stderr]    Compiling rustc-demangle v0.1.15
[INFO] [stderr]    Compiling regex v1.1.7
[INFO] [stderr]    Compiling utf8-ranges v1.0.3
[INFO] [stderr]    Compiling bitflags v1.1.0
[INFO] [stderr]    Compiling build_const v0.2.1
[INFO] [stderr]    Compiling arrayvec v0.4.10
[INFO] [stderr]    Compiling siphasher v0.2.3
[INFO] [stderr]    Compiling nodrop v0.1.13
[INFO] [stderr]    Compiling httparse v1.3.3
[INFO] [stderr]    Compiling memoffset v0.2.1
[INFO] [stderr]    Compiling indexmap v1.0.2
[INFO] [stderr]    Compiling crc32fast v1.2.0
[INFO] [stderr]    Compiling adler32 v1.0.3
[INFO] [stderr]    Compiling foreign-types-shared v0.1.1
[INFO] [stderr]    Compiling dtoa v0.4.4
[INFO] [stderr]    Compiling openssl-probe v0.1.2
[INFO] [stderr]    Compiling openssl v0.10.23
[INFO] [stderr]    Compiling native-tls v0.2.3
[INFO] [stderr]    Compiling try-lock v0.2.2
[INFO] [stderr]    Compiling linked-hash-map v0.5.2
[INFO] [stderr]    Compiling encoding_rs v0.8.17
[INFO] [stderr]    Compiling curl v0.4.22
[INFO] [stderr]    Compiling byte-tools v0.2.0
[INFO] [stderr]    Compiling arrayref v0.3.5
[INFO] [stderr]    Compiling arc-swap v0.3.11
[INFO] [stderr]    Compiling pq-sys v0.4.6
[INFO] [stderr]    Compiling fake-simd v0.1.2
[INFO] [stderr]    Compiling safemem v0.3.0
[INFO] [stderr]    Compiling language-tags v0.2.2
[INFO] [stderr]    Compiling copyless v0.1.3
[INFO] [stderr]    Compiling askama_escape v0.2.0
[INFO] [stderr]    Compiling humansize v1.1.0
[INFO] [stderr]    Compiling hashbrown v0.5.0
[INFO] [stderr]    Compiling sha1 v0.6.0
[INFO] [stderr]    Compiling termcolor v1.0.5
[INFO] [stderr]    Compiling tokio-trace-core v0.2.0
[INFO] [stderr]    Compiling regex-syntax v0.6.7
[INFO] [stderr]    Compiling log v0.4.6
[INFO] [stderr]    Compiling crossbeam-utils v0.6.5
[INFO] [stderr]    Compiling try_from v0.3.2
[INFO] [stderr]    Compiling owning_ref v0.4.0
[INFO] [stderr]    Compiling lock_api v0.2.0
[INFO] [stderr]    Compiling rand_core v0.3.1
[INFO] [stderr]    Compiling rand_jitter v0.1.4
[INFO] [stderr]    Compiling crc v1.8.1
[INFO] [stderr]    Compiling miniz_oxide v0.2.1
[INFO] [stderr]    Compiling foreign-types v0.3.2
[INFO] [stderr]    Compiling unicase v1.4.2
[INFO] [stderr]    Compiling unicase v2.4.0
[INFO] [stderr]    Compiling error-chain v0.12.1
[INFO] [stderr]    Compiling nom v4.2.3
[INFO] [stderr]    Compiling rand_pcg v0.1.2
[INFO] [stderr]    Compiling rand_chacha v0.1.1
[INFO] [stderr]    Compiling rand v0.6.5
[INFO] [stderr]    Compiling backtrace v0.3.30
[INFO] [stderr]    Compiling num-traits v0.2.8
[INFO] [stderr]    Compiling num-integer v0.1.41
[INFO] [stderr]    Compiling block-buffer v0.3.3
[INFO] [stderr]    Compiling lru-cache v0.1.2
[INFO] [stderr]    Compiling rand_hc v0.1.0
[INFO] [stderr]    Compiling rand_xorshift v0.1.1
[INFO] [stderr]    Compiling rand_isaac v0.1.1
[INFO] [stderr]    Compiling lock_api v0.1.5
[INFO] [stderr]    Compiling tokio-sync v0.1.6
[INFO] [stderr]    Compiling actix-service v0.4.1
[INFO] [stderr]    Compiling want v0.0.6
[INFO] [stderr]    Compiling tokio-executor v0.1.7
[INFO] [stderr]    Compiling crossbeam-queue v0.1.2
[INFO] [stderr]    Compiling rand_os v0.1.3
[INFO] [stderr]    Compiling net2 v0.2.33
[INFO] [stderr]    Compiling socket2 v0.3.9
[INFO] [stderr]    Compiling hostname v0.1.5
[INFO] [stderr]    Compiling signal-hook-registry v1.0.1
[INFO] [stderr]    Compiling base64 v0.10.1
[INFO] [stderr]    Compiling base64 v0.9.3
[INFO] [stderr]    Compiling parking_lot_core v0.4.0
[INFO] [stderr]    Compiling parking_lot_core v0.5.0
[INFO] [stderr]    Compiling parking_lot v0.8.0
[INFO] [stderr]    Compiling aho-corasick v0.7.3
[INFO] [stderr]    Compiling url v1.7.2
[INFO] [stderr]    Compiling generic-array v0.9.0
[INFO] [stderr]    Compiling tokio-timer v0.2.11
[INFO] [stderr]    Compiling tokio-current-thread v0.1.6
[INFO] [stderr]    Compiling bytes v0.4.12
[INFO] [stderr]    Compiling threadpool v1.7.1
[INFO] [stderr]    Compiling futures-cpupool v0.1.8
[INFO] [stderr]    Compiling crossbeam-epoch v0.7.1
[INFO] [stderr]    Compiling backtrace-sys v0.1.28
[INFO] [stderr]    Compiling openssl-sys v0.9.47
[INFO] [stderr]    Compiling miniz-sys v0.1.12
[INFO] [stderr]    Compiling libz-sys v1.0.25
[INFO] [stderr]    Compiling miniz_oxide_c_api v0.2.1
[INFO] [stderr]    Compiling curl-sys v0.4.18
[INFO] [stderr]    Compiling brotli-sys v0.3.2
[INFO] [stderr]    Compiling resolv-conf v0.6.2
[INFO] [stderr]    Compiling signal-hook v0.1.9
[INFO] [stderr]    Compiling mio v0.6.19
[INFO] [stderr]    Compiling quote v0.6.12
[INFO] [stderr]    Compiling digest v0.7.6
[INFO] [stderr]    Compiling mime v0.3.13
[INFO] [stderr]    Compiling phf_shared v0.7.24
[INFO] [stderr]    Compiling tokio-io v0.1.12
[INFO] [stderr]    Compiling http v0.1.17
[INFO] [stderr]    Compiling string v0.2.0
[INFO] [stderr]    Compiling tokio-buf v0.1.1
[INFO] [stderr]    Compiling cookie v0.12.0
[INFO] [stderr]    Compiling crossbeam-deque v0.7.1
[INFO] [stderr]    Compiling sha2 v0.7.1
[INFO] [stderr]    Compiling phf v0.7.24
[INFO] [stderr]    Compiling tokio-codec v0.1.1
[INFO] [stderr]    Compiling mio-uds v0.6.7
[INFO] [stderr]    Compiling flate2 v1.0.7
[INFO] [stderr]    Compiling actix-codec v0.1.2
[INFO] [stderr]    Compiling uom v0.23.1
[INFO] [stderr]    Compiling actix-utils v0.4.1
[INFO] [stderr]    Compiling phf_generator v0.7.24
[INFO] [stderr]    Compiling tokio-threadpool v0.1.14
[INFO] [stderr]    Compiling uuid v0.7.4
[INFO] [stderr]    Compiling phf_codegen v0.7.24
[INFO] [stderr]    Compiling mime_guess v2.0.0-alpha.6
[INFO] [stderr]    Compiling parking_lot v0.7.1
[INFO] [stderr]    Compiling publicsuffix v1.5.2
[INFO] [stderr]    Compiling env_logger v0.6.1
[INFO] [stderr]    Compiling scheduled-thread-pool v0.2.1
[INFO] [stderr]    Compiling tokio-reactor v0.1.9
[INFO] [stderr]    Compiling r2d2 v0.8.5
[INFO] [stderr]    Compiling h2 v0.1.24
[INFO] [stderr]    Compiling http-body v0.1.0
[INFO] [stderr]    Compiling tokio-tcp v0.1.3
[INFO] [stderr]    Compiling tokio-udp v0.1.3
[INFO] [stderr]    Compiling tokio-signal v0.2.7
[INFO] [stderr]    Compiling tokio v0.1.21
[INFO] [stderr]    Compiling actix-server-config v0.1.1
[INFO] [stdout] error[E0277]: the trait bound `L: Integer` is not satisfied
[INFO] [stdout]    --> /opt/rustwide/cargo-home/registry/src/github.com-1ecc6299db9ec823/uom-0.23.1/src/si/mod.rs:133:21
[INFO] [stdout]     |
[INFO] [stdout] 133 |                   for Quantity<
[INFO] [stdout]     |  _____________________^
[INFO] [stdout] 134 | |                     Dimension<L = L, M = M, T = T, I = I, Th = Th, N = N, J = J, Kind = $b>,
[INFO] [stdout] 135 | |                     Ul,
[INFO] [stdout] 136 | |                     V,
[INFO] [stdout] 137 | |                 >
[INFO] [stdout]     | |_________________^ the trait `Integer` is not implemented for `L`
[INFO] [stdout] ...
[INFO] [stdout] 212 |       impl_from!(AngleKind, Kind);
[INFO] [stdout]     |       ---------------------------- in this macro invocation
[INFO] [stdout]     | 
[INFO] [stdout]    ::: /opt/rustwide/cargo-home/registry/src/github.com-1ecc6299db9ec823/uom-0.23.1/src/system.rs:236:20
[INFO] [stdout]     |
[INFO] [stdout] 236 |           pub struct Quantity<D, U, V>
[INFO] [stdout]     |                      -------- required by a bound in this
[INFO] [stdout] 237 |           where
[INFO] [stdout] 238 |               D: Dimension + ?Sized,
[INFO] [stdout]     |                  --------- required by this bound in `si::Quantity`
[INFO] [stdout]     |
[INFO] [stdout]     = note: this error originates in a macro (in Nightly builds, run with -Z macro-backtrace for more info)
[INFO] [stdout] help: consider further restricting type parameter `L`
[INFO] [stdout]     |
[INFO] [stdout] 141 |                 V: ::num_traits::Num + ::Conversion<V>, L: typenum::Integer
[INFO] [stdout]     |                                                       ^^^^^^^^^^^^^^^^^^^^^
[INFO] [stdout] 
[INFO] [stdout] 
[INFO] [stdout] error[E0277]: the trait bound `M: Integer` is not satisfied
[INFO] [stdout]    --> /opt/rustwide/cargo-home/registry/src/github.com-1ecc6299db9ec823/uom-0.23.1/src/si/mod.rs:133:21
[INFO] [stdout]     |
[INFO] [stdout] 133 |                   for Quantity<
[INFO] [stdout]     |  _____________________^
[INFO] [stdout] 134 | |                     Dimension<L = L, M = M, T = T, I = I, Th = Th, N = N, J = J, Kind = $b>,
[INFO] [stdout] 135 | |                     Ul,
[INFO] [stdout] 136 | |                     V,
[INFO] [stdout] 137 | |                 >
[INFO] [stdout]     | |_________________^ the trait `Integer` is not implemented for `M`
[INFO] [stdout] ...
[INFO] [stdout] 212 |       impl_from!(AngleKind, Kind);
[INFO] [stdout]     |       ---------------------------- in this macro invocation
[INFO] [stdout]     | 
[INFO] [stdout]    ::: /opt/rustwide/cargo-home/registry/src/github.com-1ecc6299db9ec823/uom-0.23.1/src/system.rs:236:20
[INFO] [stdout]     |
[INFO] [stdout] 236 |           pub struct Quantity<D, U, V>
[INFO] [stdout]     |                      -------- required by a bound in this
[INFO] [stdout] 237 |           where
[INFO] [stdout] 238 |               D: Dimension + ?Sized,
[INFO] [stdout]     |                  --------- required by this bound in `si::Quantity`
[INFO] [stdout]     |
[INFO] [stdout]     = note: this error originates in a macro (in Nightly builds, run with -Z macro-backtrace for more info)
[INFO] [stdout] help: consider further restricting type parameter `M`
[INFO] [stdout]     |
[INFO] [stdout] 141 |                 V: ::num_traits::Num + ::Conversion<V>, M: typenum::Integer
[INFO] [stdout]     |                                                       ^^^^^^^^^^^^^^^^^^^^^
[INFO] [stdout] 
[INFO] [stdout] 
[INFO] [stdout] error[E0277]: the trait bound `T: Integer` is not satisfied
[INFO] [stdout]    --> /opt/rustwide/cargo-home/registry/src/github.com-1ecc6299db9ec823/uom-0.23.1/src/si/mod.rs:133:21
[INFO] [stdout]     |
[INFO] [stdout] 133 |                   for Quantity<
[INFO] [stdout]     |  _____________________^
[INFO] [stdout] 134 | |                     Dimension<L = L, M = M, T = T, I = I, Th = Th, N = N, J = J, Kind = $b>,
[INFO] [stdout] 135 | |                     Ul,
[INFO] [stdout] 136 | |                     V,
[INFO] [stdout] 137 | |                 >
[INFO] [stdout]     | |_________________^ the trait `Integer` is not implemented for `T`
[INFO] [stdout] ...
[INFO] [stdout] 212 |       impl_from!(AngleKind, Kind);
[INFO] [stdout]     |       ---------------------------- in this macro invocation
[INFO] [stdout]     | 
[INFO] [stdout]    ::: /opt/rustwide/cargo-home/registry/src/github.com-1ecc6299db9ec823/uom-0.23.1/src/system.rs:236:20
[INFO] [stdout]     |
[INFO] [stdout] 236 |           pub struct Quantity<D, U, V>
[INFO] [stdout]     |                      -------- required by a bound in this
[INFO] [stdout] 237 |           where
[INFO] [stdout] 238 |               D: Dimension + ?Sized,
[INFO] [stdout]     |                  --------- required by this bound in `si::Quantity`
[INFO] [stdout]     |
[INFO] [stdout]     = note: this error originates in a macro (in Nightly builds, run with -Z macro-backtrace for more info)
[INFO] [stdout] help: consider further restricting type parameter `T`
[INFO] [stdout]     |
[INFO] [stdout] 141 |                 V: ::num_traits::Num + ::Conversion<V>, T: typenum::Integer
[INFO] [stdout]     |                                                       ^^^^^^^^^^^^^^^^^^^^^
[INFO] [stdout] 
[INFO] [stdout] 
[INFO] [stdout] error[E0277]: the trait bound `I: Integer` is not satisfied
[INFO] [stdout]    --> /opt/rustwide/cargo-home/registry/src/github.com-1ecc6299db9ec823/uom-0.23.1/src/si/mod.rs:133:21
[INFO] [stdout]     |
[INFO] [stdout] 133 |                   for Quantity<
[INFO] [stdout]     |  _____________________^
[INFO] [stdout] 134 | |                     Dimension<L = L, M = M, T = T, I = I, Th = Th, N = N, J = J, Kind = $b>,
[INFO] [stdout] 135 | |                     Ul,
[INFO] [stdout] 136 | |                     V,
[INFO] [stdout] 137 | |                 >
[INFO] [stdout]     | |_________________^ the trait `Integer` is not implemented for `I`
[INFO] [stdout] ...
[INFO] [stdout] 212 |       impl_from!(AngleKind, Kind);
[INFO] [stdout]     |       ---------------------------- in this macro invocation
[INFO] [stdout]     | 
[INFO] [stdout]    ::: /opt/rustwide/cargo-home/registry/src/github.com-1ecc6299db9ec823/uom-0.23.1/src/system.rs:236:20
[INFO] [stdout]     |
[INFO] [stdout] 236 |           pub struct Quantity<D, U, V>
[INFO] [stdout]     |                      -------- required by a bound in this
[INFO] [stdout] 237 |           where
[INFO] [stdout] 238 |               D: Dimension + ?Sized,
[INFO] [stdout]     |                  --------- required by this bound in `si::Quantity`
[INFO] [stdout]     |
[INFO] [stdout]     = note: this error originates in a macro (in Nightly builds, run with -Z macro-backtrace for more info)
[INFO] [stdout] help: consider further restricting type parameter `I`
[INFO] [stdout]     |
[INFO] [stdout] 141 |                 V: ::num_traits::Num + ::Conversion<V>, I: typenum::Integer
[INFO] [stdout]     |                                                       ^^^^^^^^^^^^^^^^^^^^^
[INFO] [stdout] 
[INFO] [stdout] 
[INFO] [stdout] error[E0277]: the trait bound `Th: Integer` is not satisfied
[INFO] [stdout]    --> /opt/rustwide/cargo-home/registry/src/github.com-1ecc6299db9ec823/uom-0.23.1/src/si/mod.rs:133:21
[INFO] [stdout]     |
[INFO] [stdout] 133 |                   for Quantity<
[INFO] [stdout]     |  _____________________^
[INFO] [stdout] 134 | |                     Dimension<L = L, M = M, T = T, I = I, Th = Th, N = N, J = J, Kind = $b>,
[INFO] [stdout] 135 | |                     Ul,
[INFO] [stdout] 136 | |                     V,
[INFO] [stdout] 137 | |                 >
[INFO] [stdout]     | |_________________^ the trait `Integer` is not implemented for `Th`
[INFO] [stdout] ...
[INFO] [stdout] 212 |       impl_from!(AngleKind, Kind);
[INFO] [stdout]     |       ---------------------------- in this macro invocation
[INFO] [stdout]     | 
[INFO] [stdout]    ::: /opt/rustwide/cargo-home/registry/src/github.com-1ecc6299db9ec823/uom-0.23.1/src/system.rs:236:20
[INFO] [stdout]     |
[INFO] [stdout] 236 |           pub struct Quantity<D, U, V>
[INFO] [stdout]     |                      -------- required by a bound in this
[INFO] [stdout] 237 |           where
[INFO] [stdout] 238 |               D: Dimension + ?Sized,
[INFO] [stdout]     |                  --------- required by this bound in `si::Quantity`
[INFO] [stdout]     |
[INFO] [stdout]     = note: this error originates in a macro (in Nightly builds, run with -Z macro-backtrace for more info)
[INFO] [stdout] help: consider further restricting type parameter `Th`
[INFO] [stdout]     |
[INFO] [stdout] 141 |                 V: ::num_traits::Num + ::Conversion<V>, Th: typenum::Integer
[INFO] [stdout]     |                                                       ^^^^^^^^^^^^^^^^^^^^^^
[INFO] [stdout] 
[INFO] [stdout] 
[INFO] [stdout] error[E0277]: the trait bound `N: Integer` is not satisfied
[INFO] [stdout]    --> /opt/rustwide/cargo-home/registry/src/github.com-1ecc6299db9ec823/uom-0.23.1/src/si/mod.rs:133:21
[INFO] [stdout]     |
[INFO] [stdout] 133 |                   for Quantity<
[INFO] [stdout]     |  _____________________^
[INFO] [stdout] 134 | |                     Dimension<L = L, M = M, T = T, I = I, Th = Th, N = N, J = J, Kind = $b>,
[INFO] [stdout] 135 | |                     Ul,
[INFO] [stdout] 136 | |                     V,
[INFO] [stdout] 137 | |                 >
[INFO] [stdout]     | |_________________^ the trait `Integer` is not implemented for `N`
[INFO] [stdout] ...
[INFO] [stdout] 212 |       impl_from!(AngleKind, Kind);
[INFO] [stdout]     |       ---------------------------- in this macro invocation
[INFO] [stdout]     | 
[INFO] [stdout]    ::: /opt/rustwide/cargo-home/registry/src/github.com-1ecc6299db9ec823/uom-0.23.1/src/system.rs:236:20
[INFO] [stdout]     |
[INFO] [stdout] 236 |           pub struct Quantity<D, U, V>
[INFO] [stdout]     |                      -------- required by a bound in this
[INFO] [stdout] 237 |           where
[INFO] [stdout] 238 |               D: Dimension + ?Sized,
[INFO] [stdout]     |                  --------- required by this bound in `si::Quantity`
[INFO] [stdout]     |
[INFO] [stdout]     = note: this error originates in a macro (in Nightly builds, run with -Z macro-backtrace for more info)
[INFO] [stdout] help: consider further restricting type parameter `N`
[INFO] [stdout]     |
[INFO] [stdout] 141 |                 V: ::num_traits::Num + ::Conversion<V>, N: typenum::Integer
[INFO] [stdout]     |                                                       ^^^^^^^^^^^^^^^^^^^^^
[INFO] [stdout] 
[INFO] [stdout] 
[INFO] [stdout] error[E0277]: the trait bound `J: Integer` is not satisfied
[INFO] [stdout]    --> /opt/rustwide/cargo-home/registry/src/github.com-1ecc6299db9ec823/uom-0.23.1/src/si/mod.rs:133:21
[INFO] [stdout]     |
[INFO] [stdout] 133 |                   for Quantity<
[INFO] [stdout]     |  _____________________^
[INFO] [stdout] 134 | |                     Dimension<L = L, M = M, T = T, I = I, Th = Th, N = N, J = J, Kind = $b>,
[INFO] [stdout] 135 | |                     Ul,
[INFO] [stdout] 136 | |                     V,
[INFO] [stdout] 137 | |                 >
[INFO] [stdout]     | |_________________^ the trait `Integer` is not implemented for `J`
[INFO] [stdout] ...
[INFO] [stdout] 212 |       impl_from!(AngleKind, Kind);
[INFO] [stdout]     |       ---------------------------- in this macro invocation
[INFO] [stdout]     | 
[INFO] [stdout]    ::: /opt/rustwide/cargo-home/registry/src/github.com-1ecc6299db9ec823/uom-0.23.1/src/system.rs:236:20
[INFO] [stdout]     |
[INFO] [stdout] 236 |           pub struct Quantity<D, U, V>
[INFO] [stdout]     |                      -------- required by a bound in this
[INFO] [stdout] 237 |           where
[INFO] [stdout] 238 |               D: Dimension + ?Sized,
[INFO] [stdout]     |                  --------- required by this bound in `si::Quantity`
[INFO] [stdout]     |
[INFO] [stdout]     = note: this error originates in a macro (in Nightly builds, run with -Z macro-backtrace for more info)
[INFO] [stdout] help: consider further restricting type parameter `J`
[INFO] [stdout]     |
[INFO] [stdout] 141 |                 V: ::num_traits::Num + ::Conversion<V>, J: typenum::Integer
[INFO] [stdout]     |                                                       ^^^^^^^^^^^^^^^^^^^^^
[INFO] [stdout] 
[INFO] [stdout] 
[INFO] [stdout] error[E0277]: the trait bound `L: Integer` is not satisfied
[INFO] [stdout]    --> /opt/rustwide/cargo-home/registry/src/github.com-1ecc6299db9ec823/uom-0.23.1/src/si/mod.rs:133:21
[INFO] [stdout]     |
[INFO] [stdout] 133 |                   for Quantity<
[INFO] [stdout]     |  _____________________^
[INFO] [stdout] 134 | |                     Dimension<L = L, M = M, T = T, I = I, Th = Th, N = N, J = J, Kind = $b>,
[INFO] [stdout] 135 | |                     Ul,
[INFO] [stdout] 136 | |                     V,
[INFO] [stdout] 137 | |                 >
[INFO] [stdout]     | |_________________^ the trait `Integer` is not implemented for `L`
[INFO] [stdout] ...
[INFO] [stdout] 213 |       impl_from!(Kind, AngleKind);
[INFO] [stdout]     |       ---------------------------- in this macro invocation
[INFO] [stdout]     | 
[INFO] [stdout]    ::: /opt/rustwide/cargo-home/registry/src/github.com-1ecc6299db9ec823/uom-0.23.1/src/system.rs:236:20
[INFO] [stdout]     |
[INFO] [stdout] 236 |           pub struct Quantity<D, U, V>
[INFO] [stdout]     |                      -------- required by a bound in this
[INFO] [stdout] 237 |           where
[INFO] [stdout] 238 |               D: Dimension + ?Sized,
[INFO] [stdout]     |                  --------- required by this bound in `si::Quantity`
[INFO] [stdout]     |
[INFO] [stdout]     = note: this error originates in a macro (in Nightly builds, run with -Z macro-backtrace for more info)
[INFO] [stdout] help: consider further restricting type parameter `L`
[INFO] [stdout]     |
[INFO] [stdout] 141 |                 V: ::num_traits::Num + ::Conversion<V>, L: typenum::Integer
[INFO] [stdout]     |                                                       ^^^^^^^^^^^^^^^^^^^^^
[INFO] [stdout] 
[INFO] [stdout] 
[INFO] [stdout] error[E0277]: the trait bound `M: Integer` is not satisfied
[INFO] [stdout]    --> /opt/rustwide/cargo-home/registry/src/github.com-1ecc6299db9ec823/uom-0.23.1/src/si/mod.rs:133:21
[INFO] [stdout]     |
[INFO] [stdout] 133 |                   for Quantity<
[INFO] [stdout]     |  _____________________^
[INFO] [stdout] 134 | |                     Dimension<L = L, M = M, T = T, I = I, Th = Th, N = N, J = J, Kind = $b>,
[INFO] [stdout] 135 | |                     Ul,
[INFO] [stdout] 136 | |                     V,
[INFO] [stdout] 137 | |                 >
[INFO] [stdout]     | |_________________^ the trait `Integer` is not implemented for `M`
[INFO] [stdout] ...
[INFO] [stdout] 213 |       impl_from!(Kind, AngleKind);
[INFO] [stdout]     |       ---------------------------- in this macro invocation
[INFO] [stdout]     | 
[INFO] [stdout]    ::: /opt/rustwide/cargo-home/registry/src/github.com-1ecc6299db9ec823/uom-0.23.1/src/system.rs:236:20
[INFO] [stdout]     |
[INFO] [stdout] 236 |           pub struct Quantity<D, U, V>
[INFO] [stdout]     |                      -------- required by a bound in this
[INFO] [stdout] 237 |           where
[INFO] [stdout] 238 |               D: Dimension + ?Sized,
[INFO] [stdout]     |                  --------- required by this bound in `si::Quantity`
[INFO] [stdout]     |
[INFO] [stdout]     = note: this error originates in a macro (in Nightly builds, run with -Z macro-backtrace for more info)
[INFO] [stdout] help: consider further restricting type parameter `M`
[INFO] [stdout]     |
[INFO] [stdout] 141 |                 V: ::num_traits::Num + ::Conversion<V>, M: typenum::Integer
[INFO] [stdout]     |                                                       ^^^^^^^^^^^^^^^^^^^^^
[INFO] [stdout] 
[INFO] [stdout] 
[INFO] [stdout] error[E0277]: the trait bound `T: Integer` is not satisfied
[INFO] [stdout]    --> /opt/rustwide/cargo-home/registry/src/github.com-1ecc6299db9ec823/uom-0.23.1/src/si/mod.rs:133:21
[INFO] [stdout]     |
[INFO] [stdout] 133 |                   for Quantity<
[INFO] [stdout]     |  _____________________^
[INFO] [stdout] 134 | |                     Dimension<L = L, M = M, T = T, I = I, Th = Th, N = N, J = J, Kind = $b>,
[INFO] [stdout] 135 | |                     Ul,
[INFO] [stdout] 136 | |                     V,
[INFO] [stdout] 137 | |                 >
[INFO] [stdout]     | |_________________^ the trait `Integer` is not implemented for `T`
[INFO] [stdout] ...
[INFO] [stdout] 213 |       impl_from!(Kind, AngleKind);
[INFO] [stdout]     |       ---------------------------- in this macro invocation
[INFO] [stdout]     | 
[INFO] [stdout]    ::: /opt/rustwide/cargo-home/registry/src/github.com-1ecc6299db9ec823/uom-0.23.1/src/system.rs:236:20
[INFO] [stdout]     |
[INFO] [stdout] 236 |           pub struct Quantity<D, U, V>
[INFO] [stdout]     |                      -------- required by a bound in this
[INFO] [stdout] 237 |           where
[INFO] [stdout] 238 |               D: Dimension + ?Sized,
[INFO] [stdout]     |                  --------- required by this bound in `si::Quantity`
[INFO] [stdout]     |
[INFO] [stdout]     = note: this error originates in a macro (in Nightly builds, run with -Z macro-backtrace for more info)
[INFO] [stdout] help: consider further restricting type parameter `T`
[INFO] [stdout]     |
[INFO] [stdout] 141 |                 V: ::num_traits::Num + ::Conversion<V>, T: typenum::Integer
[INFO] [stdout]     |                                                       ^^^^^^^^^^^^^^^^^^^^^
[INFO] [stdout] 
[INFO] [stdout] 
[INFO] [stdout] error[E0277]: the trait bound `I: Integer` is not satisfied
[INFO] [stdout]    --> /opt/rustwide/cargo-home/registry/src/github.com-1ecc6299db9ec823/uom-0.23.1/src/si/mod.rs:133:21
[INFO] [stdout]     |
[INFO] [stdout] 133 |                   for Quantity<
[INFO] [stdout]     |  _____________________^
[INFO] [stdout] 134 | |                     Dimension<L = L, M = M, T = T, I = I, Th = Th, N = N, J = J, Kind = $b>,
[INFO] [stdout] 135 | |                     Ul,
[INFO] [stdout] 136 | |                     V,
[INFO] [stdout] 137 | |                 >
[INFO] [stdout]     | |_________________^ the trait `Integer` is not implemented for `I`
[INFO] [stdout] ...
[INFO] [stdout] 213 |       impl_from!(Kind, AngleKind);
[INFO] [stdout]     |       ---------------------------- in this macro invocation
[INFO] [stdout]     | 
[INFO] [stdout]    ::: /opt/rustwide/cargo-home/registry/src/github.com-1ecc6299db9ec823/uom-0.23.1/src/system.rs:236:20
[INFO] [stdout]     |
[INFO] [stdout] 236 |           pub struct Quantity<D, U, V>
[INFO] [stdout]     |                      -------- required by a bound in this
[INFO] [stdout] 237 |           where
[INFO] [stdout] 238 |               D: Dimension + ?Sized,
[INFO] [stdout]     |                  --------- required by this bound in `si::Quantity`
[INFO] [stdout]     |
[INFO] [stdout]     = note: this error originates in a macro (in Nightly builds, run with -Z macro-backtrace for more info)
[INFO] [stdout] help: consider further restricting type parameter `I`
[INFO] [stdout]     |
[INFO] [stdout] 141 |                 V: ::num_traits::Num + ::Conversion<V>, I: typenum::Integer
[INFO] [stdout]     |                                                       ^^^^^^^^^^^^^^^^^^^^^
[INFO] [stdout] 
[INFO] [stdout] 
[INFO] [stdout] error[E0277]: the trait bound `Th: Integer` is not satisfied
[INFO] [stdout]    --> /opt/rustwide/cargo-home/registry/src/github.com-1ecc6299db9ec823/uom-0.23.1/src/si/mod.rs:133:21
[INFO] [stdout]     |
[INFO] [stdout] 133 |                   for Quantity<
[INFO] [stdout]     |  _____________________^
[INFO] [stdout] 134 | |                     Dimension<L = L, M = M, T = T, I = I, Th = Th, N = N, J = J, Kind = $b>,
[INFO] [stdout] 135 | |                     Ul,
[INFO] [stdout] 136 | |                     V,
[INFO] [stdout] 137 | |                 >
[INFO] [stdout]     | |_________________^ the trait `Integer` is not implemented for `Th`
[INFO] [stdout] ...
[INFO] [stdout] 213 |       impl_from!(Kind, AngleKind);
[INFO] [stdout]     |       ---------------------------- in this macro invocation
[INFO] [stdout]     | 
[INFO] [stdout]    ::: /opt/rustwide/cargo-home/registry/src/github.com-1ecc6299db9ec823/uom-0.23.1/src/system.rs:236:20
[INFO] [stdout]     |
[INFO] [stdout] 236 |           pub struct Quantity<D, U, V>
[INFO] [stdout]     |                      -------- required by a bound in this
[INFO] [stdout] 237 |           where
[INFO] [stdout] 238 |               D: Dimension + ?Sized,
[INFO] [stdout]     |                  --------- required by this bound in `si::Quantity`
[INFO] [stdout]     |
[INFO] [stdout]     = note: this error originates in a macro (in Nightly builds, run with -Z macro-backtrace for more info)
[INFO] [stdout] help: consider further restricting type parameter `Th`
[INFO] [stdout]     |
[INFO] [stdout] 141 |                 V: ::num_traits::Num + ::Conversion<V>, Th: typenum::Integer
[INFO] [stdout]     |                                                       ^^^^^^^^^^^^^^^^^^^^^^
[INFO] [stdout] 
[INFO] [stdout] 
[INFO] [stdout] error[E0277]: the trait bound `N: Integer` is not satisfied
[INFO] [stdout]    --> /opt/rustwide/cargo-home/registry/src/github.com-1ecc6299db9ec823/uom-0.23.1/src/si/mod.rs:133:21
[INFO] [stdout]     |
[INFO] [stdout] 133 |                   for Quantity<
[INFO] [stdout]     |  _____________________^
[INFO] [stdout] 134 | |                     Dimension<L = L, M = M, T = T, I = I, Th = Th, N = N, J = J, Kind = $b>,
[INFO] [stdout] 135 | |                     Ul,
[INFO] [stdout] 136 | |                     V,
[INFO] [stdout] 137 | |                 >
[INFO] [stdout]     | |_________________^ the trait `Integer` is not implemented for `N`
[INFO] [stdout] ...
[INFO] [stdout] 213 |       impl_from!(Kind, AngleKind);
[INFO] [stdout]     |       ---------------------------- in this macro invocation
[INFO] [stdout]     | 
[INFO] [stdout]    ::: /opt/rustwide/cargo-home/registry/src/github.com-1ecc6299db9ec823/uom-0.23.1/src/system.rs:236:20
[INFO] [stdout]     |
[INFO] [stdout] 236 |           pub struct Quantity<D, U, V>
[INFO] [stdout]     |                      -------- required by a bound in this
[INFO] [stdout] 237 |           where
[INFO] [stdout] 238 |               D: Dimension + ?Sized,
[INFO] [stdout]     |                  --------- required by this bound in `si::Quantity`
[INFO] [stdout]     |
[INFO] [stdout]     = note: this error originates in a macro (in Nightly builds, run with -Z macro-backtrace for more info)
[INFO] [stdout] help: consider further restricting type parameter `N`
[INFO] [stdout]     |
[INFO] [stdout] 141 |                 V: ::num_traits::Num + ::Conversion<V>, N: typenum::Integer
[INFO] [stdout]     |                                                       ^^^^^^^^^^^^^^^^^^^^^
[INFO] [stdout] 
[INFO] [stdout] 
[INFO] [stdout] error[E0277]: the trait bound `J: Integer` is not satisfied
[INFO] [stdout]    --> /opt/rustwide/cargo-home/registry/src/github.com-1ecc6299db9ec823/uom-0.23.1/src/si/mod.rs:133:21
[INFO] [stdout]     |
[INFO] [stdout] 133 |                   for Quantity<
[INFO] [stdout]     |  _____________________^
[INFO] [stdout] 134 | |                     Dimension<L = L, M = M, T = T, I = I, Th = Th, N = N, J = J, Kind = $b>,
[INFO] [stdout] 135 | |                     Ul,
[INFO] [stdout] 136 | |                     V,
[INFO] [stdout] 137 | |                 >
[INFO] [stdout]     | |_________________^ the trait `Integer` is not implemented for `J`
[INFO] [stdout] ...
[INFO] [stdout] 213 |       impl_from!(Kind, AngleKind);
[INFO] [stdout]     |       ---------------------------- in this macro invocation
[INFO] [stdout]     | 
[INFO] [stdout]    ::: /opt/rustwide/cargo-home/registry/src/github.com-1ecc6299db9ec823/uom-0.23.1/src/system.rs:236:20
[INFO] [stdout]     |
[INFO] [stdout] 236 |           pub struct Quantity<D, U, V>
[INFO] [stdout]     |                      -------- required by a bound in this
[INFO] [stdout] 237 |           where
[INFO] [stdout] 238 |               D: Dimension + ?Sized,
[INFO] [stdout]     |                  --------- required by this bound in `si::Quantity`
[INFO] [stdout]     |
[INFO] [stdout]     = note: this error originates in a macro (in Nightly builds, run with -Z macro-backtrace for more info)
[INFO] [stdout] help: consider further restricting type parameter `J`
[INFO] [stdout]     |
[INFO] [stdout] 141 |                 V: ::num_traits::Num + ::Conversion<V>, J: typenum::Integer
[INFO] [stdout]     |                                                       ^^^^^^^^^^^^^^^^^^^^^
[INFO] [stdout] 
[INFO] [stdout] 
[INFO] [stdout] error[E0277]: the trait bound `<<D as si::Dimension>::L as std::ops::Neg>::Output: Integer` is not satisfied
[INFO] [stdout]    --> /opt/rustwide/cargo-home/registry/src/github.com-1ecc6299db9ec823/uom-0.23.1/src/system.rs:723:18
[INFO] [stdout]     |
[INFO] [stdout] 236 |           pub struct Quantity<D, U, V>
[INFO] [stdout]     |                      -------- required by a bound in this
[INFO] [stdout] 237 |           where
[INFO] [stdout] 238 |               D: Dimension + ?Sized,
[INFO] [stdout]     |                  --------- required by this bound in `si::Quantity`
[INFO] [stdout] ...
[INFO] [stdout] 723 |               ) -> Quantity<$quantities<$($crate::typenum::Negate<D::$symbol>),+>, U, V>
[INFO] [stdout]     |                    ^^^^^^^^^^^^^^^^^^^^^^^^^^^^^^^^^^^^^^^^^^^^^^^^^^^^^^^^^^^^^^^^^^^^^ the trait `Integer` is not implemented for `<<D as si::Dimension>::L as std::ops::Neg>::Output`
[INFO] [stdout]     | 
[INFO] [stdout]    ::: /opt/rustwide/cargo-home/registry/src/github.com-1ecc6299db9ec823/uom-0.23.1/src/si/mod.rs:10:1
[INFO] [stdout]     |
[INFO] [stdout] 10  | / system! {
[INFO] [stdout] 11  | |     /// [International System of Quantities](http://jcgm.bipm.org/vim/en/1.6.html) (ISQ).
[INFO] [stdout] 12  | |     quantities: ISQ {
[INFO] [stdout] 13  | |         /// Length, one of the base quantities in the ISQ, denoted by the symbol L. The base unit
[INFO] [stdout] ...   |
[INFO] [stdout] 75  | |     }
[INFO] [stdout] 76  | | }
[INFO] [stdout]     | |_- in this macro invocation
[INFO] [stdout]     |
[INFO] [stdout]     = note: this error originates in a macro (in Nightly builds, run with -Z macro-backtrace for more info)
[INFO] [stdout] 
[INFO] [stdout] 
[INFO] [stdout] error[E0277]: the trait bound `<<D as si::Dimension>::M as std::ops::Neg>::Output: Integer` is not satisfied
[INFO] [stdout]    --> /opt/rustwide/cargo-home/registry/src/github.com-1ecc6299db9ec823/uom-0.23.1/src/system.rs:723:18
[INFO] [stdout]     |
[INFO] [stdout] 236 |           pub struct Quantity<D, U, V>
[INFO] [stdout]     |                      -------- required by a bound in this
[INFO] [stdout] 237 |           where
[INFO] [stdout] 238 |               D: Dimension + ?Sized,
[INFO] [stdout]     |                  --------- required by this bound in `si::Quantity`
[INFO] [stdout] ...
[INFO] [stdout] 723 |               ) -> Quantity<$quantities<$($crate::typenum::Negate<D::$symbol>),+>, U, V>
[INFO] [stdout]     |                    ^^^^^^^^^^^^^^^^^^^^^^^^^^^^^^^^^^^^^^^^^^^^^^^^^^^^^^^^^^^^^^^^^^^^^ the trait `Integer` is not implemented for `<<D as si::Dimension>::M as std::ops::Neg>::Output`
[INFO] [stdout]     | 
[INFO] [stdout]    ::: /opt/rustwide/cargo-home/registry/src/github.com-1ecc6299db9ec823/uom-0.23.1/src/si/mod.rs:10:1
[INFO] [stdout]     |
[INFO] [stdout] 10  | / system! {
[INFO] [stdout] 11  | |     /// [International System of Quantities](http://jcgm.bipm.org/vim/en/1.6.html) (ISQ).
[INFO] [stdout] 12  | |     quantities: ISQ {
[INFO] [stdout] 13  | |         /// Length, one of the base quantities in the ISQ, denoted by the symbol L. The base unit
[INFO] [stdout] ...   |
[INFO] [stdout] 75  | |     }
[INFO] [stdout] 76  | | }
[INFO] [stdout]     | |_- in this macro invocation
[INFO] [stdout]     |
[INFO] [stdout]     = note: this error originates in a macro (in Nightly builds, run with -Z macro-backtrace for more info)
[INFO] [stdout] 
[INFO] [stdout] 
[INFO] [stdout] error[E0277]: the trait bound `<<D as si::Dimension>::T as std::ops::Neg>::Output: Integer` is not satisfied
[INFO] [stdout]    --> /opt/rustwide/cargo-home/registry/src/github.com-1ecc6299db9ec823/uom-0.23.1/src/system.rs:723:18
[INFO] [stdout]     |
[INFO] [stdout] 236 |           pub struct Quantity<D, U, V>
[INFO] [stdout]     |                      -------- required by a bound in this
[INFO] [stdout] 237 |           where
[INFO] [stdout] 238 |               D: Dimension + ?Sized,
[INFO] [stdout]     |                  --------- required by this bound in `si::Quantity`
[INFO] [stdout] ...
[INFO] [stdout] 723 |               ) -> Quantity<$quantities<$($crate::typenum::Negate<D::$symbol>),+>, U, V>
[INFO] [stdout]     |                    ^^^^^^^^^^^^^^^^^^^^^^^^^^^^^^^^^^^^^^^^^^^^^^^^^^^^^^^^^^^^^^^^^^^^^ the trait `Integer` is not implemented for `<<D as si::Dimension>::T as std::ops::Neg>::Output`
[INFO] [stdout]     | 
[INFO] [stdout]    ::: /opt/rustwide/cargo-home/registry/src/github.com-1ecc6299db9ec823/uom-0.23.1/src/si/mod.rs:10:1
[INFO] [stdout]     |
[INFO] [stdout] 10  | / system! {
[INFO] [stdout] 11  | |     /// [International System of Quantities](http://jcgm.bipm.org/vim/en/1.6.html) (ISQ).
[INFO] [stdout] 12  | |     quantities: ISQ {
[INFO] [stdout] 13  | |         /// Length, one of the base quantities in the ISQ, denoted by the symbol L. The base unit
[INFO] [stdout] ...   |
[INFO] [stdout] 75  | |     }
[INFO] [stdout] 76  | | }
[INFO] [stdout]     | |_- in this macro invocation
[INFO] [stdout]     |
[INFO] [stdout]     = note: this error originates in a macro (in Nightly builds, run with -Z macro-backtrace for more info)
[INFO] [stdout] 
[INFO] [stdout] 
[INFO] [stdout] error[E0277]: the trait bound `<<D as si::Dimension>::I as std::ops::Neg>::Output: Integer` is not satisfied
[INFO] [stdout]    --> /opt/rustwide/cargo-home/registry/src/github.com-1ecc6299db9ec823/uom-0.23.1/src/system.rs:723:18
[INFO] [stdout]     |
[INFO] [stdout] 236 |           pub struct Quantity<D, U, V>
[INFO] [stdout]     |                      -------- required by a bound in this
[INFO] [stdout] 237 |           where
[INFO] [stdout] 238 |               D: Dimension + ?Sized,
[INFO] [stdout]     |                  --------- required by this bound in `si::Quantity`
[INFO] [stdout] ...
[INFO] [stdout] 723 |               ) -> Quantity<$quantities<$($crate::typenum::Negate<D::$symbol>),+>, U, V>
[INFO] [stdout]     |                    ^^^^^^^^^^^^^^^^^^^^^^^^^^^^^^^^^^^^^^^^^^^^^^^^^^^^^^^^^^^^^^^^^^^^^ the trait `Integer` is not implemented for `<<D as si::Dimension>::I as std::ops::Neg>::Output`
[INFO] [stdout]     | 
[INFO] [stdout]    ::: /opt/rustwide/cargo-home/registry/src/github.com-1ecc6299db9ec823/uom-0.23.1/src/si/mod.rs:10:1
[INFO] [stdout]     |
[INFO] [stdout] 10  | / system! {
[INFO] [stdout] 11  | |     /// [International System of Quantities](http://jcgm.bipm.org/vim/en/1.6.html) (ISQ).
[INFO] [stdout] 12  | |     quantities: ISQ {
[INFO] [stdout] 13  | |         /// Length, one of the base quantities in the ISQ, denoted by the symbol L. The base unit
[INFO] [stdout] ...   |
[INFO] [stdout] 75  | |     }
[INFO] [stdout] 76  | | }
[INFO] [stdout]     | |_- in this macro invocation
[INFO] [stdout]     |
[INFO] [stdout]     = note: this error originates in a macro (in Nightly builds, run with -Z macro-backtrace for more info)
[INFO] [stdout] 
[INFO] [stdout] 
[INFO] [stdout] error[E0277]: the trait bound `<<D as si::Dimension>::Th as std::ops::Neg>::Output: Integer` is not satisfied
[INFO] [stdout]    --> /opt/rustwide/cargo-home/registry/src/github.com-1ecc6299db9ec823/uom-0.23.1/src/system.rs:723:18
[INFO] [stdout]     |
[INFO] [stdout] 236 |           pub struct Quantity<D, U, V>
[INFO] [stdout]     |                      -------- required by a bound in this
[INFO] [stdout] 237 |           where
[INFO] [stdout] 238 |               D: Dimension + ?Sized,
[INFO] [stdout]     |                  --------- required by this bound in `si::Quantity`
[INFO] [stdout] ...
[INFO] [stdout] 723 |               ) -> Quantity<$quantities<$($crate::typenum::Negate<D::$symbol>),+>, U, V>
[INFO] [stdout]     |                    ^^^^^^^^^^^^^^^^^^^^^^^^^^^^^^^^^^^^^^^^^^^^^^^^^^^^^^^^^^^^^^^^^^^^^ the trait `Integer` is not implemented for `<<D as si::Dimension>::Th as std::ops::Neg>::Output`
[INFO] [stdout]     | 
[INFO] [stdout]    ::: /opt/rustwide/cargo-home/registry/src/github.com-1ecc6299db9ec823/uom-0.23.1/src/si/mod.rs:10:1
[INFO] [stdout]     |
[INFO] [stdout] 10  | / system! {
[INFO] [stdout] 11  | |     /// [International System of Quantities](http://jcgm.bipm.org/vim/en/1.6.html) (ISQ).
[INFO] [stdout] 12  | |     quantities: ISQ {
[INFO] [stdout] 13  | |         /// Length, one of the base quantities in the ISQ, denoted by the symbol L. The base unit
[INFO] [stdout] ...   |
[INFO] [stdout] 75  | |     }
[INFO] [stdout] 76  | | }
[INFO] [stdout]     | |_- in this macro invocation
[INFO] [stdout]     |
[INFO] [stdout]     = note: this error originates in a macro (in Nightly builds, run with -Z macro-backtrace for more info)
[INFO] [stdout] 
[INFO] [stdout] 
[INFO] [stdout] error[E0277]: the trait bound `<<D as si::Dimension>::N as std::ops::Neg>::Output: Integer` is not satisfied
[INFO] [stdout]    --> /opt/rustwide/cargo-home/registry/src/github.com-1ecc6299db9ec823/uom-0.23.1/src/system.rs:723:18
[INFO] [stdout]     |
[INFO] [stdout] 236 |           pub struct Quantity<D, U, V>
[INFO] [stdout]     |                      -------- required by a bound in this
[INFO] [stdout] 237 |           where
[INFO] [stdout] 238 |               D: Dimension + ?Sized,
[INFO] [stdout]     |                  --------- required by this bound in `si::Quantity`
[INFO] [stdout] ...
[INFO] [stdout] 723 |               ) -> Quantity<$quantities<$($crate::typenum::Negate<D::$symbol>),+>, U, V>
[INFO] [stdout]     |                    ^^^^^^^^^^^^^^^^^^^^^^^^^^^^^^^^^^^^^^^^^^^^^^^^^^^^^^^^^^^^^^^^^^^^^ the trait `Integer` is not implemented for `<<D as si::Dimension>::N as std::ops::Neg>::Output`
[INFO] [stdout]     | 
[INFO] [stdout]    ::: /opt/rustwide/cargo-home/registry/src/github.com-1ecc6299db9ec823/uom-0.23.1/src/si/mod.rs:10:1
[INFO] [stdout]     |
[INFO] [stdout] 10  | / system! {
[INFO] [stdout] 11  | |     /// [International System of Quantities](http://jcgm.bipm.org/vim/en/1.6.html) (ISQ).
[INFO] [stdout] 12  | |     quantities: ISQ {
[INFO] [stdout] 13  | |         /// Length, one of the base quantities in the ISQ, denoted by the symbol L. The base unit
[INFO] [stdout] ...   |
[INFO] [stdout] 75  | |     }
[INFO] [stdout] 76  | | }
[INFO] [stdout]     | |_- in this macro invocation
[INFO] [stdout]     |
[INFO] [stdout]     = note: this error originates in a macro (in Nightly builds, run with -Z macro-backtrace for more info)
[INFO] [stdout] 
[INFO] [stdout] 
[INFO] [stdout] error[E0277]: the trait bound `<<D as si::Dimension>::J as std::ops::Neg>::Output: Integer` is not satisfied
[INFO] [stdout]    --> /opt/rustwide/cargo-home/registry/src/github.com-1ecc6299db9ec823/uom-0.23.1/src/system.rs:723:18
[INFO] [stdout]     |
[INFO] [stdout] 236 |           pub struct Quantity<D, U, V>
[INFO] [stdout]     |                      -------- required by a bound in this
[INFO] [stdout] 237 |           where
[INFO] [stdout] 238 |               D: Dimension + ?Sized,
[INFO] [stdout]     |                  --------- required by this bound in `si::Quantity`
[INFO] [stdout] ...
[INFO] [stdout] 723 |               ) -> Quantity<$quantities<$($crate::typenum::Negate<D::$symbol>),+>, U, V>
[INFO] [stdout]     |                    ^^^^^^^^^^^^^^^^^^^^^^^^^^^^^^^^^^^^^^^^^^^^^^^^^^^^^^^^^^^^^^^^^^^^^ the trait `Integer` is not implemented for `<<D as si::Dimension>::J as std::ops::Neg>::Output`
[INFO] [stdout]     | 
[INFO] [stdout]    ::: /opt/rustwide/cargo-home/registry/src/github.com-1ecc6299db9ec823/uom-0.23.1/src/si/mod.rs:10:1
[INFO] [stdout]     |
[INFO] [stdout] 10  | / system! {
[INFO] [stdout] 11  | |     /// [International System of Quantities](http://jcgm.bipm.org/vim/en/1.6.html) (ISQ).
[INFO] [stdout] 12  | |     quantities: ISQ {
[INFO] [stdout] 13  | |         /// Length, one of the base quantities in the ISQ, denoted by the symbol L. The base unit
[INFO] [stdout] ...   |
[INFO] [stdout] 75  | |     }
[INFO] [stdout] 76  | | }
[INFO] [stdout]     | |_- in this macro invocation
[INFO] [stdout]     |
[INFO] [stdout]     = note: this error originates in a macro (in Nightly builds, run with -Z macro-backtrace for more info)
[INFO] [stdout] 
[INFO] [stdout] 
[INFO] [stderr]    Compiling hyper v0.12.30
[INFO] [stdout] error[E0277]: the trait bound `<<D as si::Dimension>::L as std::ops::Mul<E>>::Output: Integer` is not satisfied
[INFO] [stdout]    --> /opt/rustwide/cargo-home/registry/src/github.com-1ecc6299db9ec823/uom-0.23.1/src/system.rs:747:18
[INFO] [stdout]     |
[INFO] [stdout] 236 |           pub struct Quantity<D, U, V>
[INFO] [stdout]     |                      -------- required by a bound in this
[INFO] [stdout] 237 |           where
[INFO] [stdout] 238 |               D: Dimension + ?Sized,
[INFO] [stdout]     |                  --------- required by this bound in `si::Quantity`
[INFO] [stdout] ...
[INFO] [stdout] 747 |               ) -> Quantity<$quantities<$($crate::typenum::Prod<D::$symbol, E>),+>, U, V>
[INFO] [stdout]     |                    ^^^^^^^^^^^^^^^^^^^^^^^^^^^^^^^^^^^^^^^^^^^^^^^^^^^^^^^^^^^^^^^^^^^^^^ the trait `Integer` is not implemented for `<<D as si::Dimension>::L as std::ops::Mul<E>>::Output`
[INFO] [stdout]     | 
[INFO] [stdout]    ::: /opt/rustwide/cargo-home/registry/src/github.com-1ecc6299db9ec823/uom-0.23.1/src/si/mod.rs:10:1
[INFO] [stdout]     |
[INFO] [stdout] 10  | / system! {
[INFO] [stdout] 11  | |     /// [International System of Quantities](http://jcgm.bipm.org/vim/en/1.6.html) (ISQ).
[INFO] [stdout] 12  | |     quantities: ISQ {
[INFO] [stdout] 13  | |         /// Length, one of the base quantities in the ISQ, denoted by the symbol L. The base unit
[INFO] [stdout] ...   |
[INFO] [stdout] 75  | |     }
[INFO] [stdout] 76  | | }
[INFO] [stdout]     | |_- in this macro invocation
[INFO] [stdout]     |
[INFO] [stdout]     = note: this error originates in a macro (in Nightly builds, run with -Z macro-backtrace for more info)
[INFO] [stdout] 
[INFO] [stdout] 
[INFO] [stderr]    Compiling brotli2 v0.3.2
[INFO] [stdout] error[E0277]: the trait bound `<<D as si::Dimension>::M as std::ops::Mul<E>>::Output: Integer` is not satisfied
[INFO] [stdout]    --> /opt/rustwide/cargo-home/registry/src/github.com-1ecc6299db9ec823/uom-0.23.1/src/system.rs:747:18
[INFO] [stdout]     |
[INFO] [stdout] 236 |           pub struct Quantity<D, U, V>
[INFO] [stdout]     |                      -------- required by a bound in this
[INFO] [stdout] 237 |           where
[INFO] [stdout] 238 |               D: Dimension + ?Sized,
[INFO] [stdout]     |                  --------- required by this bound in `si::Quantity`
[INFO] [stdout] ...
[INFO] [stdout] 747 |               ) -> Quantity<$quantities<$($crate::typenum::Prod<D::$symbol, E>),+>, U, V>
[INFO] [stdout]     |                    ^^^^^^^^^^^^^^^^^^^^^^^^^^^^^^^^^^^^^^^^^^^^^^^^^^^^^^^^^^^^^^^^^^^^^^ the trait `Integer` is not implemented for `<<D as si::Dimension>::M as std::ops::Mul<E>>::Output`
[INFO] [stdout]     | 
[INFO] [stdout]    ::: /opt/rustwide/cargo-home/registry/src/github.com-1ecc6299db9ec823/uom-0.23.1/src/si/mod.rs:10:1
[INFO] [stdout]     |
[INFO] [stdout] 10  | / system! {
[INFO] [stdout] 11  | |     /// [International System of Quantities](http://jcgm.bipm.org/vim/en/1.6.html) (ISQ).
[INFO] [stdout] 12  | |     quantities: ISQ {
[INFO] [stdout] 13  | |         /// Length, one of the base quantities in the ISQ, denoted by the symbol L. The base unit
[INFO] [stdout] ...   |
[INFO] [stdout] 75  | |     }
[INFO] [stdout] 76  | | }
[INFO] [stdout]     | |_- in this macro invocation
[INFO] [stdout]     |
[INFO] [stdout]     = note: this error originates in a macro (in Nightly builds, run with -Z macro-backtrace for more info)
[INFO] [stdout] 
[INFO] [stdout] 
[INFO] [stdout] error[E0277]: the trait bound `<<D as si::Dimension>::T as std::ops::Mul<E>>::Output: Integer` is not satisfied
[INFO] [stdout]    --> /opt/rustwide/cargo-home/registry/src/github.com-1ecc6299db9ec823/uom-0.23.1/src/system.rs:747:18
[INFO] [stdout]     |
[INFO] [stdout] 236 |           pub struct Quantity<D, U, V>
[INFO] [stdout]     |                      -------- required by a bound in this
[INFO] [stdout] 237 |           where
[INFO] [stdout] 238 |               D: Dimension + ?Sized,
[INFO] [stdout]     |                  --------- required by this bound in `si::Quantity`
[INFO] [stdout] ...
[INFO] [stdout] 747 |               ) -> Quantity<$quantities<$($crate::typenum::Prod<D::$symbol, E>),+>, U, V>
[INFO] [stdout]     |                    ^^^^^^^^^^^^^^^^^^^^^^^^^^^^^^^^^^^^^^^^^^^^^^^^^^^^^^^^^^^^^^^^^^^^^^ the trait `Integer` is not implemented for `<<D as si::Dimension>::T as std::ops::Mul<E>>::Output`
[INFO] [stdout]     | 
[INFO] [stdout]    ::: /opt/rustwide/cargo-home/registry/src/github.com-1ecc6299db9ec823/uom-0.23.1/src/si/mod.rs:10:1
[INFO] [stdout]     |
[INFO] [stdout] 10  | / system! {
[INFO] [stdout] 11  | |     /// [International System of Quantities](http://jcgm.bipm.org/vim/en/1.6.html) (ISQ).
[INFO] [stdout] 12  | |     quantities: ISQ {
[INFO] [stdout] 13  | |         /// Length, one of the base quantities in the ISQ, denoted by the symbol L. The base unit
[INFO] [stdout] ...   |
[INFO] [stdout] 75  | |     }
[INFO] [stdout] 76  | | }
[INFO] [stdout]     | |_- in this macro invocation
[INFO] [stdout]     |
[INFO] [stdout]     = note: this error originates in a macro (in Nightly builds, run with -Z macro-backtrace for more info)
[INFO] [stdout] 
[INFO] [stdout] 
[INFO] [stdout] error[E0277]: the trait bound `<<D as si::Dimension>::I as std::ops::Mul<E>>::Output: Integer` is not satisfied
[INFO] [stdout]    --> /opt/rustwide/cargo-home/registry/src/github.com-1ecc6299db9ec823/uom-0.23.1/src/system.rs:747:18
[INFO] [stdout]     |
[INFO] [stdout] 236 |           pub struct Quantity<D, U, V>
[INFO] [stdout]     |                      -------- required by a bound in this
[INFO] [stdout] 237 |           where
[INFO] [stdout] 238 |               D: Dimension + ?Sized,
[INFO] [stdout]     |                  --------- required by this bound in `si::Quantity`
[INFO] [stdout] ...
[INFO] [stdout] 747 |               ) -> Quantity<$quantities<$($crate::typenum::Prod<D::$symbol, E>),+>, U, V>
[INFO] [stdout]     |                    ^^^^^^^^^^^^^^^^^^^^^^^^^^^^^^^^^^^^^^^^^^^^^^^^^^^^^^^^^^^^^^^^^^^^^^ the trait `Integer` is not implemented for `<<D as si::Dimension>::I as std::ops::Mul<E>>::Output`
[INFO] [stdout]     | 
[INFO] [stdout]    ::: /opt/rustwide/cargo-home/registry/src/github.com-1ecc6299db9ec823/uom-0.23.1/src/si/mod.rs:10:1
[INFO] [stdout]     |
[INFO] [stdout] 10  | / system! {
[INFO] [stdout] 11  | |     /// [International System of Quantities](http://jcgm.bipm.org/vim/en/1.6.html) (ISQ).
[INFO] [stdout] 12  | |     quantities: ISQ {
[INFO] [stdout] 13  | |         /// Length, one of the base quantities in the ISQ, denoted by the symbol L. The base unit
[INFO] [stdout] ...   |
[INFO] [stdout] 75  | |     }
[INFO] [stdout] 76  | | }
[INFO] [stdout]     | |_- in this macro invocation
[INFO] [stdout]     |
[INFO] [stdout]     = note: this error originates in a macro (in Nightly builds, run with -Z macro-backtrace for more info)
[INFO] [stdout] 
[INFO] [stdout] 
[INFO] [stdout] error[E0277]: the trait bound `<<D as si::Dimension>::Th as std::ops::Mul<E>>::Output: Integer` is not satisfied
[INFO] [stdout]    --> /opt/rustwide/cargo-home/registry/src/github.com-1ecc6299db9ec823/uom-0.23.1/src/system.rs:747:18
[INFO] [stdout]     |
[INFO] [stdout] 236 |           pub struct Quantity<D, U, V>
[INFO] [stdout]     |                      -------- required by a bound in this
[INFO] [stdout] 237 |           where
[INFO] [stdout] 238 |               D: Dimension + ?Sized,
[INFO] [stdout]     |                  --------- required by this bound in `si::Quantity`
[INFO] [stdout] ...
[INFO] [stdout] 747 |               ) -> Quantity<$quantities<$($crate::typenum::Prod<D::$symbol, E>),+>, U, V>
[INFO] [stdout]     |                    ^^^^^^^^^^^^^^^^^^^^^^^^^^^^^^^^^^^^^^^^^^^^^^^^^^^^^^^^^^^^^^^^^^^^^^ the trait `Integer` is not implemented for `<<D as si::Dimension>::Th as std::ops::Mul<E>>::Output`
[INFO] [stdout]     | 
[INFO] [stdout]    ::: /opt/rustwide/cargo-home/registry/src/github.com-1ecc6299db9ec823/uom-0.23.1/src/si/mod.rs:10:1
[INFO] [stdout]     |
[INFO] [stdout] 10  | / system! {
[INFO] [stdout] 11  | |     /// [International System of Quantities](http://jcgm.bipm.org/vim/en/1.6.html) (ISQ).
[INFO] [stdout] 12  | |     quantities: ISQ {
[INFO] [stdout] 13  | |         /// Length, one of the base quantities in the ISQ, denoted by the symbol L. The base unit
[INFO] [stdout] ...   |
[INFO] [stdout] 75  | |     }
[INFO] [stdout] 76  | | }
[INFO] [stdout]     | |_- in this macro invocation
[INFO] [stdout]     |
[INFO] [stdout]     = note: this error originates in a macro (in Nightly builds, run with -Z macro-backtrace for more info)
[INFO] [stdout] 
[INFO] [stdout] 
[INFO] [stdout] error[E0277]: the trait bound `<<D as si::Dimension>::N as std::ops::Mul<E>>::Output: Integer` is not satisfied
[INFO] [stdout]    --> /opt/rustwide/cargo-home/registry/src/github.com-1ecc6299db9ec823/uom-0.23.1/src/system.rs:747:18
[INFO] [stdout]     |
[INFO] [stdout] 236 |           pub struct Quantity<D, U, V>
[INFO] [stdout]     |                      -------- required by a bound in this
[INFO] [stdout] 237 |           where
[INFO] [stdout] 238 |               D: Dimension + ?Sized,
[INFO] [stdout]     |                  --------- required by this bound in `si::Quantity`
[INFO] [stdout] ...
[INFO] [stdout] 747 |               ) -> Quantity<$quantities<$($crate::typenum::Prod<D::$symbol, E>),+>, U, V>
[INFO] [stdout]     |                    ^^^^^^^^^^^^^^^^^^^^^^^^^^^^^^^^^^^^^^^^^^^^^^^^^^^^^^^^^^^^^^^^^^^^^^ the trait `Integer` is not implemented for `<<D as si::Dimension>::N as std::ops::Mul<E>>::Output`
[INFO] [stdout]     | 
[INFO] [stdout]    ::: /opt/rustwide/cargo-home/registry/src/github.com-1ecc6299db9ec823/uom-0.23.1/src/si/mod.rs:10:1
[INFO] [stdout]     |
[INFO] [stdout] 10  | / system! {
[INFO] [stdout] 11  | |     /// [International System of Quantities](http://jcgm.bipm.org/vim/en/1.6.html) (ISQ).
[INFO] [stdout] 12  | |     quantities: ISQ {
[INFO] [stdout] 13  | |         /// Length, one of the base quantities in the ISQ, denoted by the symbol L. The base unit
[INFO] [stdout] ...   |
[INFO] [stdout] 75  | |     }
[INFO] [stdout] 76  | | }
[INFO] [stdout]     | |_- in this macro invocation
[INFO] [stdout]     |
[INFO] [stdout]     = note: this error originates in a macro (in Nightly builds, run with -Z macro-backtrace for more info)
[INFO] [stdout] 
[INFO] [stdout] 
[INFO] [stdout] error[E0277]: the trait bound `<<D as si::Dimension>::J as std::ops::Mul<E>>::Output: Integer` is not satisfied
[INFO] [stdout]    --> /opt/rustwide/cargo-home/registry/src/github.com-1ecc6299db9ec823/uom-0.23.1/src/system.rs:747:18
[INFO] [stdout]     |
[INFO] [stdout] 236 |           pub struct Quantity<D, U, V>
[INFO] [stdout]     |                      -------- required by a bound in this
[INFO] [stdout] 237 |           where
[INFO] [stdout] 238 |               D: Dimension + ?Sized,
[INFO] [stdout]     |                  --------- required by this bound in `si::Quantity`
[INFO] [stdout] ...
[INFO] [stdout] 747 |               ) -> Quantity<$quantities<$($crate::typenum::Prod<D::$symbol, E>),+>, U, V>
[INFO] [stdout]     |                    ^^^^^^^^^^^^^^^^^^^^^^^^^^^^^^^^^^^^^^^^^^^^^^^^^^^^^^^^^^^^^^^^^^^^^^ the trait `Integer` is not implemented for `<<D as si::Dimension>::J as std::ops::Mul<E>>::Output`
[INFO] [stdout]     | 
[INFO] [stdout]    ::: /opt/rustwide/cargo-home/registry/src/github.com-1ecc6299db9ec823/uom-0.23.1/src/si/mod.rs:10:1
[INFO] [stdout]     |
[INFO] [stdout] 10  | / system! {
[INFO] [stdout] 11  | |     /// [International System of Quantities](http://jcgm.bipm.org/vim/en/1.6.html) (ISQ).
[INFO] [stdout] 12  | |     quantities: ISQ {
[INFO] [stdout] 13  | |         /// Length, one of the base quantities in the ISQ, denoted by the symbol L. The base unit
[INFO] [stdout] ...   |
[INFO] [stdout] 75  | |     }
[INFO] [stdout] 76  | | }
[INFO] [stdout]     | |_- in this macro invocation
[INFO] [stdout]     |
[INFO] [stdout]     = note: this error originates in a macro (in Nightly builds, run with -Z macro-backtrace for more info)
[INFO] [stdout] 
[INFO] [stdout] 
[INFO] [stdout] error[E0277]: the trait bound `<<Dl as si::Dimension>::L as std::ops::Add<<Dr as si::Dimension>::L>>::Output: Integer` is not satisfied
[INFO] [stdout]    --> /opt/rustwide/cargo-home/registry/src/github.com-1ecc6299db9ec823/uom-0.23.1/src/system.rs:424:21
[INFO] [stdout]     |
[INFO] [stdout] 236 |           pub struct Quantity<D, U, V>
[INFO] [stdout]     |                      -------- required by a bound in this
[INFO] [stdout] 237 |           where
[INFO] [stdout] 238 |               D: Dimension + ?Sized,
[INFO] [stdout]     |                  --------- required by this bound in `si::Quantity`
[INFO] [stdout] ...
[INFO] [stdout] 424 | /                     type Output = Quantity<
[INFO] [stdout] 425 | |                         $quantities<$($crate::typenum::$AddSubAlias<Dl::$symbol, Dr::$symbol>,)+>,
[INFO] [stdout] 426 | |                         Ul, V>;
[INFO] [stdout]     | |_______________________________^ the trait `Integer` is not implemented for `<<Dl as si::Dimension>::L as std::ops::Add<<Dr as si::Dimension>::L>>::Output`
[INFO] [stdout]     | 
[INFO] [stdout]    ::: /opt/rustwide/cargo-home/registry/src/github.com-1ecc6299db9ec823/uom-0.23.1/src/si/mod.rs:10:1
[INFO] [stdout]     |
[INFO] [stdout] 10  | / system! {
[INFO] [stdout] 11  | |     /// [International System of Quantities](http://jcgm.bipm.org/vim/en/1.6.html) (ISQ).
[INFO] [stdout] 12  | |     quantities: ISQ {
[INFO] [stdout] 13  | |         /// Length, one of the base quantities in the ISQ, denoted by the symbol L. The base unit
[INFO] [stdout] ...   |
[INFO] [stdout] 75  | |     }
[INFO] [stdout] 76  | | }
[INFO] [stdout]     | |_- in this macro invocation
[INFO] [stdout]     |
[INFO] [stdout]     = note: this error originates in a macro (in Nightly builds, run with -Z macro-backtrace for more info)
[INFO] [stdout] 
[INFO] [stdout] 
[INFO] [stdout] error[E0277]: the trait bound `<<Dl as si::Dimension>::M as std::ops::Add<<Dr as si::Dimension>::M>>::Output: Integer` is not satisfied
[INFO] [stdout]    --> /opt/rustwide/cargo-home/registry/src/github.com-1ecc6299db9ec823/uom-0.23.1/src/system.rs:424:21
[INFO] [stdout]     |
[INFO] [stdout] 236 |           pub struct Quantity<D, U, V>
[INFO] [stdout]     |                      -------- required by a bound in this
[INFO] [stdout] 237 |           where
[INFO] [stdout] 238 |               D: Dimension + ?Sized,
[INFO] [stdout]     |                  --------- required by this bound in `si::Quantity`
[INFO] [stdout] ...
[INFO] [stdout] 424 | /                     type Output = Quantity<
[INFO] [stdout] 425 | |                         $quantities<$($crate::typenum::$AddSubAlias<Dl::$symbol, Dr::$symbol>,)+>,
[INFO] [stdout] 426 | |                         Ul, V>;
[INFO] [stdout]     | |_______________________________^ the trait `Integer` is not implemented for `<<Dl as si::Dimension>::M as std::ops::Add<<Dr as si::Dimension>::M>>::Output`
[INFO] [stdout]     | 
[INFO] [stdout]    ::: /opt/rustwide/cargo-home/registry/src/github.com-1ecc6299db9ec823/uom-0.23.1/src/si/mod.rs:10:1
[INFO] [stdout]     |
[INFO] [stdout] 10  | / system! {
[INFO] [stdout] 11  | |     /// [International System of Quantities](http://jcgm.bipm.org/vim/en/1.6.html) (ISQ).
[INFO] [stdout] 12  | |     quantities: ISQ {
[INFO] [stdout] 13  | |         /// Length, one of the base quantities in the ISQ, denoted by the symbol L. The base unit
[INFO] [stdout] ...   |
[INFO] [stdout] 75  | |     }
[INFO] [stdout] 76  | | }
[INFO] [stdout]     | |_- in this macro invocation
[INFO] [stdout]     |
[INFO] [stdout]     = note: this error originates in a macro (in Nightly builds, run with -Z macro-backtrace for more info)
[INFO] [stdout] 
[INFO] [stdout] 
[INFO] [stdout] error[E0277]: the trait bound `<<Dl as si::Dimension>::T as std::ops::Add<<Dr as si::Dimension>::T>>::Output: Integer` is not satisfied
[INFO] [stdout]    --> /opt/rustwide/cargo-home/registry/src/github.com-1ecc6299db9ec823/uom-0.23.1/src/system.rs:424:21
[INFO] [stdout]     |
[INFO] [stdout] 236 |           pub struct Quantity<D, U, V>
[INFO] [stdout]     |                      -------- required by a bound in this
[INFO] [stdout] 237 |           where
[INFO] [stdout] 238 |               D: Dimension + ?Sized,
[INFO] [stdout]     |                  --------- required by this bound in `si::Quantity`
[INFO] [stdout] ...
[INFO] [stdout] 424 | /                     type Output = Quantity<
[INFO] [stdout] 425 | |                         $quantities<$($crate::typenum::$AddSubAlias<Dl::$symbol, Dr::$symbol>,)+>,
[INFO] [stdout] 426 | |                         Ul, V>;
[INFO] [stdout]     | |_______________________________^ the trait `Integer` is not implemented for `<<Dl as si::Dimension>::T as std::ops::Add<<Dr as si::Dimension>::T>>::Output`
[INFO] [stdout]     | 
[INFO] [stdout]    ::: /opt/rustwide/cargo-home/registry/src/github.com-1ecc6299db9ec823/uom-0.23.1/src/si/mod.rs:10:1
[INFO] [stdout]     |
[INFO] [stdout] 10  | / system! {
[INFO] [stdout] 11  | |     /// [International System of Quantities](http://jcgm.bipm.org/vim/en/1.6.html) (ISQ).
[INFO] [stdout] 12  | |     quantities: ISQ {
[INFO] [stdout] 13  | |         /// Length, one of the base quantities in the ISQ, denoted by the symbol L. The base unit
[INFO] [stdout] ...   |
[INFO] [stdout] 75  | |     }
[INFO] [stdout] 76  | | }
[INFO] [stdout]     | |_- in this macro invocation
[INFO] [stdout]     |
[INFO] [stdout]     = note: this error originates in a macro (in Nightly builds, run with -Z macro-backtrace for more info)
[INFO] [stdout] 
[INFO] [stdout] 
[INFO] [stdout] error[E0277]: the trait bound `<<Dl as si::Dimension>::I as std::ops::Add<<Dr as si::Dimension>::I>>::Output: Integer` is not satisfied
[INFO] [stdout]    --> /opt/rustwide/cargo-home/registry/src/github.com-1ecc6299db9ec823/uom-0.23.1/src/system.rs:424:21
[INFO] [stdout]     |
[INFO] [stdout] 236 |           pub struct Quantity<D, U, V>
[INFO] [stdout]     |                      -------- required by a bound in this
[INFO] [stdout] 237 |           where
[INFO] [stdout] 238 |               D: Dimension + ?Sized,
[INFO] [stdout]     |                  --------- required by this bound in `si::Quantity`
[INFO] [stdout] ...
[INFO] [stdout] 424 | /                     type Output = Quantity<
[INFO] [stdout] 425 | |                         $quantities<$($crate::typenum::$AddSubAlias<Dl::$symbol, Dr::$symbol>,)+>,
[INFO] [stdout] 426 | |                         Ul, V>;
[INFO] [stdout]     | |_______________________________^ the trait `Integer` is not implemented for `<<Dl as si::Dimension>::I as std::ops::Add<<Dr as si::Dimension>::I>>::Output`
[INFO] [stdout]     | 
[INFO] [stdout]    ::: /opt/rustwide/cargo-home/registry/src/github.com-1ecc6299db9ec823/uom-0.23.1/src/si/mod.rs:10:1
[INFO] [stdout]     |
[INFO] [stdout] 10  | / system! {
[INFO] [stdout] 11  | |     /// [International System of Quantities](http://jcgm.bipm.org/vim/en/1.6.html) (ISQ).
[INFO] [stdout] 12  | |     quantities: ISQ {
[INFO] [stdout] 13  | |         /// Length, one of the base quantities in the ISQ, denoted by the symbol L. The base unit
[INFO] [stdout] ...   |
[INFO] [stdout] 75  | |     }
[INFO] [stdout] 76  | | }
[INFO] [stdout]     | |_- in this macro invocation
[INFO] [stdout]     |
[INFO] [stdout]     = note: this error originates in a macro (in Nightly builds, run with -Z macro-backtrace for more info)
[INFO] [stdout] 
[INFO] [stdout] 
[INFO] [stdout] error[E0277]: the trait bound `<<Dl as si::Dimension>::Th as std::ops::Add<<Dr as si::Dimension>::Th>>::Output: Integer` is not satisfied
[INFO] [stdout]    --> /opt/rustwide/cargo-home/registry/src/github.com-1ecc6299db9ec823/uom-0.23.1/src/system.rs:424:21
[INFO] [stdout]     |
[INFO] [stdout] 236 |           pub struct Quantity<D, U, V>
[INFO] [stdout]     |                      -------- required by a bound in this
[INFO] [stdout] 237 |           where
[INFO] [stdout] 238 |               D: Dimension + ?Sized,
[INFO] [stdout]     |                  --------- required by this bound in `si::Quantity`
[INFO] [stdout] ...
[INFO] [stdout] 424 | /                     type Output = Quantity<
[INFO] [stdout] 425 | |                         $quantities<$($crate::typenum::$AddSubAlias<Dl::$symbol, Dr::$symbol>,)+>,
[INFO] [stdout] 426 | |                         Ul, V>;
[INFO] [stdout]     | |_______________________________^ the trait `Integer` is not implemented for `<<Dl as si::Dimension>::Th as std::ops::Add<<Dr as si::Dimension>::Th>>::Output`
[INFO] [stdout]     | 
[INFO] [stdout]    ::: /opt/rustwide/cargo-home/registry/src/github.com-1ecc6299db9ec823/uom-0.23.1/src/si/mod.rs:10:1
[INFO] [stdout]     |
[INFO] [stdout] 10  | / system! {
[INFO] [stdout] 11  | |     /// [International System of Quantities](http://jcgm.bipm.org/vim/en/1.6.html) (ISQ).
[INFO] [stdout] 12  | |     quantities: ISQ {
[INFO] [stdout] 13  | |         /// Length, one of the base quantities in the ISQ, denoted by the symbol L. The base unit
[INFO] [stdout] ...   |
[INFO] [stdout] 75  | |     }
[INFO] [stdout] 76  | | }
[INFO] [stdout]     | |_- in this macro invocation
[INFO] [stdout]     |
[INFO] [stdout]     = note: this error originates in a macro (in Nightly builds, run with -Z macro-backtrace for more info)
[INFO] [stdout] 
[INFO] [stdout] 
[INFO] [stdout] error[E0277]: the trait bound `<<Dl as si::Dimension>::N as std::ops::Add<<Dr as si::Dimension>::N>>::Output: Integer` is not satisfied
[INFO] [stdout]    --> /opt/rustwide/cargo-home/registry/src/github.com-1ecc6299db9ec823/uom-0.23.1/src/system.rs:424:21
[INFO] [stdout]     |
[INFO] [stdout] 236 |           pub struct Quantity<D, U, V>
[INFO] [stdout]     |                      -------- required by a bound in this
[INFO] [stdout] 237 |           where
[INFO] [stdout] 238 |               D: Dimension + ?Sized,
[INFO] [stdout]     |                  --------- required by this bound in `si::Quantity`
[INFO] [stdout] ...
[INFO] [stdout] 424 | /                     type Output = Quantity<
[INFO] [stdout] 425 | |                         $quantities<$($crate::typenum::$AddSubAlias<Dl::$symbol, Dr::$symbol>,)+>,
[INFO] [stdout] 426 | |                         Ul, V>;
[INFO] [stdout]     | |_______________________________^ the trait `Integer` is not implemented for `<<Dl as si::Dimension>::N as std::ops::Add<<Dr as si::Dimension>::N>>::Output`
[INFO] [stdout]     | 
[INFO] [stdout]    ::: /opt/rustwide/cargo-home/registry/src/github.com-1ecc6299db9ec823/uom-0.23.1/src/si/mod.rs:10:1
[INFO] [stdout]     |
[INFO] [stdout] 10  | / system! {
[INFO] [stdout] 11  | |     /// [International System of Quantities](http://jcgm.bipm.org/vim/en/1.6.html) (ISQ).
[INFO] [stdout] 12  | |     quantities: ISQ {
[INFO] [stdout] 13  | |         /// Length, one of the base quantities in the ISQ, denoted by the symbol L. The base unit
[INFO] [stdout] ...   |
[INFO] [stdout] 75  | |     }
[INFO] [stdout] 76  | | }
[INFO] [stdout]     | |_- in this macro invocation
[INFO] [stdout]     |
[INFO] [stdout]     = note: this error originates in a macro (in Nightly builds, run with -Z macro-backtrace for more info)
[INFO] [stdout] 
[INFO] [stdout] 
[INFO] [stdout] error[E0277]: the trait bound `<<Dl as si::Dimension>::J as std::ops::Add<<Dr as si::Dimension>::J>>::Output: Integer` is not satisfied
[INFO] [stdout]    --> /opt/rustwide/cargo-home/registry/src/github.com-1ecc6299db9ec823/uom-0.23.1/src/system.rs:424:21
[INFO] [stdout]     |
[INFO] [stdout] 236 |           pub struct Quantity<D, U, V>
[INFO] [stdout]     |                      -------- required by a bound in this
[INFO] [stdout] 237 |           where
[INFO] [stdout] 238 |               D: Dimension + ?Sized,
[INFO] [stdout]     |                  --------- required by this bound in `si::Quantity`
[INFO] [stdout] ...
[INFO] [stdout] 424 | /                     type Output = Quantity<
[INFO] [stdout] 425 | |                         $quantities<$($crate::typenum::$AddSubAlias<Dl::$symbol, Dr::$symbol>,)+>,
[INFO] [stdout] 426 | |                         Ul, V>;
[INFO] [stdout]     | |_______________________________^ the trait `Integer` is not implemented for `<<Dl as si::Dimension>::J as std::ops::Add<<Dr as si::Dimension>::J>>::Output`
[INFO] [stdout]     | 
[INFO] [stdout]    ::: /opt/rustwide/cargo-home/registry/src/github.com-1ecc6299db9ec823/uom-0.23.1/src/si/mod.rs:10:1
[INFO] [stdout]     |
[INFO] [stdout] 10  | / system! {
[INFO] [stdout] 11  | |     /// [International System of Quantities](http://jcgm.bipm.org/vim/en/1.6.html) (ISQ).
[INFO] [stdout] 12  | |     quantities: ISQ {
[INFO] [stdout] 13  | |         /// Length, one of the base quantities in the ISQ, denoted by the symbol L. The base unit
[INFO] [stdout] ...   |
[INFO] [stdout] 75  | |     }
[INFO] [stdout] 76  | | }
[INFO] [stdout]     | |_- in this macro invocation
[INFO] [stdout]     |
[INFO] [stdout]     = note: this error originates in a macro (in Nightly builds, run with -Z macro-backtrace for more info)
[INFO] [stdout] 
[INFO] [stdout] 
[INFO] [stdout] error[E0277]: the trait bound `<<Dl as si::Dimension>::L as std::ops::Add<<Dr as si::Dimension>::L>>::Output: Integer` is not satisfied
[INFO] [stdout]    --> /opt/rustwide/cargo-home/registry/src/github.com-1ecc6299db9ec823/uom-0.23.1/src/system.rs:429:71
[INFO] [stdout]     |
[INFO] [stdout] 236 |           pub struct Quantity<D, U, V>
[INFO] [stdout]     |                      -------- required by a bound in this
[INFO] [stdout] 237 |           where
[INFO] [stdout] 238 |               D: Dimension + ?Sized,
[INFO] [stdout]     |                  --------- required by this bound in `si::Quantity`
[INFO] [stdout] ...
[INFO] [stdout] 429 |                       fn $muldiv_fun(self, rhs: Quantity<Dr, Ur, V>) -> Self::Output {
[INFO] [stdout]     |                                                                         ^^^^^^^^^^^^ the trait `Integer` is not implemented for `<<Dl as si::Dimension>::L as std::ops::Add<<Dr as si::Dimension>::L>>::Output`
[INFO] [stdout]     | 
[INFO] [stdout]    ::: /opt/rustwide/cargo-home/registry/src/github.com-1ecc6299db9ec823/uom-0.23.1/src/si/mod.rs:10:1
[INFO] [stdout]     |
[INFO] [stdout] 10  | / system! {
[INFO] [stdout] 11  | |     /// [International System of Quantities](http://jcgm.bipm.org/vim/en/1.6.html) (ISQ).
[INFO] [stdout] 12  | |     quantities: ISQ {
[INFO] [stdout] 13  | |         /// Length, one of the base quantities in the ISQ, denoted by the symbol L. The base unit
[INFO] [stdout] ...   |
[INFO] [stdout] 75  | |     }
[INFO] [stdout] 76  | | }
[INFO] [stdout]     | |_- in this macro invocation
[INFO] [stdout]     |
[INFO] [stdout]     = note: this error originates in a macro (in Nightly builds, run with -Z macro-backtrace for more info)
[INFO] [stdout] 
[INFO] [stdout] 
[INFO] [stdout] error[E0277]: the trait bound `<<Dl as si::Dimension>::M as std::ops::Add<<Dr as si::Dimension>::M>>::Output: Integer` is not satisfied
[INFO] [stdout]    --> /opt/rustwide/cargo-home/registry/src/github.com-1ecc6299db9ec823/uom-0.23.1/src/system.rs:429:71
[INFO] [stdout]     |
[INFO] [stdout] 236 |           pub struct Quantity<D, U, V>
[INFO] [stdout]     |                      -------- required by a bound in this
[INFO] [stdout] 237 |           where
[INFO] [stdout] 238 |               D: Dimension + ?Sized,
[INFO] [stdout]     |                  --------- required by this bound in `si::Quantity`
[INFO] [stdout] ...
[INFO] [stdout] 429 |                       fn $muldiv_fun(self, rhs: Quantity<Dr, Ur, V>) -> Self::Output {
[INFO] [stdout]     |                                                                         ^^^^^^^^^^^^ the trait `Integer` is not implemented for `<<Dl as si::Dimension>::M as std::ops::Add<<Dr as si::Dimension>::M>>::Output`
[INFO] [stdout]     | 
[INFO] [stdout]    ::: /opt/rustwide/cargo-home/registry/src/github.com-1ecc6299db9ec823/uom-0.23.1/src/si/mod.rs:10:1
[INFO] [stdout]     |
[INFO] [stdout] 10  | / system! {
[INFO] [stdout] 11  | |     /// [International System of Quantities](http://jcgm.bipm.org/vim/en/1.6.html) (ISQ).
[INFO] [stdout] 12  | |     quantities: ISQ {
[INFO] [stdout] 13  | |         /// Length, one of the base quantities in the ISQ, denoted by the symbol L. The base unit
[INFO] [stdout] ...   |
[INFO] [stdout] 75  | |     }
[INFO] [stdout] 76  | | }
[INFO] [stdout]     | |_- in this macro invocation
[INFO] [stdout]     |
[INFO] [stdout]     = note: this error originates in a macro (in Nightly builds, run with -Z macro-backtrace for more info)
[INFO] [stdout] 
[INFO] [stdout] 
[INFO] [stdout] error[E0277]: the trait bound `<<Dl as si::Dimension>::T as std::ops::Add<<Dr as si::Dimension>::T>>::Output: Integer` is not satisfied
[INFO] [stdout]    --> /opt/rustwide/cargo-home/registry/src/github.com-1ecc6299db9ec823/uom-0.23.1/src/system.rs:429:71
[INFO] [stdout]     |
[INFO] [stdout] 236 |           pub struct Quantity<D, U, V>
[INFO] [stdout]     |                      -------- required by a bound in this
[INFO] [stdout] 237 |           where
[INFO] [stdout] 238 |               D: Dimension + ?Sized,
[INFO] [stdout]     |                  --------- required by this bound in `si::Quantity`
[INFO] [stdout] ...
[INFO] [stdout] 429 |                       fn $muldiv_fun(self, rhs: Quantity<Dr, Ur, V>) -> Self::Output {
[INFO] [stdout]     |                                                                         ^^^^^^^^^^^^ the trait `Integer` is not implemented for `<<Dl as si::Dimension>::T as std::ops::Add<<Dr as si::Dimension>::T>>::Output`
[INFO] [stdout]     | 
[INFO] [stdout]    ::: /opt/rustwide/cargo-home/registry/src/github.com-1ecc6299db9ec823/uom-0.23.1/src/si/mod.rs:10:1
[INFO] [stdout]     |
[INFO] [stdout] 10  | / system! {
[INFO] [stdout] 11  | |     /// [International System of Quantities](http://jcgm.bipm.org/vim/en/1.6.html) (ISQ).
[INFO] [stdout] 12  | |     quantities: ISQ {
[INFO] [stdout] 13  | |         /// Length, one of the base quantities in the ISQ, denoted by the symbol L. The base unit
[INFO] [stdout] ...   |
[INFO] [stdout] 75  | |     }
[INFO] [stdout] 76  | | }
[INFO] [stdout]     | |_- in this macro invocation
[INFO] [stdout]     |
[INFO] [stdout]     = note: this error originates in a macro (in Nightly builds, run with -Z macro-backtrace for more info)
[INFO] [stdout] 
[INFO] [stdout] 
[INFO] [stdout] error[E0277]: the trait bound `<<Dl as si::Dimension>::I as std::ops::Add<<Dr as si::Dimension>::I>>::Output: Integer` is not satisfied
[INFO] [stdout]    --> /opt/rustwide/cargo-home/registry/src/github.com-1ecc6299db9ec823/uom-0.23.1/src/system.rs:429:71
[INFO] [stdout]     |
[INFO] [stdout] 236 |           pub struct Quantity<D, U, V>
[INFO] [stdout]     |                      -------- required by a bound in this
[INFO] [stdout] 237 |           where
[INFO] [stdout] 238 |               D: Dimension + ?Sized,
[INFO] [stdout]     |                  --------- required by this bound in `si::Quantity`
[INFO] [stdout] ...
[INFO] [stdout] 429 |                       fn $muldiv_fun(self, rhs: Quantity<Dr, Ur, V>) -> Self::Output {
[INFO] [stdout]     |                                                                         ^^^^^^^^^^^^ the trait `Integer` is not implemented for `<<Dl as si::Dimension>::I as std::ops::Add<<Dr as si::Dimension>::I>>::Output`
[INFO] [stdout]     | 
[INFO] [stdout]    ::: /opt/rustwide/cargo-home/registry/src/github.com-1ecc6299db9ec823/uom-0.23.1/src/si/mod.rs:10:1
[INFO] [stdout]     |
[INFO] [stdout] 10  | / system! {
[INFO] [stdout] 11  | |     /// [International System of Quantities](http://jcgm.bipm.org/vim/en/1.6.html) (ISQ).
[INFO] [stdout] 12  | |     quantities: ISQ {
[INFO] [stdout] 13  | |         /// Length, one of the base quantities in the ISQ, denoted by the symbol L. The base unit
[INFO] [stdout] ...   |
[INFO] [stdout] 75  | |     }
[INFO] [stdout] 76  | | }
[INFO] [stdout]     | |_- in this macro invocation
[INFO] [stdout]     |
[INFO] [stdout]     = note: this error originates in a macro (in Nightly builds, run with -Z macro-backtrace for more info)
[INFO] [stdout] 
[INFO] [stdout] 
[INFO] [stdout] error[E0277]: the trait bound `<<Dl as si::Dimension>::Th as std::ops::Add<<Dr as si::Dimension>::Th>>::Output: Integer` is not satisfied
[INFO] [stdout]    --> /opt/rustwide/cargo-home/registry/src/github.com-1ecc6299db9ec823/uom-0.23.1/src/system.rs:429:71
[INFO] [stdout]     |
[INFO] [stdout] 236 |           pub struct Quantity<D, U, V>
[INFO] [stdout]     |                      -------- required by a bound in this
[INFO] [stdout] 237 |           where
[INFO] [stdout] 238 |               D: Dimension + ?Sized,
[INFO] [stdout]     |                  --------- required by this bound in `si::Quantity`
[INFO] [stdout] ...
[INFO] [stdout] 429 |                       fn $muldiv_fun(self, rhs: Quantity<Dr, Ur, V>) -> Self::Output {
[INFO] [stdout]     |                                                                         ^^^^^^^^^^^^ the trait `Integer` is not implemented for `<<Dl as si::Dimension>::Th as std::ops::Add<<Dr as si::Dimension>::Th>>::Output`
[INFO] [stdout]     | 
[INFO] [stdout]    ::: /opt/rustwide/cargo-home/registry/src/github.com-1ecc6299db9ec823/uom-0.23.1/src/si/mod.rs:10:1
[INFO] [stdout]     |
[INFO] [stdout] 10  | / system! {
[INFO] [stdout] 11  | |     /// [International System of Quantities](http://jcgm.bipm.org/vim/en/1.6.html) (ISQ).
[INFO] [stdout] 12  | |     quantities: ISQ {
[INFO] [stdout] 13  | |         /// Length, one of the base quantities in the ISQ, denoted by the symbol L. The base unit
[INFO] [stdout] ...   |
[INFO] [stdout] 75  | |     }
[INFO] [stdout] 76  | | }
[INFO] [stdout]     | |_- in this macro invocation
[INFO] [stdout]     |
[INFO] [stdout]     = note: this error originates in a macro (in Nightly builds, run with -Z macro-backtrace for more info)
[INFO] [stdout] 
[INFO] [stdout] 
[INFO] [stdout] error[E0277]: the trait bound `<<Dl as si::Dimension>::N as std::ops::Add<<Dr as si::Dimension>::N>>::Output: Integer` is not satisfied
[INFO] [stdout]    --> /opt/rustwide/cargo-home/registry/src/github.com-1ecc6299db9ec823/uom-0.23.1/src/system.rs:429:71
[INFO] [stdout]     |
[INFO] [stdout] 236 |           pub struct Quantity<D, U, V>
[INFO] [stdout]     |                      -------- required by a bound in this
[INFO] [stdout] 237 |           where
[INFO] [stdout] 238 |               D: Dimension + ?Sized,
[INFO] [stdout]     |                  --------- required by this bound in `si::Quantity`
[INFO] [stdout] ...
[INFO] [stdout] 429 |                       fn $muldiv_fun(self, rhs: Quantity<Dr, Ur, V>) -> Self::Output {
[INFO] [stdout]     |                                                                         ^^^^^^^^^^^^ the trait `Integer` is not implemented for `<<Dl as si::Dimension>::N as std::ops::Add<<Dr as si::Dimension>::N>>::Output`
[INFO] [stdout]     | 
[INFO] [stdout]    ::: /opt/rustwide/cargo-home/registry/src/github.com-1ecc6299db9ec823/uom-0.23.1/src/si/mod.rs:10:1
[INFO] [stdout]     |
[INFO] [stdout] 10  | / system! {
[INFO] [stdout] 11  | |     /// [International System of Quantities](http://jcgm.bipm.org/vim/en/1.6.html) (ISQ).
[INFO] [stdout] 12  | |     quantities: ISQ {
[INFO] [stdout] 13  | |         /// Length, one of the base quantities in the ISQ, denoted by the symbol L. The base unit
[INFO] [stdout] ...   |
[INFO] [stdout] 75  | |     }
[INFO] [stdout] 76  | | }
[INFO] [stdout]     | |_- in this macro invocation
[INFO] [stdout]     |
[INFO] [stdout]     = note: this error originates in a macro (in Nightly builds, run with -Z macro-backtrace for more info)
[INFO] [stdout] 
[INFO] [stdout] 
[INFO] [stdout] error[E0277]: the trait bound `<<Dl as si::Dimension>::J as std::ops::Add<<Dr as si::Dimension>::J>>::Output: Integer` is not satisfied
[INFO] [stdout]    --> /opt/rustwide/cargo-home/registry/src/github.com-1ecc6299db9ec823/uom-0.23.1/src/system.rs:429:71
[INFO] [stdout]     |
[INFO] [stdout] 236 |           pub struct Quantity<D, U, V>
[INFO] [stdout]     |                      -------- required by a bound in this
[INFO] [stdout] 237 |           where
[INFO] [stdout] 238 |               D: Dimension + ?Sized,
[INFO] [stdout]     |                  --------- required by this bound in `si::Quantity`
[INFO] [stdout] ...
[INFO] [stdout] 429 |                       fn $muldiv_fun(self, rhs: Quantity<Dr, Ur, V>) -> Self::Output {
[INFO] [stdout]     |                                                                         ^^^^^^^^^^^^ the trait `Integer` is not implemented for `<<Dl as si::Dimension>::J as std::ops::Add<<Dr as si::Dimension>::J>>::Output`
[INFO] [stdout]     | 
[INFO] [stdout]    ::: /opt/rustwide/cargo-home/registry/src/github.com-1ecc6299db9ec823/uom-0.23.1/src/si/mod.rs:10:1
[INFO] [stdout]     |
[INFO] [stdout] 10  | / system! {
[INFO] [stdout] 11  | |     /// [International System of Quantities](http://jcgm.bipm.org/vim/en/1.6.html) (ISQ).
[INFO] [stdout] 12  | |     quantities: ISQ {
[INFO] [stdout] 13  | |         /// Length, one of the base quantities in the ISQ, denoted by the symbol L. The base unit
[INFO] [stdout] ...   |
[INFO] [stdout] 75  | |     }
[INFO] [stdout] 76  | | }
[INFO] [stdout]     | |_- in this macro invocation
[INFO] [stdout]     |
[INFO] [stdout]     = note: this error originates in a macro (in Nightly builds, run with -Z macro-backtrace for more info)
[INFO] [stdout] 
[INFO] [stdout] 
[INFO] [stdout] error[E0277]: the trait bound `<Z0 as std::ops::Add<<D as si::Dimension>::L>>::Output: Integer` is not satisfied
[INFO] [stdout]    --> /opt/rustwide/cargo-home/registry/src/github.com-1ecc6299db9ec823/uom-0.23.1/src/system.rs:509:29
[INFO] [stdout]     |
[INFO] [stdout] 236 |           pub struct Quantity<D, U, V>
[INFO] [stdout]     |                      -------- required by a bound in this
[INFO] [stdout] 237 |           where
[INFO] [stdout] 238 |               D: Dimension + ?Sized,
[INFO] [stdout]     |                  --------- required by this bound in `si::Quantity`
[INFO] [stdout] ...
[INFO] [stdout] 509 | /                             type Output = Quantity<
[INFO] [stdout] 510 | |                                 $quantities<
[INFO] [stdout] 511 | |                                     $($crate::typenum::$AddSubAlias<
[INFO] [stdout] 512 | |                                       $crate::typenum::Z0,
[INFO] [stdout] 513 | |                                       D::$symbol>,)+
[INFO] [stdout] 514 | |                                       D::Kind>,
[INFO] [stdout] 515 | |                                 U, V>;
[INFO] [stdout]     | |______________________________________^ the trait `Integer` is not implemented for `<Z0 as std::ops::Add<<D as si::Dimension>::L>>::Output`
[INFO] [stdout]     | 
[INFO] [stdout]    ::: /opt/rustwide/cargo-home/registry/src/github.com-1ecc6299db9ec823/uom-0.23.1/src/si/mod.rs:10:1
[INFO] [stdout]     |
[INFO] [stdout] 10  | / system! {
[INFO] [stdout] 11  | |     /// [International System of Quantities](http://jcgm.bipm.org/vim/en/1.6.html) (ISQ).
[INFO] [stdout] 12  | |     quantities: ISQ {
[INFO] [stdout] 13  | |         /// Length, one of the base quantities in the ISQ, denoted by the symbol L. The base unit
[INFO] [stdout] ...   |
[INFO] [stdout] 75  | |     }
[INFO] [stdout] 76  | | }
[INFO] [stdout]     | |_- in this macro invocation
[INFO] [stdout]     |
[INFO] [stdout]     = note: this error originates in a macro (in Nightly builds, run with -Z macro-backtrace for more info)
[INFO] [stdout] 
[INFO] [stdout] 
[INFO] [stdout] error[E0277]: the trait bound `<Z0 as std::ops::Add<<D as si::Dimension>::M>>::Output: Integer` is not satisfied
[INFO] [stdout]    --> /opt/rustwide/cargo-home/registry/src/github.com-1ecc6299db9ec823/uom-0.23.1/src/system.rs:509:29
[INFO] [stdout]     |
[INFO] [stdout] 236 |           pub struct Quantity<D, U, V>
[INFO] [stdout]     |                      -------- required by a bound in this
[INFO] [stdout] 237 |           where
[INFO] [stdout] 238 |               D: Dimension + ?Sized,
[INFO] [stdout]     |                  --------- required by this bound in `si::Quantity`
[INFO] [stdout] ...
[INFO] [stdout] 509 | /                             type Output = Quantity<
[INFO] [stdout] 510 | |                                 $quantities<
[INFO] [stdout] 511 | |                                     $($crate::typenum::$AddSubAlias<
[INFO] [stdout] 512 | |                                       $crate::typenum::Z0,
[INFO] [stdout] 513 | |                                       D::$symbol>,)+
[INFO] [stdout] 514 | |                                       D::Kind>,
[INFO] [stdout] 515 | |                                 U, V>;
[INFO] [stdout]     | |______________________________________^ the trait `Integer` is not implemented for `<Z0 as std::ops::Add<<D as si::Dimension>::M>>::Output`
[INFO] [stdout]     | 
[INFO] [stdout]    ::: /opt/rustwide/cargo-home/registry/src/github.com-1ecc6299db9ec823/uom-0.23.1/src/si/mod.rs:10:1
[INFO] [stdout]     |
[INFO] [stdout] 10  | / system! {
[INFO] [stdout] 11  | |     /// [International System of Quantities](http://jcgm.bipm.org/vim/en/1.6.html) (ISQ).
[INFO] [stdout] 12  | |     quantities: ISQ {
[INFO] [stdout] 13  | |         /// Length, one of the base quantities in the ISQ, denoted by the symbol L. The base unit
[INFO] [stdout] ...   |
[INFO] [stdout] 75  | |     }
[INFO] [stdout] 76  | | }
[INFO] [stdout]     | |_- in this macro invocation
[INFO] [stdout]     |
[INFO] [stdout]     = note: this error originates in a macro (in Nightly builds, run with -Z macro-backtrace for more info)
[INFO] [stdout] 
[INFO] [stdout] 
[INFO] [stdout] error[E0277]: the trait bound `<Z0 as std::ops::Add<<D as si::Dimension>::T>>::Output: Integer` is not satisfied
[INFO] [stdout]    --> /opt/rustwide/cargo-home/registry/src/github.com-1ecc6299db9ec823/uom-0.23.1/src/system.rs:509:29
[INFO] [stdout]     |
[INFO] [stdout] 236 |           pub struct Quantity<D, U, V>
[INFO] [stdout]     |                      -------- required by a bound in this
[INFO] [stdout] 237 |           where
[INFO] [stdout] 238 |               D: Dimension + ?Sized,
[INFO] [stdout]     |                  --------- required by this bound in `si::Quantity`
[INFO] [stdout] ...
[INFO] [stdout] 509 | /                             type Output = Quantity<
[INFO] [stdout] 510 | |                                 $quantities<
[INFO] [stdout] 511 | |                                     $($crate::typenum::$AddSubAlias<
[INFO] [stdout] 512 | |                                       $crate::typenum::Z0,
[INFO] [stdout] 513 | |                                       D::$symbol>,)+
[INFO] [stdout] 514 | |                                       D::Kind>,
[INFO] [stdout] 515 | |                                 U, V>;
[INFO] [stdout]     | |______________________________________^ the trait `Integer` is not implemented for `<Z0 as std::ops::Add<<D as si::Dimension>::T>>::Output`
[INFO] [stdout]     | 
[INFO] [stdout]    ::: /opt/rustwide/cargo-home/registry/src/github.com-1ecc6299db9ec823/uom-0.23.1/src/si/mod.rs:10:1
[INFO] [stdout]     |
[INFO] [stdout] 10  | / system! {
[INFO] [stdout] 11  | |     /// [International System of Quantities](http://jcgm.bipm.org/vim/en/1.6.html) (ISQ).
[INFO] [stdout] 12  | |     quantities: ISQ {
[INFO] [stdout] 13  | |         /// Length, one of the base quantities in the ISQ, denoted by the symbol L. The base unit
[INFO] [stdout] ...   |
[INFO] [stdout] 75  | |     }
[INFO] [stdout] 76  | | }
[INFO] [stdout]     | |_- in this macro invocation
[INFO] [stdout]     |
[INFO] [stdout]     = note: this error originates in a macro (in Nightly builds, run with -Z macro-backtrace for more info)
[INFO] [stdout] 
[INFO] [stdout] 
[INFO] [stdout] error[E0277]: the trait bound `<Z0 as std::ops::Add<<D as si::Dimension>::I>>::Output: Integer` is not satisfied
[INFO] [stdout]    --> /opt/rustwide/cargo-home/registry/src/github.com-1ecc6299db9ec823/uom-0.23.1/src/system.rs:509:29
[INFO] [stdout]     |
[INFO] [stdout] 236 |           pub struct Quantity<D, U, V>
[INFO] [stdout]     |                      -------- required by a bound in this
[INFO] [stdout] 237 |           where
[INFO] [stdout] 238 |               D: Dimension + ?Sized,
[INFO] [stdout]     |                  --------- required by this bound in `si::Quantity`
[INFO] [stdout] ...
[INFO] [stdout] 509 | /                             type Output = Quantity<
[INFO] [stdout] 510 | |                                 $quantities<
[INFO] [stdout] 511 | |                                     $($crate::typenum::$AddSubAlias<
[INFO] [stdout] 512 | |                                       $crate::typenum::Z0,
[INFO] [stdout] 513 | |                                       D::$symbol>,)+
[INFO] [stdout] 514 | |                                       D::Kind>,
[INFO] [stdout] 515 | |                                 U, V>;
[INFO] [stdout]     | |______________________________________^ the trait `Integer` is not implemented for `<Z0 as std::ops::Add<<D as si::Dimension>::I>>::Output`
[INFO] [stdout]     | 
[INFO] [stdout]    ::: /opt/rustwide/cargo-home/registry/src/github.com-1ecc6299db9ec823/uom-0.23.1/src/si/mod.rs:10:1
[INFO] [stdout]     |
[INFO] [stdout] 10  | / system! {
[INFO] [stdout] 11  | |     /// [International System of Quantities](http://jcgm.bipm.org/vim/en/1.6.html) (ISQ).
[INFO] [stdout] 12  | |     quantities: ISQ {
[INFO] [stdout] 13  | |         /// Length, one of the base quantities in the ISQ, denoted by the symbol L. The base unit
[INFO] [stdout] ...   |
[INFO] [stdout] 75  | |     }
[INFO] [stdout] 76  | | }
[INFO] [stdout]     | |_- in this macro invocation
[INFO] [stdout]     |
[INFO] [stdout]     = note: this error originates in a macro (in Nightly builds, run with -Z macro-backtrace for more info)
[INFO] [stdout] 
[INFO] [stdout] 
[INFO] [stdout] error[E0277]: the trait bound `<Z0 as std::ops::Add<<D as si::Dimension>::Th>>::Output: Integer` is not satisfied
[INFO] [stdout]    --> /opt/rustwide/cargo-home/registry/src/github.com-1ecc6299db9ec823/uom-0.23.1/src/system.rs:509:29
[INFO] [stdout]     |
[INFO] [stdout] 236 |           pub struct Quantity<D, U, V>
[INFO] [stdout]     |                      -------- required by a bound in this
[INFO] [stdout] 237 |           where
[INFO] [stdout] 238 |               D: Dimension + ?Sized,
[INFO] [stdout]     |                  --------- required by this bound in `si::Quantity`
[INFO] [stdout] ...
[INFO] [stdout] 509 | /                             type Output = Quantity<
[INFO] [stdout] 510 | |                                 $quantities<
[INFO] [stdout] 511 | |                                     $($crate::typenum::$AddSubAlias<
[INFO] [stdout] 512 | |                                       $crate::typenum::Z0,
[INFO] [stdout] 513 | |                                       D::$symbol>,)+
[INFO] [stdout] 514 | |                                       D::Kind>,
[INFO] [stdout] 515 | |                                 U, V>;
[INFO] [stdout]     | |______________________________________^ the trait `Integer` is not implemented for `<Z0 as std::ops::Add<<D as si::Dimension>::Th>>::Output`
[INFO] [stdout]     | 
[INFO] [stdout]    ::: /opt/rustwide/cargo-home/registry/src/github.com-1ecc6299db9ec823/uom-0.23.1/src/si/mod.rs:10:1
[INFO] [stdout]     |
[INFO] [stdout] 10  | / system! {
[INFO] [stdout] 11  | |     /// [International System of Quantities](http://jcgm.bipm.org/vim/en/1.6.html) (ISQ).
[INFO] [stdout] 12  | |     quantities: ISQ {
[INFO] [stdout] 13  | |         /// Length, one of the base quantities in the ISQ, denoted by the symbol L. The base unit
[INFO] [stdout] ...   |
[INFO] [stdout] 75  | |     }
[INFO] [stdout] 76  | | }
[INFO] [stdout]     | |_- in this macro invocation
[INFO] [stdout]     |
[INFO] [stdout]     = note: this error originates in a macro (in Nightly builds, run with -Z macro-backtrace for more info)
[INFO] [stdout] 
[INFO] [stdout] 
[INFO] [stdout] error[E0277]: the trait bound `<Z0 as std::ops::Add<<D as si::Dimension>::N>>::Output: Integer` is not satisfied
[INFO] [stdout]    --> /opt/rustwide/cargo-home/registry/src/github.com-1ecc6299db9ec823/uom-0.23.1/src/system.rs:509:29
[INFO] [stdout]     |
[INFO] [stdout] 236 |           pub struct Quantity<D, U, V>
[INFO] [stdout]     |                      -------- required by a bound in this
[INFO] [stdout] 237 |           where
[INFO] [stdout] 238 |               D: Dimension + ?Sized,
[INFO] [stdout]     |                  --------- required by this bound in `si::Quantity`
[INFO] [stdout] ...
[INFO] [stdout] 509 | /                             type Output = Quantity<
[INFO] [stdout] 510 | |                                 $quantities<
[INFO] [stdout] 511 | |                                     $($crate::typenum::$AddSubAlias<
[INFO] [stdout] 512 | |                                       $crate::typenum::Z0,
[INFO] [stdout] 513 | |                                       D::$symbol>,)+
[INFO] [stdout] 514 | |                                       D::Kind>,
[INFO] [stdout] 515 | |                                 U, V>;
[INFO] [stdout]     | |______________________________________^ the trait `Integer` is not implemented for `<Z0 as std::ops::Add<<D as si::Dimension>::N>>::Output`
[INFO] [stdout]     | 
[INFO] [stdout]    ::: /opt/rustwide/cargo-home/registry/src/github.com-1ecc6299db9ec823/uom-0.23.1/src/si/mod.rs:10:1
[INFO] [stdout]     |
[INFO] [stdout] 10  | / system! {
[INFO] [stdout] 11  | |     /// [International System of Quantities](http://jcgm.bipm.org/vim/en/1.6.html) (ISQ).
[INFO] [stdout] 12  | |     quantities: ISQ {
[INFO] [stdout] 13  | |         /// Length, one of the base quantities in the ISQ, denoted by the symbol L. The base unit
[INFO] [stdout] ...   |
[INFO] [stdout] 75  | |     }
[INFO] [stdout] 76  | | }
[INFO] [stdout]     | |_- in this macro invocation
[INFO] [stdout]     |
[INFO] [stdout]     = note: this error originates in a macro (in Nightly builds, run with -Z macro-backtrace for more info)
[INFO] [stdout] 
[INFO] [stdout] 
[INFO] [stdout] error[E0277]: the trait bound `<Z0 as std::ops::Add<<D as si::Dimension>::J>>::Output: Integer` is not satisfied
[INFO] [stdout]    --> /opt/rustwide/cargo-home/registry/src/github.com-1ecc6299db9ec823/uom-0.23.1/src/system.rs:509:29
[INFO] [stdout]     |
[INFO] [stdout] 236 |           pub struct Quantity<D, U, V>
[INFO] [stdout]     |                      -------- required by a bound in this
[INFO] [stdout] 237 |           where
[INFO] [stdout] 238 |               D: Dimension + ?Sized,
[INFO] [stdout]     |                  --------- required by this bound in `si::Quantity`
[INFO] [stdout] ...
[INFO] [stdout] 509 | /                             type Output = Quantity<
[INFO] [stdout] 510 | |                                 $quantities<
[INFO] [stdout] 511 | |                                     $($crate::typenum::$AddSubAlias<
[INFO] [stdout] 512 | |                                       $crate::typenum::Z0,
[INFO] [stdout] 513 | |                                       D::$symbol>,)+
[INFO] [stdout] 514 | |                                       D::Kind>,
[INFO] [stdout] 515 | |                                 U, V>;
[INFO] [stdout]     | |______________________________________^ the trait `Integer` is not implemented for `<Z0 as std::ops::Add<<D as si::Dimension>::J>>::Output`
[INFO] [stdout]     | 
[INFO] [stdout]    ::: /opt/rustwide/cargo-home/registry/src/github.com-1ecc6299db9ec823/uom-0.23.1/src/si/mod.rs:10:1
[INFO] [stdout]     |
[INFO] [stdout] 10  | / system! {
[INFO] [stdout] 11  | |     /// [International System of Quantities](http://jcgm.bipm.org/vim/en/1.6.html) (ISQ).
[INFO] [stdout] 12  | |     quantities: ISQ {
[INFO] [stdout] 13  | |         /// Length, one of the base quantities in the ISQ, denoted by the symbol L. The base unit
[INFO] [stdout] ...   |
[INFO] [stdout] 75  | |     }
[INFO] [stdout] 76  | | }
[INFO] [stdout]     | |_- in this macro invocation
[INFO] [stdout]     |
[INFO] [stdout]     = note: this error originates in a macro (in Nightly builds, run with -Z macro-backtrace for more info)
[INFO] [stdout] 
[INFO] [stdout] 
[INFO] [stdout] error[E0277]: the trait bound `<Z0 as std::ops::Add<<D as si::Dimension>::L>>::Output: Integer` is not satisfied
[INFO] [stdout]    --> /opt/rustwide/cargo-home/registry/src/github.com-1ecc6299db9ec823/uom-0.23.1/src/system.rs:518:77
[INFO] [stdout]     |
[INFO] [stdout] 236 |           pub struct Quantity<D, U, V>
[INFO] [stdout]     |                      -------- required by a bound in this
[INFO] [stdout] 237 |           where
[INFO] [stdout] 238 |               D: Dimension + ?Sized,
[INFO] [stdout]     |                  --------- required by this bound in `si::Quantity`
[INFO] [stdout] ...
[INFO] [stdout] 518 |                               fn $muldiv_fun(self, rhs: Quantity<D, U, V>) -> Self::Output {
[INFO] [stdout]     |                                                                               ^^^^^^^^^^^^ the trait `Integer` is not implemented for `<Z0 as std::ops::Add<<D as si::Dimension>::L>>::Output`
[INFO] [stdout]     | 
[INFO] [stdout]    ::: /opt/rustwide/cargo-home/registry/src/github.com-1ecc6299db9ec823/uom-0.23.1/src/si/mod.rs:10:1
[INFO] [stdout]     |
[INFO] [stdout] 10  | / system! {
[INFO] [stdout] 11  | |     /// [International System of Quantities](http://jcgm.bipm.org/vim/en/1.6.html) (ISQ).
[INFO] [stdout] 12  | |     quantities: ISQ {
[INFO] [stdout] 13  | |         /// Length, one of the base quantities in the ISQ, denoted by the symbol L. The base unit
[INFO] [stdout] ...   |
[INFO] [stdout] 75  | |     }
[INFO] [stdout] 76  | | }
[INFO] [stdout]     | |_- in this macro invocation
[INFO] [stdout]     |
[INFO] [stdout]     = note: this error originates in a macro (in Nightly builds, run with -Z macro-backtrace for more info)
[INFO] [stdout] 
[INFO] [stdout] 
[INFO] [stdout] error[E0277]: the trait bound `<Z0 as std::ops::Add<<D as si::Dimension>::M>>::Output: Integer` is not satisfied
[INFO] [stdout]    --> /opt/rustwide/cargo-home/registry/src/github.com-1ecc6299db9ec823/uom-0.23.1/src/system.rs:518:77
[INFO] [stdout]     |
[INFO] [stdout] 236 |           pub struct Quantity<D, U, V>
[INFO] [stdout]     |                      -------- required by a bound in this
[INFO] [stdout] 237 |           where
[INFO] [stdout] 238 |               D: Dimension + ?Sized,
[INFO] [stdout]     |                  --------- required by this bound in `si::Quantity`
[INFO] [stdout] ...
[INFO] [stdout] 518 |                               fn $muldiv_fun(self, rhs: Quantity<D, U, V>) -> Self::Output {
[INFO] [stdout]     |                                                                               ^^^^^^^^^^^^ the trait `Integer` is not implemented for `<Z0 as std::ops::Add<<D as si::Dimension>::M>>::Output`
[INFO] [stdout]     | 
[INFO] [stdout]    ::: /opt/rustwide/cargo-home/registry/src/github.com-1ecc6299db9ec823/uom-0.23.1/src/si/mod.rs:10:1
[INFO] [stdout]     |
[INFO] [stdout] 10  | / system! {
[INFO] [stdout] 11  | |     /// [International System of Quantities](http://jcgm.bipm.org/vim/en/1.6.html) (ISQ).
[INFO] [stdout] 12  | |     quantities: ISQ {
[INFO] [stdout] 13  | |         /// Length, one of the base quantities in the ISQ, denoted by the symbol L. The base unit
[INFO] [stdout] ...   |
[INFO] [stdout] 75  | |     }
[INFO] [stdout] 76  | | }
[INFO] [stdout]     | |_- in this macro invocation
[INFO] [stdout]     |
[INFO] [stdout]     = note: this error originates in a macro (in Nightly builds, run with -Z macro-backtrace for more info)
[INFO] [stdout] 
[INFO] [stdout] 
[INFO] [stdout] error[E0277]: the trait bound `<Z0 as std::ops::Add<<D as si::Dimension>::T>>::Output: Integer` is not satisfied
[INFO] [stdout]    --> /opt/rustwide/cargo-home/registry/src/github.com-1ecc6299db9ec823/uom-0.23.1/src/system.rs:518:77
[INFO] [stdout]     |
[INFO] [stdout] 236 |           pub struct Quantity<D, U, V>
[INFO] [stdout]     |                      -------- required by a bound in this
[INFO] [stdout] 237 |           where
[INFO] [stdout] 238 |               D: Dimension + ?Sized,
[INFO] [stdout]     |                  --------- required by this bound in `si::Quantity`
[INFO] [stdout] ...
[INFO] [stdout] 518 |                               fn $muldiv_fun(self, rhs: Quantity<D, U, V>) -> Self::Output {
[INFO] [stdout]     |                                                                               ^^^^^^^^^^^^ the trait `Integer` is not implemented for `<Z0 as std::ops::Add<<D as si::Dimension>::T>>::Output`
[INFO] [stdout]     | 
[INFO] [stdout]    ::: /opt/rustwide/cargo-home/registry/src/github.com-1ecc6299db9ec823/uom-0.23.1/src/si/mod.rs:10:1
[INFO] [stdout]     |
[INFO] [stdout] 10  | / system! {
[INFO] [stdout] 11  | |     /// [International System of Quantities](http://jcgm.bipm.org/vim/en/1.6.html) (ISQ).
[INFO] [stdout] 12  | |     quantities: ISQ {
[INFO] [stdout] 13  | |         /// Length, one of the base quantities in the ISQ, denoted by the symbol L. The base unit
[INFO] [stdout] ...   |
[INFO] [stdout] 75  | |     }
[INFO] [stdout] 76  | | }
[INFO] [stdout]     | |_- in this macro invocation
[INFO] [stdout]     |
[INFO] [stdout]     = note: this error originates in a macro (in Nightly builds, run with -Z macro-backtrace for more info)
[INFO] [stdout] 
[INFO] [stdout] 
[INFO] [stdout] error[E0277]: the trait bound `<Z0 as std::ops::Add<<D as si::Dimension>::I>>::Output: Integer` is not satisfied
[INFO] [stdout]    --> /opt/rustwide/cargo-home/registry/src/github.com-1ecc6299db9ec823/uom-0.23.1/src/system.rs:518:77
[INFO] [stdout]     |
[INFO] [stdout] 236 |           pub struct Quantity<D, U, V>
[INFO] [stdout]     |                      -------- required by a bound in this
[INFO] [stdout] 237 |           where
[INFO] [stdout] 238 |               D: Dimension + ?Sized,
[INFO] [stdout]     |                  --------- required by this bound in `si::Quantity`
[INFO] [stdout] ...
[INFO] [stdout] 518 |                               fn $muldiv_fun(self, rhs: Quantity<D, U, V>) -> Self::Output {
[INFO] [stdout]     |                                                                               ^^^^^^^^^^^^ the trait `Integer` is not implemented for `<Z0 as std::ops::Add<<D as si::Dimension>::I>>::Output`
[INFO] [stdout]     | 
[INFO] [stdout]    ::: /opt/rustwide/cargo-home/registry/src/github.com-1ecc6299db9ec823/uom-0.23.1/src/si/mod.rs:10:1
[INFO] [stdout]     |
[INFO] [stdout] 10  | / system! {
[INFO] [stdout] 11  | |     /// [International System of Quantities](http://jcgm.bipm.org/vim/en/1.6.html) (ISQ).
[INFO] [stdout] 12  | |     quantities: ISQ {
[INFO] [stdout] 13  | |         /// Length, one of the base quantities in the ISQ, denoted by the symbol L. The base unit
[INFO] [stdout] ...   |
[INFO] [stdout] 75  | |     }
[INFO] [stdout] 76  | | }
[INFO] [stdout]     | |_- in this macro invocation
[INFO] [stdout]     |
[INFO] [stdout]     = note: this error originates in a macro (in Nightly builds, run with -Z macro-backtrace for more info)
[INFO] [stdout] 
[INFO] [stdout] 
[INFO] [stdout] error[E0277]: the trait bound `<Z0 as std::ops::Add<<D as si::Dimension>::Th>>::Output: Integer` is not satisfied
[INFO] [stdout]    --> /opt/rustwide/cargo-home/registry/src/github.com-1ecc6299db9ec823/uom-0.23.1/src/system.rs:518:77
[INFO] [stdout]     |
[INFO] [stdout] 236 |           pub struct Quantity<D, U, V>
[INFO] [stdout]     |                      -------- required by a bound in this
[INFO] [stdout] 237 |           where
[INFO] [stdout] 238 |               D: Dimension + ?Sized,
[INFO] [stdout]     |                  --------- required by this bound in `si::Quantity`
[INFO] [stdout] ...
[INFO] [stdout] 518 |                               fn $muldiv_fun(self, rhs: Quantity<D, U, V>) -> Self::Output {
[INFO] [stdout]     |                                                                               ^^^^^^^^^^^^ the trait `Integer` is not implemented for `<Z0 as std::ops::Add<<D as si::Dimension>::Th>>::Output`
[INFO] [stdout]     | 
[INFO] [stdout]    ::: /opt/rustwide/cargo-home/registry/src/github.com-1ecc6299db9ec823/uom-0.23.1/src/si/mod.rs:10:1
[INFO] [stdout]     |
[INFO] [stdout] 10  | / system! {
[INFO] [stdout] 11  | |     /// [International System of Quantities](http://jcgm.bipm.org/vim/en/1.6.html) (ISQ).
[INFO] [stdout] 12  | |     quantities: ISQ {
[INFO] [stdout] 13  | |         /// Length, one of the base quantities in the ISQ, denoted by the symbol L. The base unit
[INFO] [stdout] ...   |
[INFO] [stdout] 75  | |     }
[INFO] [stdout] 76  | | }
[INFO] [stdout]     | |_- in this macro invocation
[INFO] [stdout]     |
[INFO] [stdout]     = note: this error originates in a macro (in Nightly builds, run with -Z macro-backtrace for more info)
[INFO] [stdout] 
[INFO] [stdout] 
[INFO] [stdout] error[E0277]: the trait bound `<Z0 as std::ops::Add<<D as si::Dimension>::N>>::Output: Integer` is not satisfied
[INFO] [stdout]    --> /opt/rustwide/cargo-home/registry/src/github.com-1ecc6299db9ec823/uom-0.23.1/src/system.rs:518:77
[INFO] [stdout]     |
[INFO] [stdout] 236 |           pub struct Quantity<D, U, V>
[INFO] [stdout]     |                      -------- required by a bound in this
[INFO] [stdout] 237 |           where
[INFO] [stdout] 238 |               D: Dimension + ?Sized,
[INFO] [stdout]     |                  --------- required by this bound in `si::Quantity`
[INFO] [stdout] ...
[INFO] [stdout] 518 |                               fn $muldiv_fun(self, rhs: Quantity<D, U, V>) -> Self::Output {
[INFO] [stdout]     |                                                                               ^^^^^^^^^^^^ the trait `Integer` is not implemented for `<Z0 as std::ops::Add<<D as si::Dimension>::N>>::Output`
[INFO] [stdout]     | 
[INFO] [stdout]    ::: /opt/rustwide/cargo-home/registry/src/github.com-1ecc6299db9ec823/uom-0.23.1/src/si/mod.rs:10:1
[INFO] [stdout]     |
[INFO] [stdout] 10  | / system! {
[INFO] [stdout] 11  | |     /// [International System of Quantities](http://jcgm.bipm.org/vim/en/1.6.html) (ISQ).
[INFO] [stdout] 12  | |     quantities: ISQ {
[INFO] [stdout] 13  | |         /// Length, one of the base quantities in the ISQ, denoted by the symbol L. The base unit
[INFO] [stdout] ...   |
[INFO] [stdout] 75  | |     }
[INFO] [stdout] 76  | | }
[INFO] [stdout]     | |_- in this macro invocation
[INFO] [stdout]     |
[INFO] [stdout]     = note: this error originates in a macro (in Nightly builds, run with -Z macro-backtrace for more info)
[INFO] [stdout] 
[INFO] [stdout] 
[INFO] [stdout] error[E0277]: the trait bound `<Z0 as std::ops::Add<<D as si::Dimension>::J>>::Output: Integer` is not satisfied
[INFO] [stdout]    --> /opt/rustwide/cargo-home/registry/src/github.com-1ecc6299db9ec823/uom-0.23.1/src/system.rs:518:77
[INFO] [stdout]     |
[INFO] [stdout] 236 |           pub struct Quantity<D, U, V>
[INFO] [stdout]     |                      -------- required by a bound in this
[INFO] [stdout] 237 |           where
[INFO] [stdout] 238 |               D: Dimension + ?Sized,
[INFO] [stdout]     |                  --------- required by this bound in `si::Quantity`
[INFO] [stdout] ...
[INFO] [stdout] 518 |                               fn $muldiv_fun(self, rhs: Quantity<D, U, V>) -> Self::Output {
[INFO] [stdout]     |                                                                               ^^^^^^^^^^^^ the trait `Integer` is not implemented for `<Z0 as std::ops::Add<<D as si::Dimension>::J>>::Output`
[INFO] [stdout]     | 
[INFO] [stdout]    ::: /opt/rustwide/cargo-home/registry/src/github.com-1ecc6299db9ec823/uom-0.23.1/src/si/mod.rs:10:1
[INFO] [stdout]     |
[INFO] [stdout] 10  | / system! {
[INFO] [stdout] 11  | |     /// [International System of Quantities](http://jcgm.bipm.org/vim/en/1.6.html) (ISQ).
[INFO] [stdout] 12  | |     quantities: ISQ {
[INFO] [stdout] 13  | |         /// Length, one of the base quantities in the ISQ, denoted by the symbol L. The base unit
[INFO] [stdout] ...   |
[INFO] [stdout] 75  | |     }
[INFO] [stdout] 76  | | }
[INFO] [stdout]     | |_- in this macro invocation
[INFO] [stdout]     |
[INFO] [stdout]     = note: this error originates in a macro (in Nightly builds, run with -Z macro-backtrace for more info)
[INFO] [stdout] 
[INFO] [stdout] 
[INFO] [stdout] error[E0277]: the trait bound `<<Dl as si::Dimension>::L as std::ops::Sub<<Dr as si::Dimension>::L>>::Output: Integer` is not satisfied
[INFO] [stdout]    --> /opt/rustwide/cargo-home/registry/src/github.com-1ecc6299db9ec823/uom-0.23.1/src/system.rs:424:21
[INFO] [stdout]     |
[INFO] [stdout] 236 |           pub struct Quantity<D, U, V>
[INFO] [stdout]     |                      -------- required by a bound in this
[INFO] [stdout] 237 |           where
[INFO] [stdout] 238 |               D: Dimension + ?Sized,
[INFO] [stdout]     |                  --------- required by this bound in `si::Quantity`
[INFO] [stdout] ...
[INFO] [stdout] 424 | /                     type Output = Quantity<
[INFO] [stdout] 425 | |                         $quantities<$($crate::typenum::$AddSubAlias<Dl::$symbol, Dr::$symbol>,)+>,
[INFO] [stdout] 426 | |                         Ul, V>;
[INFO] [stdout]     | |_______________________________^ the trait `Integer` is not implemented for `<<Dl as si::Dimension>::L as std::ops::Sub<<Dr as si::Dimension>::L>>::Output`
[INFO] [stdout]     | 
[INFO] [stdout]    ::: /opt/rustwide/cargo-home/registry/src/github.com-1ecc6299db9ec823/uom-0.23.1/src/si/mod.rs:10:1
[INFO] [stdout]     |
[INFO] [stdout] 10  | / system! {
[INFO] [stdout] 11  | |     /// [International System of Quantities](http://jcgm.bipm.org/vim/en/1.6.html) (ISQ).
[INFO] [stdout] 12  | |     quantities: ISQ {
[INFO] [stdout] 13  | |         /// Length, one of the base quantities in the ISQ, denoted by the symbol L. The base unit
[INFO] [stdout] ...   |
[INFO] [stdout] 75  | |     }
[INFO] [stdout] 76  | | }
[INFO] [stdout]     | |_- in this macro invocation
[INFO] [stdout]     |
[INFO] [stdout]     = note: this error originates in a macro (in Nightly builds, run with -Z macro-backtrace for more info)
[INFO] [stdout] 
[INFO] [stdout] 
[INFO] [stdout] error[E0277]: the trait bound `<<Dl as si::Dimension>::M as std::ops::Sub<<Dr as si::Dimension>::M>>::Output: Integer` is not satisfied
[INFO] [stdout]    --> /opt/rustwide/cargo-home/registry/src/github.com-1ecc6299db9ec823/uom-0.23.1/src/system.rs:424:21
[INFO] [stdout]     |
[INFO] [stdout] 236 |           pub struct Quantity<D, U, V>
[INFO] [stdout]     |                      -------- required by a bound in this
[INFO] [stdout] 237 |           where
[INFO] [stdout] 238 |               D: Dimension + ?Sized,
[INFO] [stdout]     |                  --------- required by this bound in `si::Quantity`
[INFO] [stdout] ...
[INFO] [stdout] 424 | /                     type Output = Quantity<
[INFO] [stdout] 425 | |                         $quantities<$($crate::typenum::$AddSubAlias<Dl::$symbol, Dr::$symbol>,)+>,
[INFO] [stdout] 426 | |                         Ul, V>;
[INFO] [stdout]     | |_______________________________^ the trait `Integer` is not implemented for `<<Dl as si::Dimension>::M as std::ops::Sub<<Dr as si::Dimension>::M>>::Output`
[INFO] [stdout]     | 
[INFO] [stdout]    ::: /opt/rustwide/cargo-home/registry/src/github.com-1ecc6299db9ec823/uom-0.23.1/src/si/mod.rs:10:1
[INFO] [stdout]     |
[INFO] [stdout] 10  | / system! {
[INFO] [stdout] 11  | |     /// [International System of Quantities](http://jcgm.bipm.org/vim/en/1.6.html) (ISQ).
[INFO] [stdout] 12  | |     quantities: ISQ {
[INFO] [stdout] 13  | |         /// Length, one of the base quantities in the ISQ, denoted by the symbol L. The base unit
[INFO] [stdout] ...   |
[INFO] [stdout] 75  | |     }
[INFO] [stdout] 76  | | }
[INFO] [stdout]     | |_- in this macro invocation
[INFO] [stdout]     |
[INFO] [stdout]     = note: this error originates in a macro (in Nightly builds, run with -Z macro-backtrace for more info)
[INFO] [stdout] 
[INFO] [stdout] 
[INFO] [stdout] error[E0277]: the trait bound `<<Dl as si::Dimension>::T as std::ops::Sub<<Dr as si::Dimension>::T>>::Output: Integer` is not satisfied
[INFO] [stdout]    --> /opt/rustwide/cargo-home/registry/src/github.com-1ecc6299db9ec823/uom-0.23.1/src/system.rs:424:21
[INFO] [stdout]     |
[INFO] [stdout] 236 |           pub struct Quantity<D, U, V>
[INFO] [stdout]     |                      -------- required by a bound in this
[INFO] [stdout] 237 |           where
[INFO] [stdout] 238 |               D: Dimension + ?Sized,
[INFO] [stdout]     |                  --------- required by this bound in `si::Quantity`
[INFO] [stdout] ...
[INFO] [stdout] 424 | /                     type Output = Quantity<
[INFO] [stdout] 425 | |                         $quantities<$($crate::typenum::$AddSubAlias<Dl::$symbol, Dr::$symbol>,)+>,
[INFO] [stdout] 426 | |                         Ul, V>;
[INFO] [stdout]     | |_______________________________^ the trait `Integer` is not implemented for `<<Dl as si::Dimension>::T as std::ops::Sub<<Dr as si::Dimension>::T>>::Output`
[INFO] [stdout]     | 
[INFO] [stdout]    ::: /opt/rustwide/cargo-home/registry/src/github.com-1ecc6299db9ec823/uom-0.23.1/src/si/mod.rs:10:1
[INFO] [stdout]     |
[INFO] [stdout] 10  | / system! {
[INFO] [stdout] 11  | |     /// [International System of Quantities](http://jcgm.bipm.org/vim/en/1.6.html) (ISQ).
[INFO] [stdout] 12  | |     quantities: ISQ {
[INFO] [stdout] 13  | |         /// Length, one of the base quantities in the ISQ, denoted by the symbol L. The base unit
[INFO] [stdout] ...   |
[INFO] [stdout] 75  | |     }
[INFO] [stdout] 76  | | }
[INFO] [stdout]     | |_- in this macro invocation
[INFO] [stdout]     |
[INFO] [stdout]     = note: this error originates in a macro (in Nightly builds, run with -Z macro-backtrace for more info)
[INFO] [stdout] 
[INFO] [stdout] 
[INFO] [stdout] error[E0277]: the trait bound `<<Dl as si::Dimension>::I as std::ops::Sub<<Dr as si::Dimension>::I>>::Output: Integer` is not satisfied
[INFO] [stdout]    --> /opt/rustwide/cargo-home/registry/src/github.com-1ecc6299db9ec823/uom-0.23.1/src/system.rs:424:21
[INFO] [stdout]     |
[INFO] [stdout] 236 |           pub struct Quantity<D, U, V>
[INFO] [stdout]     |                      -------- required by a bound in this
[INFO] [stdout] 237 |           where
[INFO] [stdout] 238 |               D: Dimension + ?Sized,
[INFO] [stdout]     |                  --------- required by this bound in `si::Quantity`
[INFO] [stdout] ...
[INFO] [stdout] 424 | /                     type Output = Quantity<
[INFO] [stdout] 425 | |                         $quantities<$($crate::typenum::$AddSubAlias<Dl::$symbol, Dr::$symbol>,)+>,
[INFO] [stdout] 426 | |                         Ul, V>;
[INFO] [stdout]     | |_______________________________^ the trait `Integer` is not implemented for `<<Dl as si::Dimension>::I as std::ops::Sub<<Dr as si::Dimension>::I>>::Output`
[INFO] [stdout]     | 
[INFO] [stdout]    ::: /opt/rustwide/cargo-home/registry/src/github.com-1ecc6299db9ec823/uom-0.23.1/src/si/mod.rs:10:1
[INFO] [stdout]     |
[INFO] [stdout] 10  | / system! {
[INFO] [stdout] 11  | |     /// [International System of Quantities](http://jcgm.bipm.org/vim/en/1.6.html) (ISQ).
[INFO] [stdout] 12  | |     quantities: ISQ {
[INFO] [stdout] 13  | |         /// Length, one of the base quantities in the ISQ, denoted by the symbol L. The base unit
[INFO] [stdout] ...   |
[INFO] [stdout] 75  | |     }
[INFO] [stdout] 76  | | }
[INFO] [stdout]     | |_- in this macro invocation
[INFO] [stdout]     |
[INFO] [stdout]     = note: this error originates in a macro (in Nightly builds, run with -Z macro-backtrace for more info)
[INFO] [stdout] 
[INFO] [stdout] 
[INFO] [stdout] error[E0277]: the trait bound `<<Dl as si::Dimension>::Th as std::ops::Sub<<Dr as si::Dimension>::Th>>::Output: Integer` is not satisfied
[INFO] [stdout]    --> /opt/rustwide/cargo-home/registry/src/github.com-1ecc6299db9ec823/uom-0.23.1/src/system.rs:424:21
[INFO] [stdout]     |
[INFO] [stdout] 236 |           pub struct Quantity<D, U, V>
[INFO] [stdout]     |                      -------- required by a bound in this
[INFO] [stdout] 237 |           where
[INFO] [stdout] 238 |               D: Dimension + ?Sized,
[INFO] [stdout]     |                  --------- required by this bound in `si::Quantity`
[INFO] [stdout] ...
[INFO] [stdout] 424 | /                     type Output = Quantity<
[INFO] [stdout] 425 | |                         $quantities<$($crate::typenum::$AddSubAlias<Dl::$symbol, Dr::$symbol>,)+>,
[INFO] [stdout] 426 | |                         Ul, V>;
[INFO] [stdout]     | |_______________________________^ the trait `Integer` is not implemented for `<<Dl as si::Dimension>::Th as std::ops::Sub<<Dr as si::Dimension>::Th>>::Output`
[INFO] [stdout]     | 
[INFO] [stdout]    ::: /opt/rustwide/cargo-home/registry/src/github.com-1ecc6299db9ec823/uom-0.23.1/src/si/mod.rs:10:1
[INFO] [stdout]     |
[INFO] [stdout] 10  | / system! {
[INFO] [stdout] 11  | |     /// [International System of Quantities](http://jcgm.bipm.org/vim/en/1.6.html) (ISQ).
[INFO] [stdout] 12  | |     quantities: ISQ {
[INFO] [stdout] 13  | |         /// Length, one of the base quantities in the ISQ, denoted by the symbol L. The base unit
[INFO] [stdout] ...   |
[INFO] [stdout] 75  | |     }
[INFO] [stdout] 76  | | }
[INFO] [stdout]     | |_- in this macro invocation
[INFO] [stdout]     |
[INFO] [stdout]     = note: this error originates in a macro (in Nightly builds, run with -Z macro-backtrace for more info)
[INFO] [stdout] 
[INFO] [stdout] 
[INFO] [stdout] error[E0277]: the trait bound `<<Dl as si::Dimension>::N as std::ops::Sub<<Dr as si::Dimension>::N>>::Output: Integer` is not satisfied
[INFO] [stdout]    --> /opt/rustwide/cargo-home/registry/src/github.com-1ecc6299db9ec823/uom-0.23.1/src/system.rs:424:21
[INFO] [stdout]     |
[INFO] [stdout] 236 |           pub struct Quantity<D, U, V>
[INFO] [stdout]     |                      -------- required by a bound in this
[INFO] [stdout] 237 |           where
[INFO] [stdout] 238 |               D: Dimension + ?Sized,
[INFO] [stdout]     |                  --------- required by this bound in `si::Quantity`
[INFO] [stdout] ...
[INFO] [stdout] 424 | /                     type Output = Quantity<
[INFO] [stdout] 425 | |                         $quantities<$($crate::typenum::$AddSubAlias<Dl::$symbol, Dr::$symbol>,)+>,
[INFO] [stdout] 426 | |                         Ul, V>;
[INFO] [stdout]     | |_______________________________^ the trait `Integer` is not implemented for `<<Dl as si::Dimension>::N as std::ops::Sub<<Dr as si::Dimension>::N>>::Output`
[INFO] [stdout]     | 
[INFO] [stdout]    ::: /opt/rustwide/cargo-home/registry/src/github.com-1ecc6299db9ec823/uom-0.23.1/src/si/mod.rs:10:1
[INFO] [stdout]     |
[INFO] [stdout] 10  | / system! {
[INFO] [stdout] 11  | |     /// [International System of Quantities](http://jcgm.bipm.org/vim/en/1.6.html) (ISQ).
[INFO] [stdout] 12  | |     quantities: ISQ {
[INFO] [stdout] 13  | |         /// Length, one of the base quantities in the ISQ, denoted by the symbol L. The base unit
[INFO] [stdout] ...   |
[INFO] [stdout] 75  | |     }
[INFO] [stdout] 76  | | }
[INFO] [stdout]     | |_- in this macro invocation
[INFO] [stdout]     |
[INFO] [stdout]     = note: this error originates in a macro (in Nightly builds, run with -Z macro-backtrace for more info)
[INFO] [stdout] 
[INFO] [stdout] 
[INFO] [stdout] error[E0277]: the trait bound `<<Dl as si::Dimension>::J as std::ops::Sub<<Dr as si::Dimension>::J>>::Output: Integer` is not satisfied
[INFO] [stdout]    --> /opt/rustwide/cargo-home/registry/src/github.com-1ecc6299db9ec823/uom-0.23.1/src/system.rs:424:21
[INFO] [stdout]     |
[INFO] [stdout] 236 |           pub struct Quantity<D, U, V>
[INFO] [stdout]     |                      -------- required by a bound in this
[INFO] [stdout] 237 |           where
[INFO] [stdout] 238 |               D: Dimension + ?Sized,
[INFO] [stdout]     |                  --------- required by this bound in `si::Quantity`
[INFO] [stdout] ...
[INFO] [stdout] 424 | /                     type Output = Quantity<
[INFO] [stdout] 425 | |                         $quantities<$($crate::typenum::$AddSubAlias<Dl::$symbol, Dr::$symbol>,)+>,
[INFO] [stdout] 426 | |                         Ul, V>;
[INFO] [stdout]     | |_______________________________^ the trait `Integer` is not implemented for `<<Dl as si::Dimension>::J as std::ops::Sub<<Dr as si::Dimension>::J>>::Output`
[INFO] [stdout]     | 
[INFO] [stdout]    ::: /opt/rustwide/cargo-home/registry/src/github.com-1ecc6299db9ec823/uom-0.23.1/src/si/mod.rs:10:1
[INFO] [stdout]     |
[INFO] [stdout] 10  | / system! {
[INFO] [stdout] 11  | |     /// [International System of Quantities](http://jcgm.bipm.org/vim/en/1.6.html) (ISQ).
[INFO] [stdout] 12  | |     quantities: ISQ {
[INFO] [stdout] 13  | |         /// Length, one of the base quantities in the ISQ, denoted by the symbol L. The base unit
[INFO] [stdout] ...   |
[INFO] [stdout] 75  | |     }
[INFO] [stdout] 76  | | }
[INFO] [stdout]     | |_- in this macro invocation
[INFO] [stdout]     |
[INFO] [stdout]     = note: this error originates in a macro (in Nightly builds, run with -Z macro-backtrace for more info)
[INFO] [stdout] 
[INFO] [stdout] 
[INFO] [stdout] error[E0277]: the trait bound `<<Dl as si::Dimension>::L as std::ops::Sub<<Dr as si::Dimension>::L>>::Output: Integer` is not satisfied
[INFO] [stdout]    --> /opt/rustwide/cargo-home/registry/src/github.com-1ecc6299db9ec823/uom-0.23.1/src/system.rs:429:71
[INFO] [stdout]     |
[INFO] [stdout] 236 |           pub struct Quantity<D, U, V>
[INFO] [stdout]     |                      -------- required by a bound in this
[INFO] [stdout] 237 |           where
[INFO] [stdout] 238 |               D: Dimension + ?Sized,
[INFO] [stdout]     |                  --------- required by this bound in `si::Quantity`
[INFO] [stdout] ...
[INFO] [stdout] 429 |                       fn $muldiv_fun(self, rhs: Quantity<Dr, Ur, V>) -> Self::Output {
[INFO] [stdout]     |                                                                         ^^^^^^^^^^^^ the trait `Integer` is not implemented for `<<Dl as si::Dimension>::L as std::ops::Sub<<Dr as si::Dimension>::L>>::Output`
[INFO] [stdout]     | 
[INFO] [stdout]    ::: /opt/rustwide/cargo-home/registry/src/github.com-1ecc6299db9ec823/uom-0.23.1/src/si/mod.rs:10:1
[INFO] [stdout]     |
[INFO] [stdout] 10  | / system! {
[INFO] [stdout] 11  | |     /// [International System of Quantities](http://jcgm.bipm.org/vim/en/1.6.html) (ISQ).
[INFO] [stdout] 12  | |     quantities: ISQ {
[INFO] [stdout] 13  | |         /// Length, one of the base quantities in the ISQ, denoted by the symbol L. The base unit
[INFO] [stdout] ...   |
[INFO] [stdout] 75  | |     }
[INFO] [stdout] 76  | | }
[INFO] [stdout]     | |_- in this macro invocation
[INFO] [stdout]     |
[INFO] [stdout]     = note: this error originates in a macro (in Nightly builds, run with -Z macro-backtrace for more info)
[INFO] [stdout] 
[INFO] [stdout] 
[INFO] [stdout] error[E0277]: the trait bound `<<Dl as si::Dimension>::M as std::ops::Sub<<Dr as si::Dimension>::M>>::Output: Integer` is not satisfied
[INFO] [stdout]    --> /opt/rustwide/cargo-home/registry/src/github.com-1ecc6299db9ec823/uom-0.23.1/src/system.rs:429:71
[INFO] [stdout]     |
[INFO] [stdout] 236 |           pub struct Quantity<D, U, V>
[INFO] [stdout]     |                      -------- required by a bound in this
[INFO] [stdout] 237 |           where
[INFO] [stdout] 238 |               D: Dimension + ?Sized,
[INFO] [stdout]     |                  --------- required by this bound in `si::Quantity`
[INFO] [stdout] ...
[INFO] [stdout] 429 |                       fn $muldiv_fun(self, rhs: Quantity<Dr, Ur, V>) -> Self::Output {
[INFO] [stdout]     |                                                                         ^^^^^^^^^^^^ the trait `Integer` is not implemented for `<<Dl as si::Dimension>::M as std::ops::Sub<<Dr as si::Dimension>::M>>::Output`
[INFO] [stdout]     | 
[INFO] [stdout]    ::: /opt/rustwide/cargo-home/registry/src/github.com-1ecc6299db9ec823/uom-0.23.1/src/si/mod.rs:10:1
[INFO] [stdout]     |
[INFO] [stdout] 10  | / system! {
[INFO] [stdout] 11  | |     /// [International System of Quantities](http://jcgm.bipm.org/vim/en/1.6.html) (ISQ).
[INFO] [stdout] 12  | |     quantities: ISQ {
[INFO] [stdout] 13  | |         /// Length, one of the base quantities in the ISQ, denoted by the symbol L. The base unit
[INFO] [stdout] ...   |
[INFO] [stdout] 75  | |     }
[INFO] [stdout] 76  | | }
[INFO] [stdout]     | |_- in this macro invocation
[INFO] [stdout]     |
[INFO] [stdout]     = note: this error originates in a macro (in Nightly builds, run with -Z macro-backtrace for more info)
[INFO] [stdout] 
[INFO] [stdout] 
[INFO] [stdout] error[E0277]: the trait bound `<<Dl as si::Dimension>::T as std::ops::Sub<<Dr as si::Dimension>::T>>::Output: Integer` is not satisfied
[INFO] [stdout]    --> /opt/rustwide/cargo-home/registry/src/github.com-1ecc6299db9ec823/uom-0.23.1/src/system.rs:429:71
[INFO] [stdout]     |
[INFO] [stdout] 236 |           pub struct Quantity<D, U, V>
[INFO] [stdout]     |                      -------- required by a bound in this
[INFO] [stdout] 237 |           where
[INFO] [stdout] 238 |               D: Dimension + ?Sized,
[INFO] [stdout]     |                  --------- required by this bound in `si::Quantity`
[INFO] [stdout] ...
[INFO] [stdout] 429 |                       fn $muldiv_fun(self, rhs: Quantity<Dr, Ur, V>) -> Self::Output {
[INFO] [stdout]     |                                                                         ^^^^^^^^^^^^ the trait `Integer` is not implemented for `<<Dl as si::Dimension>::T as std::ops::Sub<<Dr as si::Dimension>::T>>::Output`
[INFO] [stdout]     | 
[INFO] [stdout]    ::: /opt/rustwide/cargo-home/registry/src/github.com-1ecc6299db9ec823/uom-0.23.1/src/si/mod.rs:10:1
[INFO] [stdout]     |
[INFO] [stdout] 10  | / system! {
[INFO] [stdout] 11  | |     /// [International System of Quantities](http://jcgm.bipm.org/vim/en/1.6.html) (ISQ).
[INFO] [stdout] 12  | |     quantities: ISQ {
[INFO] [stdout] 13  | |         /// Length, one of the base quantities in the ISQ, denoted by the symbol L. The base unit
[INFO] [stdout] ...   |
[INFO] [stdout] 75  | |     }
[INFO] [stdout] 76  | | }
[INFO] [stdout]     | |_- in this macro invocation
[INFO] [stdout]     |
[INFO] [stdout]     = note: this error originates in a macro (in Nightly builds, run with -Z macro-backtrace for more info)
[INFO] [stdout] 
[INFO] [stdout] 
[INFO] [stdout] error[E0277]: the trait bound `<<Dl as si::Dimension>::I as std::ops::Sub<<Dr as si::Dimension>::I>>::Output: Integer` is not satisfied
[INFO] [stdout]    --> /opt/rustwide/cargo-home/registry/src/github.com-1ecc6299db9ec823/uom-0.23.1/src/system.rs:429:71
[INFO] [stdout]     |
[INFO] [stdout] 236 |           pub struct Quantity<D, U, V>
[INFO] [stdout]     |                      -------- required by a bound in this
[INFO] [stdout] 237 |           where
[INFO] [stdout] 238 |               D: Dimension + ?Sized,
[INFO] [stdout]     |                  --------- required by this bound in `si::Quantity`
[INFO] [stdout] ...
[INFO] [stdout] 429 |                       fn $muldiv_fun(self, rhs: Quantity<Dr, Ur, V>) -> Self::Output {
[INFO] [stdout]     |                                                                         ^^^^^^^^^^^^ the trait `Integer` is not implemented for `<<Dl as si::Dimension>::I as std::ops::Sub<<Dr as si::Dimension>::I>>::Output`
[INFO] [stdout]     | 
[INFO] [stdout]    ::: /opt/rustwide/cargo-home/registry/src/github.com-1ecc6299db9ec823/uom-0.23.1/src/si/mod.rs:10:1
[INFO] [stdout]     |
[INFO] [stdout] 10  | / system! {
[INFO] [stdout] 11  | |     /// [International System of Quantities](http://jcgm.bipm.org/vim/en/1.6.html) (ISQ).
[INFO] [stdout] 12  | |     quantities: ISQ {
[INFO] [stdout] 13  | |         /// Length, one of the base quantities in the ISQ, denoted by the symbol L. The base unit
[INFO] [stdout] ...   |
[INFO] [stdout] 75  | |     }
[INFO] [stdout] 76  | | }
[INFO] [stdout]     | |_- in this macro invocation
[INFO] [stdout]     |
[INFO] [stdout]     = note: this error originates in a macro (in Nightly builds, run with -Z macro-backtrace for more info)
[INFO] [stdout] 
[INFO] [stdout] 
[INFO] [stdout] error[E0277]: the trait bound `<<Dl as si::Dimension>::Th as std::ops::Sub<<Dr as si::Dimension>::Th>>::Output: Integer` is not satisfied
[INFO] [stdout]    --> /opt/rustwide/cargo-home/registry/src/github.com-1ecc6299db9ec823/uom-0.23.1/src/system.rs:429:71
[INFO] [stdout]     |
[INFO] [stdout] 236 |           pub struct Quantity<D, U, V>
[INFO] [stdout]     |                      -------- required by a bound in this
[INFO] [stdout] 237 |           where
[INFO] [stdout] 238 |               D: Dimension + ?Sized,
[INFO] [stdout]     |                  --------- required by this bound in `si::Quantity`
[INFO] [stdout] ...
[INFO] [stdout] 429 |                       fn $muldiv_fun(self, rhs: Quantity<Dr, Ur, V>) -> Self::Output {
[INFO] [stdout]     |                                                                         ^^^^^^^^^^^^ the trait `Integer` is not implemented for `<<Dl as si::Dimension>::Th as std::ops::Sub<<Dr as si::Dimension>::Th>>::Output`
[INFO] [stdout]     | 
[INFO] [stdout]    ::: /opt/rustwide/cargo-home/registry/src/github.com-1ecc6299db9ec823/uom-0.23.1/src/si/mod.rs:10:1
[INFO] [stdout]     |
[INFO] [stdout] 10  | / system! {
[INFO] [stdout] 11  | |     /// [International System of Quantities](http://jcgm.bipm.org/vim/en/1.6.html) (ISQ).
[INFO] [stdout] 12  | |     quantities: ISQ {
[INFO] [stdout] 13  | |         /// Length, one of the base quantities in the ISQ, denoted by the symbol L. The base unit
[INFO] [stdout] ...   |
[INFO] [stdout] 75  | |     }
[INFO] [stdout] 76  | | }
[INFO] [stdout]     | |_- in this macro invocation
[INFO] [stdout]     |
[INFO] [stdout]     = note: this error originates in a macro (in Nightly builds, run with -Z macro-backtrace for more info)
[INFO] [stdout] 
[INFO] [stdout] 
[INFO] [stdout] error[E0277]: the trait bound `<<Dl as si::Dimension>::N as std::ops::Sub<<Dr as si::Dimension>::N>>::Output: Integer` is not satisfied
[INFO] [stdout]    --> /opt/rustwide/cargo-home/registry/src/github.com-1ecc6299db9ec823/uom-0.23.1/src/system.rs:429:71
[INFO] [stdout]     |
[INFO] [stdout] 236 |           pub struct Quantity<D, U, V>
[INFO] [stdout]     |                      -------- required by a bound in this
[INFO] [stdout] 237 |           where
[INFO] [stdout] 238 |               D: Dimension + ?Sized,
[INFO] [stdout]     |                  --------- required by this bound in `si::Quantity`
[INFO] [stdout] ...
[INFO] [stdout] 429 |                       fn $muldiv_fun(self, rhs: Quantity<Dr, Ur, V>) -> Self::Output {
[INFO] [stdout]     |                                                                         ^^^^^^^^^^^^ the trait `Integer` is not implemented for `<<Dl as si::Dimension>::N as std::ops::Sub<<Dr as si::Dimension>::N>>::Output`
[INFO] [stdout]     | 
[INFO] [stdout]    ::: /opt/rustwide/cargo-home/registry/src/github.com-1ecc6299db9ec823/uom-0.23.1/src/si/mod.rs:10:1
[INFO] [stdout]     |
[INFO] [stdout] 10  | / system! {
[INFO] [stdout] 11  | |     /// [International System of Quantities](http://jcgm.bipm.org/vim/en/1.6.html) (ISQ).
[INFO] [stdout] 12  | |     quantities: ISQ {
[INFO] [stdout] 13  | |         /// Length, one of the base quantities in the ISQ, denoted by the symbol L. The base unit
[INFO] [stdout] ...   |
[INFO] [stdout] 75  | |     }
[INFO] [stdout] 76  | | }
[INFO] [stdout]     | |_- in this macro invocation
[INFO] [stdout]     |
[INFO] [stdout]     = note: this error originates in a macro (in Nightly builds, run with -Z macro-backtrace for more info)
[INFO] [stdout] 
[INFO] [stdout] 
[INFO] [stdout] error[E0277]: the trait bound `<<Dl as si::Dimension>::J as std::ops::Sub<<Dr as si::Dimension>::J>>::Output: Integer` is not satisfied
[INFO] [stdout]    --> /opt/rustwide/cargo-home/registry/src/github.com-1ecc6299db9ec823/uom-0.23.1/src/system.rs:429:71
[INFO] [stdout]     |
[INFO] [stdout] 236 |           pub struct Quantity<D, U, V>
[INFO] [stdout]     |                      -------- required by a bound in this
[INFO] [stdout] 237 |           where
[INFO] [stdout] 238 |               D: Dimension + ?Sized,
[INFO] [stdout]     |                  --------- required by this bound in `si::Quantity`
[INFO] [stdout] ...
[INFO] [stdout] 429 |                       fn $muldiv_fun(self, rhs: Quantity<Dr, Ur, V>) -> Self::Output {
[INFO] [stdout]     |                                                                         ^^^^^^^^^^^^ the trait `Integer` is not implemented for `<<Dl as si::Dimension>::J as std::ops::Sub<<Dr as si::Dimension>::J>>::Output`
[INFO] [stdout]     | 
[INFO] [stdout]    ::: /opt/rustwide/cargo-home/registry/src/github.com-1ecc6299db9ec823/uom-0.23.1/src/si/mod.rs:10:1
[INFO] [stdout]     |
[INFO] [stdout] 10  | / system! {
[INFO] [stdout] 11  | |     /// [International System of Quantities](http://jcgm.bipm.org/vim/en/1.6.html) (ISQ).
[INFO] [stdout] 12  | |     quantities: ISQ {
[INFO] [stdout] 13  | |         /// Length, one of the base quantities in the ISQ, denoted by the symbol L. The base unit
[INFO] [stdout] ...   |
[INFO] [stdout] 75  | |     }
[INFO] [stdout] 76  | | }
[INFO] [stdout]     | |_- in this macro invocation
[INFO] [stdout]     |
[INFO] [stdout]     = note: this error originates in a macro (in Nightly builds, run with -Z macro-backtrace for more info)
[INFO] [stdout] 
[INFO] [stdout] 
[INFO] [stderr]    Compiling synstructure v0.10.2
[INFO] [stdout] error[E0277]: the trait bound `<Z0 as std::ops::Sub<<D as si::Dimension>::L>>::Output: Integer` is not satisfied
[INFO] [stdout]    --> /opt/rustwide/cargo-home/registry/src/github.com-1ecc6299db9ec823/uom-0.23.1/src/system.rs:509:29
[INFO] [stdout]     |
[INFO] [stdout] 236 |           pub struct Quantity<D, U, V>
[INFO] [stdout]     |                      -------- required by a bound in this
[INFO] [stdout] 237 |           where
[INFO] [stdout] 238 |               D: Dimension + ?Sized,
[INFO] [stdout]     |                  --------- required by this bound in `si::Quantity`
[INFO] [stdout] ...
[INFO] [stdout] 509 | /                             type Output = Quantity<
[INFO] [stdout] 510 | |                                 $quantities<
[INFO] [stdout] 511 | |                                     $($crate::typenum::$AddSubAlias<
[INFO] [stdout] 512 | |                                       $crate::typenum::Z0,
[INFO] [stdout] 513 | |                                       D::$symbol>,)+
[INFO] [stdout] 514 | |                                       D::Kind>,
[INFO] [stdout] 515 | |                                 U, V>;
[INFO] [stdout]     | |______________________________________^ the trait `Integer` is not implemented for `<Z0 as std::ops::Sub<<D as si::Dimension>::L>>::Output`
[INFO] [stdout]     | 
[INFO] [stdout]    ::: /opt/rustwide/cargo-home/registry/src/github.com-1ecc6299db9ec823/uom-0.23.1/src/si/mod.rs:10:1
[INFO] [stdout]     |
[INFO] [stdout] 10  | / system! {
[INFO] [stdout] 11  | |     /// [International System of Quantities](http://jcgm.bipm.org/vim/en/1.6.html) (ISQ).
[INFO] [stdout] 12  | |     quantities: ISQ {
[INFO] [stdout] 13  | |         /// Length, one of the base quantities in the ISQ, denoted by the symbol L. The base unit
[INFO] [stdout] ...   |
[INFO] [stdout] 75  | |     }
[INFO] [stdout] 76  | | }
[INFO] [stdout]     | |_- in this macro invocation
[INFO] [stdout]     |
[INFO] [stdout]     = note: this error originates in a macro (in Nightly builds, run with -Z macro-backtrace for more info)
[INFO] [stdout] 
[INFO] [stdout] 
[INFO] [stdout] error[E0277]: the trait bound `<Z0 as std::ops::Sub<<D as si::Dimension>::M>>::Output: Integer` is not satisfied
[INFO] [stdout]    --> /opt/rustwide/cargo-home/registry/src/github.com-1ecc6299db9ec823/uom-0.23.1/src/system.rs:509:29
[INFO] [stdout]     |
[INFO] [stdout] 236 |           pub struct Quantity<D, U, V>
[INFO] [stdout]     |                      -------- required by a bound in this
[INFO] [stdout] 237 |           where
[INFO] [stdout] 238 |               D: Dimension + ?Sized,
[INFO] [stdout]     |                  --------- required by this bound in `si::Quantity`
[INFO] [stdout] ...
[INFO] [stdout] 509 | /                             type Output = Quantity<
[INFO] [stdout] 510 | |                                 $quantities<
[INFO] [stdout] 511 | |                                     $($crate::typenum::$AddSubAlias<
[INFO] [stdout] 512 | |                                       $crate::typenum::Z0,
[INFO] [stdout] 513 | |                                       D::$symbol>,)+
[INFO] [stdout] 514 | |                                       D::Kind>,
[INFO] [stdout] 515 | |                                 U, V>;
[INFO] [stdout]     | |______________________________________^ the trait `Integer` is not implemented for `<Z0 as std::ops::Sub<<D as si::Dimension>::M>>::Output`
[INFO] [stdout]     | 
[INFO] [stdout]    ::: /opt/rustwide/cargo-home/registry/src/github.com-1ecc6299db9ec823/uom-0.23.1/src/si/mod.rs:10:1
[INFO] [stdout]     |
[INFO] [stdout] 10  | / system! {
[INFO] [stdout] 11  | |     /// [International System of Quantities](http://jcgm.bipm.org/vim/en/1.6.html) (ISQ).
[INFO] [stdout] 12  | |     quantities: ISQ {
[INFO] [stdout] 13  | |         /// Length, one of the base quantities in the ISQ, denoted by the symbol L. The base unit
[INFO] [stdout] ...   |
[INFO] [stdout] 75  | |     }
[INFO] [stdout] 76  | | }
[INFO] [stdout]     | |_- in this macro invocation
[INFO] [stdout]     |
[INFO] [stdout]     = note: this error originates in a macro (in Nightly builds, run with -Z macro-backtrace for more info)
[INFO] [stdout] 
[INFO] [stdout] 
[INFO] [stdout] error[E0277]: the trait bound `<Z0 as std::ops::Sub<<D as si::Dimension>::T>>::Output: Integer` is not satisfied
[INFO] [stdout]    --> /opt/rustwide/cargo-home/registry/src/github.com-1ecc6299db9ec823/uom-0.23.1/src/system.rs:509:29
[INFO] [stdout]     |
[INFO] [stdout] 236 |           pub struct Quantity<D, U, V>
[INFO] [stdout]     |                      -------- required by a bound in this
[INFO] [stdout] 237 |           where
[INFO] [stdout] 238 |               D: Dimension + ?Sized,
[INFO] [stdout]     |                  --------- required by this bound in `si::Quantity`
[INFO] [stdout] ...
[INFO] [stdout] 509 | /                             type Output = Quantity<
[INFO] [stdout] 510 | |                                 $quantities<
[INFO] [stdout] 511 | |                                     $($crate::typenum::$AddSubAlias<
[INFO] [stdout] 512 | |                                       $crate::typenum::Z0,
[INFO] [stdout] 513 | |                                       D::$symbol>,)+
[INFO] [stdout] 514 | |                                       D::Kind>,
[INFO] [stdout] 515 | |                                 U, V>;
[INFO] [stdout]     | |______________________________________^ the trait `Integer` is not implemented for `<Z0 as std::ops::Sub<<D as si::Dimension>::T>>::Output`
[INFO] [stdout]     | 
[INFO] [stdout]    ::: /opt/rustwide/cargo-home/registry/src/github.com-1ecc6299db9ec823/uom-0.23.1/src/si/mod.rs:10:1
[INFO] [stdout]     |
[INFO] [stdout] 10  | / system! {
[INFO] [stdout] 11  | |     /// [International System of Quantities](http://jcgm.bipm.org/vim/en/1.6.html) (ISQ).
[INFO] [stdout] 12  | |     quantities: ISQ {
[INFO] [stdout] 13  | |         /// Length, one of the base quantities in the ISQ, denoted by the symbol L. The base unit
[INFO] [stdout] ...   |
[INFO] [stdout] 75  | |     }
[INFO] [stdout] 76  | | }
[INFO] [stdout]     | |_- in this macro invocation
[INFO] [stdout]     |
[INFO] [stdout]     = note: this error originates in a macro (in Nightly builds, run with -Z macro-backtrace for more info)
[INFO] [stdout] 
[INFO] [stdout] 
[INFO] [stdout] error[E0277]: the trait bound `<Z0 as std::ops::Sub<<D as si::Dimension>::I>>::Output: Integer` is not satisfied
[INFO] [stdout]    --> /opt/rustwide/cargo-home/registry/src/github.com-1ecc6299db9ec823/uom-0.23.1/src/system.rs:509:29
[INFO] [stdout]     |
[INFO] [stdout] 236 |           pub struct Quantity<D, U, V>
[INFO] [stdout]     |                      -------- required by a bound in this
[INFO] [stdout] 237 |           where
[INFO] [stdout] 238 |               D: Dimension + ?Sized,
[INFO] [stdout]     |                  --------- required by this bound in `si::Quantity`
[INFO] [stdout] ...
[INFO] [stdout] 509 | /                             type Output = Quantity<
[INFO] [stdout] 510 | |                                 $quantities<
[INFO] [stdout] 511 | |                                     $($crate::typenum::$AddSubAlias<
[INFO] [stdout] 512 | |                                       $crate::typenum::Z0,
[INFO] [stdout] 513 | |                                       D::$symbol>,)+
[INFO] [stdout] 514 | |                                       D::Kind>,
[INFO] [stdout] 515 | |                                 U, V>;
[INFO] [stdout]     | |______________________________________^ the trait `Integer` is not implemented for `<Z0 as std::ops::Sub<<D as si::Dimension>::I>>::Output`
[INFO] [stdout]     | 
[INFO] [stdout]    ::: /opt/rustwide/cargo-home/registry/src/github.com-1ecc6299db9ec823/uom-0.23.1/src/si/mod.rs:10:1
[INFO] [stdout]     |
[INFO] [stdout] 10  | / system! {
[INFO] [stdout] 11  | |     /// [International System of Quantities](http://jcgm.bipm.org/vim/en/1.6.html) (ISQ).
[INFO] [stdout] 12  | |     quantities: ISQ {
[INFO] [stdout] 13  | |         /// Length, one of the base quantities in the ISQ, denoted by the symbol L. The base unit
[INFO] [stdout] ...   |
[INFO] [stdout] 75  | |     }
[INFO] [stdout] 76  | | }
[INFO] [stdout]     | |_- in this macro invocation
[INFO] [stdout]     |
[INFO] [stdout]     = note: this error originates in a macro (in Nightly builds, run with -Z macro-backtrace for more info)
[INFO] [stdout] 
[INFO] [stdout] 
[INFO] [stdout] error[E0277]: the trait bound `<Z0 as std::ops::Sub<<D as si::Dimension>::Th>>::Output: Integer` is not satisfied
[INFO] [stdout]    --> /opt/rustwide/cargo-home/registry/src/github.com-1ecc6299db9ec823/uom-0.23.1/src/system.rs:509:29
[INFO] [stdout]     |
[INFO] [stdout] 236 |           pub struct Quantity<D, U, V>
[INFO] [stdout]     |                      -------- required by a bound in this
[INFO] [stdout] 237 |           where
[INFO] [stdout] 238 |               D: Dimension + ?Sized,
[INFO] [stdout]     |                  --------- required by this bound in `si::Quantity`
[INFO] [stdout] ...
[INFO] [stdout] 509 | /                             type Output = Quantity<
[INFO] [stdout] 510 | |                                 $quantities<
[INFO] [stdout] 511 | |                                     $($crate::typenum::$AddSubAlias<
[INFO] [stdout] 512 | |                                       $crate::typenum::Z0,
[INFO] [stdout] 513 | |                                       D::$symbol>,)+
[INFO] [stdout] 514 | |                                       D::Kind>,
[INFO] [stdout] 515 | |                                 U, V>;
[INFO] [stdout]     | |______________________________________^ the trait `Integer` is not implemented for `<Z0 as std::ops::Sub<<D as si::Dimension>::Th>>::Output`
[INFO] [stdout]     | 
[INFO] [stdout]    ::: /opt/rustwide/cargo-home/registry/src/github.com-1ecc6299db9ec823/uom-0.23.1/src/si/mod.rs:10:1
[INFO] [stdout]     |
[INFO] [stdout] 10  | / system! {
[INFO] [stdout] 11  | |     /// [International System of Quantities](http://jcgm.bipm.org/vim/en/1.6.html) (ISQ).
[INFO] [stdout] 12  | |     quantities: ISQ {
[INFO] [stdout] 13  | |         /// Length, one of the base quantities in the ISQ, denoted by the symbol L. The base unit
[INFO] [stdout] ...   |
[INFO] [stdout] 75  | |     }
[INFO] [stdout] 76  | | }
[INFO] [stdout]     | |_- in this macro invocation
[INFO] [stdout]     |
[INFO] [stdout]     = note: this error originates in a macro (in Nightly builds, run with -Z macro-backtrace for more info)
[INFO] [stdout] 
[INFO] [stdout] 
[INFO] [stdout] error[E0277]: the trait bound `<Z0 as std::ops::Sub<<D as si::Dimension>::N>>::Output: Integer` is not satisfied
[INFO] [stdout]    --> /opt/rustwide/cargo-home/registry/src/github.com-1ecc6299db9ec823/uom-0.23.1/src/system.rs:509:29
[INFO] [stdout]     |
[INFO] [stdout] 236 |           pub struct Quantity<D, U, V>
[INFO] [stdout]     |                      -------- required by a bound in this
[INFO] [stdout] 237 |           where
[INFO] [stdout] 238 |               D: Dimension + ?Sized,
[INFO] [stdout]     |                  --------- required by this bound in `si::Quantity`
[INFO] [stdout] ...
[INFO] [stdout] 509 | /                             type Output = Quantity<
[INFO] [stdout] 510 | |                                 $quantities<
[INFO] [stdout] 511 | |                                     $($crate::typenum::$AddSubAlias<
[INFO] [stdout] 512 | |                                       $crate::typenum::Z0,
[INFO] [stdout] 513 | |                                       D::$symbol>,)+
[INFO] [stdout] 514 | |                                       D::Kind>,
[INFO] [stdout] 515 | |                                 U, V>;
[INFO] [stdout]     | |______________________________________^ the trait `Integer` is not implemented for `<Z0 as std::ops::Sub<<D as si::Dimension>::N>>::Output`
[INFO] [stdout]     | 
[INFO] [stdout]    ::: /opt/rustwide/cargo-home/registry/src/github.com-1ecc6299db9ec823/uom-0.23.1/src/si/mod.rs:10:1
[INFO] [stdout]     |
[INFO] [stdout] 10  | / system! {
[INFO] [stdout] 11  | |     /// [International System of Quantities](http://jcgm.bipm.org/vim/en/1.6.html) (ISQ).
[INFO] [stdout] 12  | |     quantities: ISQ {
[INFO] [stdout] 13  | |         /// Length, one of the base quantities in the ISQ, denoted by the symbol L. The base unit
[INFO] [stdout] ...   |
[INFO] [stdout] 75  | |     }
[INFO] [stdout] 76  | | }
[INFO] [stdout]     | |_- in this macro invocation
[INFO] [stdout]     |
[INFO] [stdout]     = note: this error originates in a macro (in Nightly builds, run with -Z macro-backtrace for more info)
[INFO] [stdout] 
[INFO] [stdout] 
[INFO] [stdout] error[E0277]: the trait bound `<Z0 as std::ops::Sub<<D as si::Dimension>::J>>::Output: Integer` is not satisfied
[INFO] [stdout]    --> /opt/rustwide/cargo-home/registry/src/github.com-1ecc6299db9ec823/uom-0.23.1/src/system.rs:509:29
[INFO] [stdout]     |
[INFO] [stdout] 236 |           pub struct Quantity<D, U, V>
[INFO] [stdout]     |                      -------- required by a bound in this
[INFO] [stdout] 237 |           where
[INFO] [stdout] 238 |               D: Dimension + ?Sized,
[INFO] [stdout]     |                  --------- required by this bound in `si::Quantity`
[INFO] [stdout] ...
[INFO] [stdout] 509 | /                             type Output = Quantity<
[INFO] [stdout] 510 | |                                 $quantities<
[INFO] [stdout] 511 | |                                     $($crate::typenum::$AddSubAlias<
[INFO] [stdout] 512 | |                                       $crate::typenum::Z0,
[INFO] [stdout] 513 | |                                       D::$symbol>,)+
[INFO] [stdout] 514 | |                                       D::Kind>,
[INFO] [stdout] 515 | |                                 U, V>;
[INFO] [stdout]     | |______________________________________^ the trait `Integer` is not implemented for `<Z0 as std::ops::Sub<<D as si::Dimension>::J>>::Output`
[INFO] [stdout]     | 
[INFO] [stdout]    ::: /opt/rustwide/cargo-home/registry/src/github.com-1ecc6299db9ec823/uom-0.23.1/src/si/mod.rs:10:1
[INFO] [stdout]     |
[INFO] [stdout] 10  | / system! {
[INFO] [stdout] 11  | |     /// [International System of Quantities](http://jcgm.bipm.org/vim/en/1.6.html) (ISQ).
[INFO] [stdout] 12  | |     quantities: ISQ {
[INFO] [stdout] 13  | |         /// Length, one of the base quantities in the ISQ, denoted by the symbol L. The base unit
[INFO] [stdout] ...   |
[INFO] [stdout] 75  | |     }
[INFO] [stdout] 76  | | }
[INFO] [stdout]     | |_- in this macro invocation
[INFO] [stdout]     |
[INFO] [stdout]     = note: this error originates in a macro (in Nightly builds, run with -Z macro-backtrace for more info)
[INFO] [stdout] 
[INFO] [stdout] 
[INFO] [stdout] error[E0277]: the trait bound `<Z0 as std::ops::Sub<<D as si::Dimension>::L>>::Output: Integer` is not satisfied
[INFO] [stdout]    --> /opt/rustwide/cargo-home/registry/src/github.com-1ecc6299db9ec823/uom-0.23.1/src/system.rs:518:77
[INFO] [stdout]     |
[INFO] [stdout] 236 |           pub struct Quantity<D, U, V>
[INFO] [stdout]     |                      -------- required by a bound in this
[INFO] [stdout] 237 |           where
[INFO] [stdout] 238 |               D: Dimension + ?Sized,
[INFO] [stdout]     |                  --------- required by this bound in `si::Quantity`
[INFO] [stdout] ...
[INFO] [stdout] 518 |                               fn $muldiv_fun(self, rhs: Quantity<D, U, V>) -> Self::Output {
[INFO] [stdout]     |                                                                               ^^^^^^^^^^^^ the trait `Integer` is not implemented for `<Z0 as std::ops::Sub<<D as si::Dimension>::L>>::Output`
[INFO] [stdout]     | 
[INFO] [stdout]    ::: /opt/rustwide/cargo-home/registry/src/github.com-1ecc6299db9ec823/uom-0.23.1/src/si/mod.rs:10:1
[INFO] [stdout]     |
[INFO] [stdout] 10  | / system! {
[INFO] [stdout] 11  | |     /// [International System of Quantities](http://jcgm.bipm.org/vim/en/1.6.html) (ISQ).
[INFO] [stdout] 12  | |     quantities: ISQ {
[INFO] [stdout] 13  | |         /// Length, one of the base quantities in the ISQ, denoted by the symbol L. The base unit
[INFO] [stdout] ...   |
[INFO] [stdout] 75  | |     }
[INFO] [stdout] 76  | | }
[INFO] [stdout]     | |_- in this macro invocation
[INFO] [stdout]     |
[INFO] [stdout]     = note: this error originates in a macro (in Nightly builds, run with -Z macro-backtrace for more info)
[INFO] [stdout] 
[INFO] [stdout] 
[INFO] [stdout] error[E0277]: the trait bound `<Z0 as std::ops::Sub<<D as si::Dimension>::M>>::Output: Integer` is not satisfied
[INFO] [stdout]    --> /opt/rustwide/cargo-home/registry/src/github.com-1ecc6299db9ec823/uom-0.23.1/src/system.rs:518:77
[INFO] [stdout]     |
[INFO] [stdout] 236 |           pub struct Quantity<D, U, V>
[INFO] [stdout]     |                      -------- required by a bound in this
[INFO] [stdout] 237 |           where
[INFO] [stdout] 238 |               D: Dimension + ?Sized,
[INFO] [stdout]     |                  --------- required by this bound in `si::Quantity`
[INFO] [stdout] ...
[INFO] [stdout] 518 |                               fn $muldiv_fun(self, rhs: Quantity<D, U, V>) -> Self::Output {
[INFO] [stdout]     |                                                                               ^^^^^^^^^^^^ the trait `Integer` is not implemented for `<Z0 as std::ops::Sub<<D as si::Dimension>::M>>::Output`
[INFO] [stdout]     | 
[INFO] [stdout]    ::: /opt/rustwide/cargo-home/registry/src/github.com-1ecc6299db9ec823/uom-0.23.1/src/si/mod.rs:10:1
[INFO] [stdout]     |
[INFO] [stdout] 10  | / system! {
[INFO] [stdout] 11  | |     /// [International System of Quantities](http://jcgm.bipm.org/vim/en/1.6.html) (ISQ).
[INFO] [stdout] 12  | |     quantities: ISQ {
[INFO] [stdout] 13  | |         /// Length, one of the base quantities in the ISQ, denoted by the symbol L. The base unit
[INFO] [stdout] ...   |
[INFO] [stdout] 75  | |     }
[INFO] [stdout] 76  | | }
[INFO] [stdout]     | |_- in this macro invocation
[INFO] [stdout]     |
[INFO] [stdout]     = note: this error originates in a macro (in Nightly builds, run with -Z macro-backtrace for more info)
[INFO] [stdout] 
[INFO] [stdout] 
[INFO] [stdout] error[E0277]: the trait bound `<Z0 as std::ops::Sub<<D as si::Dimension>::T>>::Output: Integer` is not satisfied
[INFO] [stdout]    --> /opt/rustwide/cargo-home/registry/src/github.com-1ecc6299db9ec823/uom-0.23.1/src/system.rs:518:77
[INFO] [stdout]     |
[INFO] [stdout] 236 |           pub struct Quantity<D, U, V>
[INFO] [stdout]     |                      -------- required by a bound in this
[INFO] [stdout] 237 |           where
[INFO] [stdout] 238 |               D: Dimension + ?Sized,
[INFO] [stdout]     |                  --------- required by this bound in `si::Quantity`
[INFO] [stdout] ...
[INFO] [stdout] 518 |                               fn $muldiv_fun(self, rhs: Quantity<D, U, V>) -> Self::Output {
[INFO] [stdout]     |                                                                               ^^^^^^^^^^^^ the trait `Integer` is not implemented for `<Z0 as std::ops::Sub<<D as si::Dimension>::T>>::Output`
[INFO] [stdout]     | 
[INFO] [stdout]    ::: /opt/rustwide/cargo-home/registry/src/github.com-1ecc6299db9ec823/uom-0.23.1/src/si/mod.rs:10:1
[INFO] [stdout]     |
[INFO] [stdout] 10  | / system! {
[INFO] [stdout] 11  | |     /// [International System of Quantities](http://jcgm.bipm.org/vim/en/1.6.html) (ISQ).
[INFO] [stdout] 12  | |     quantities: ISQ {
[INFO] [stdout] 13  | |         /// Length, one of the base quantities in the ISQ, denoted by the symbol L. The base unit
[INFO] [stdout] ...   |
[INFO] [stdout] 75  | |     }
[INFO] [stdout] 76  | | }
[INFO] [stdout]     | |_- in this macro invocation
[INFO] [stdout]     |
[INFO] [stdout]     = note: this error originates in a macro (in Nightly builds, run with -Z macro-backtrace for more info)
[INFO] [stdout] 
[INFO] [stdout] 
[INFO] [stdout] error[E0277]: the trait bound `<Z0 as std::ops::Sub<<D as si::Dimension>::I>>::Output: Integer` is not satisfied
[INFO] [stdout]    --> /opt/rustwide/cargo-home/registry/src/github.com-1ecc6299db9ec823/uom-0.23.1/src/system.rs:518:77
[INFO] [stdout]     |
[INFO] [stdout] 236 |           pub struct Quantity<D, U, V>
[INFO] [stdout]     |                      -------- required by a bound in this
[INFO] [stdout] 237 |           where
[INFO] [stdout] 238 |               D: Dimension + ?Sized,
[INFO] [stdout]     |                  --------- required by this bound in `si::Quantity`
[INFO] [stdout] ...
[INFO] [stdout] 518 |                               fn $muldiv_fun(self, rhs: Quantity<D, U, V>) -> Self::Output {
[INFO] [stdout]     |                                                                               ^^^^^^^^^^^^ the trait `Integer` is not implemented for `<Z0 as std::ops::Sub<<D as si::Dimension>::I>>::Output`
[INFO] [stdout]     | 
[INFO] [stdout]    ::: /opt/rustwide/cargo-home/registry/src/github.com-1ecc6299db9ec823/uom-0.23.1/src/si/mod.rs:10:1
[INFO] [stdout]     |
[INFO] [stdout] 10  | / system! {
[INFO] [stdout] 11  | |     /// [International System of Quantities](http://jcgm.bipm.org/vim/en/1.6.html) (ISQ).
[INFO] [stdout] 12  | |     quantities: ISQ {
[INFO] [stdout] 13  | |         /// Length, one of the base quantities in the ISQ, denoted by the symbol L. The base unit
[INFO] [stdout] ...   |
[INFO] [stdout] 75  | |     }
[INFO] [stdout] 76  | | }
[INFO] [stdout]     | |_- in this macro invocation
[INFO] [stdout]     |
[INFO] [stdout]     = note: this error originates in a macro (in Nightly builds, run with -Z macro-backtrace for more info)
[INFO] [stdout] 
[INFO] [stdout] 
[INFO] [stdout] error[E0277]: the trait bound `<Z0 as std::ops::Sub<<D as si::Dimension>::Th>>::Output: Integer` is not satisfied
[INFO] [stdout]    --> /opt/rustwide/cargo-home/registry/src/github.com-1ecc6299db9ec823/uom-0.23.1/src/system.rs:518:77
[INFO] [stdout]     |
[INFO] [stdout] 236 |           pub struct Quantity<D, U, V>
[INFO] [stdout]     |                      -------- required by a bound in this
[INFO] [stdout] 237 |           where
[INFO] [stdout] 238 |               D: Dimension + ?Sized,
[INFO] [stdout]     |                  --------- required by this bound in `si::Quantity`
[INFO] [stdout] ...
[INFO] [stdout] 518 |                               fn $muldiv_fun(self, rhs: Quantity<D, U, V>) -> Self::Output {
[INFO] [stdout]     |                                                                               ^^^^^^^^^^^^ the trait `Integer` is not implemented for `<Z0 as std::ops::Sub<<D as si::Dimension>::Th>>::Output`
[INFO] [stdout]     | 
[INFO] [stdout]    ::: /opt/rustwide/cargo-home/registry/src/github.com-1ecc6299db9ec823/uom-0.23.1/src/si/mod.rs:10:1
[INFO] [stdout]     |
[INFO] [stdout] 10  | / system! {
[INFO] [stdout] 11  | |     /// [International System of Quantities](http://jcgm.bipm.org/vim/en/1.6.html) (ISQ).
[INFO] [stdout] 12  | |     quantities: ISQ {
[INFO] [stdout] 13  | |         /// Length, one of the base quantities in the ISQ, denoted by the symbol L. The base unit
[INFO] [stdout] ...   |
[INFO] [stdout] 75  | |     }
[INFO] [stdout] 76  | | }
[INFO] [stdout]     | |_- in this macro invocation
[INFO] [stdout]     |
[INFO] [stdout]     = note: this error originates in a macro (in Nightly builds, run with -Z macro-backtrace for more info)
[INFO] [stdout] 
[INFO] [stdout] 
[INFO] [stdout] error[E0277]: the trait bound `<Z0 as std::ops::Sub<<D as si::Dimension>::N>>::Output: Integer` is not satisfied
[INFO] [stdout]    --> /opt/rustwide/cargo-home/registry/src/github.com-1ecc6299db9ec823/uom-0.23.1/src/system.rs:518:77
[INFO] [stdout]     |
[INFO] [stdout] 236 |           pub struct Quantity<D, U, V>
[INFO] [stdout]     |                      -------- required by a bound in this
[INFO] [stdout] 237 |           where
[INFO] [stdout] 238 |               D: Dimension + ?Sized,
[INFO] [stdout]     |                  --------- required by this bound in `si::Quantity`
[INFO] [stdout] ...
[INFO] [stdout] 518 |                               fn $muldiv_fun(self, rhs: Quantity<D, U, V>) -> Self::Output {
[INFO] [stdout]     |                                                                               ^^^^^^^^^^^^ the trait `Integer` is not implemented for `<Z0 as std::ops::Sub<<D as si::Dimension>::N>>::Output`
[INFO] [stdout]     | 
[INFO] [stdout]    ::: /opt/rustwide/cargo-home/registry/src/github.com-1ecc6299db9ec823/uom-0.23.1/src/si/mod.rs:10:1
[INFO] [stdout]     |
[INFO] [stdout] 10  | / system! {
[INFO] [stdout] 11  | |     /// [International System of Quantities](http://jcgm.bipm.org/vim/en/1.6.html) (ISQ).
[INFO] [stdout] 12  | |     quantities: ISQ {
[INFO] [stdout] 13  | |         /// Length, one of the base quantities in the ISQ, denoted by the symbol L. The base unit
[INFO] [stdout] ...   |
[INFO] [stdout] 75  | |     }
[INFO] [stdout] 76  | | }
[INFO] [stdout]     | |_- in this macro invocation
[INFO] [stdout]     |
[INFO] [stdout]     = note: this error originates in a macro (in Nightly builds, run with -Z macro-backtrace for more info)
[INFO] [stdout] 
[INFO] [stdout] 
[INFO] [stdout] error[E0277]: the trait bound `<Z0 as std::ops::Sub<<D as si::Dimension>::J>>::Output: Integer` is not satisfied
[INFO] [stdout]    --> /opt/rustwide/cargo-home/registry/src/github.com-1ecc6299db9ec823/uom-0.23.1/src/system.rs:518:77
[INFO] [stdout]     |
[INFO] [stdout] 236 |           pub struct Quantity<D, U, V>
[INFO] [stdout]     |                      -------- required by a bound in this
[INFO] [stdout] 237 |           where
[INFO] [stdout] 238 |               D: Dimension + ?Sized,
[INFO] [stdout]     |                  --------- required by this bound in `si::Quantity`
[INFO] [stdout] ...
[INFO] [stdout] 518 |                               fn $muldiv_fun(self, rhs: Quantity<D, U, V>) -> Self::Output {
[INFO] [stdout]     |                                                                               ^^^^^^^^^^^^ the trait `Integer` is not implemented for `<Z0 as std::ops::Sub<<D as si::Dimension>::J>>::Output`
[INFO] [stdout]     | 
[INFO] [stdout]    ::: /opt/rustwide/cargo-home/registry/src/github.com-1ecc6299db9ec823/uom-0.23.1/src/si/mod.rs:10:1
[INFO] [stdout]     |
[INFO] [stdout] 10  | / system! {
[INFO] [stdout] 11  | |     /// [International System of Quantities](http://jcgm.bipm.org/vim/en/1.6.html) (ISQ).
[INFO] [stdout] 12  | |     quantities: ISQ {
[INFO] [stdout] 13  | |         /// Length, one of the base quantities in the ISQ, denoted by the symbol L. The base unit
[INFO] [stdout] ...   |
[INFO] [stdout] 75  | |     }
[INFO] [stdout] 76  | | }
[INFO] [stdout]     | |_- in this macro invocation
[INFO] [stdout]     |
[INFO] [stdout]     = note: this error originates in a macro (in Nightly builds, run with -Z macro-backtrace for more info)
[INFO] [stdout] 
[INFO] [stdout] 
[INFO] [stdout] error[E0277]: the trait bound `<<D as si::Dimension>::L as typenum::PartialDiv<PInt<UInt<UInt<UTerm, B1>, B1>>>>::Output: Integer` is not satisfied
[INFO] [stdout]    --> /opt/rustwide/cargo-home/registry/src/github.com-1ecc6299db9ec823/uom-0.23.1/src/system.rs:616:18
[INFO] [stdout]     |
[INFO] [stdout] 236 |           pub struct Quantity<D, U, V>
[INFO] [stdout]     |                      -------- required by a bound in this
[INFO] [stdout] 237 |           where
[INFO] [stdout] 238 |               D: Dimension + ?Sized,
[INFO] [stdout]     |                  --------- required by this bound in `si::Quantity`
[INFO] [stdout] ...
[INFO] [stdout] 616 |               ) -> Quantity<
[INFO] [stdout]     |  __________________^
[INFO] [stdout] 617 | |                 $quantities<$($crate::typenum::PartialQuot<D::$symbol, $crate::typenum::P3>),+>,
[INFO] [stdout] 618 | |                 U, V>
[INFO] [stdout]     | |_____________________^ the trait `Integer` is not implemented for `<<D as si::Dimension>::L as typenum::PartialDiv<PInt<UInt<UInt<UTerm, B1>, B1>>>>::Output`
[INFO] [stdout]     | 
[INFO] [stdout]    ::: /opt/rustwide/cargo-home/registry/src/github.com-1ecc6299db9ec823/uom-0.23.1/src/si/mod.rs:10:1
[INFO] [stdout]     |
[INFO] [stdout] 10  | / system! {
[INFO] [stdout] 11  | |     /// [International System of Quantities](http://jcgm.bipm.org/vim/en/1.6.html) (ISQ).
[INFO] [stdout] 12  | |     quantities: ISQ {
[INFO] [stdout] 13  | |         /// Length, one of the base quantities in the ISQ, denoted by the symbol L. The base unit
[INFO] [stdout] ...   |
[INFO] [stdout] 75  | |     }
[INFO] [stdout] 76  | | }
[INFO] [stdout]     | |_- in this macro invocation
[INFO] [stdout]     |
[INFO] [stdout]     = note: this error originates in a macro (in Nightly builds, run with -Z macro-backtrace for more info)
[INFO] [stdout] 
[INFO] [stdout] 
[INFO] [stdout] error[E0277]: the trait bound `<<D as si::Dimension>::M as typenum::PartialDiv<PInt<UInt<UInt<UTerm, B1>, B1>>>>::Output: Integer` is not satisfied
[INFO] [stdout]    --> /opt/rustwide/cargo-home/registry/src/github.com-1ecc6299db9ec823/uom-0.23.1/src/system.rs:616:18
[INFO] [stdout]     |
[INFO] [stdout] 236 |           pub struct Quantity<D, U, V>
[INFO] [stdout]     |                      -------- required by a bound in this
[INFO] [stdout] 237 |           where
[INFO] [stdout] 238 |               D: Dimension + ?Sized,
[INFO] [stdout]     |                  --------- required by this bound in `si::Quantity`
[INFO] [stdout] ...
[INFO] [stdout] 616 |               ) -> Quantity<
[INFO] [stdout]     |  __________________^
[INFO] [stdout] 617 | |                 $quantities<$($crate::typenum::PartialQuot<D::$symbol, $crate::typenum::P3>),+>,
[INFO] [stdout] 618 | |                 U, V>
[INFO] [stdout]     | |_____________________^ the trait `Integer` is not implemented for `<<D as si::Dimension>::M as typenum::PartialDiv<PInt<UInt<UInt<UTerm, B1>, B1>>>>::Output`
[INFO] [stdout]     | 
[INFO] [stdout]    ::: /opt/rustwide/cargo-home/registry/src/github.com-1ecc6299db9ec823/uom-0.23.1/src/si/mod.rs:10:1
[INFO] [stdout]     |
[INFO] [stdout] 10  | / system! {
[INFO] [stdout] 11  | |     /// [International System of Quantities](http://jcgm.bipm.org/vim/en/1.6.html) (ISQ).
[INFO] [stdout] 12  | |     quantities: ISQ {
[INFO] [stdout] 13  | |         /// Length, one of the base quantities in the ISQ, denoted by the symbol L. The base unit
[INFO] [stdout] ...   |
[INFO] [stdout] 75  | |     }
[INFO] [stdout] 76  | | }
[INFO] [stdout]     | |_- in this macro invocation
[INFO] [stdout]     |
[INFO] [stdout]     = note: this error originates in a macro (in Nightly builds, run with -Z macro-backtrace for more info)
[INFO] [stdout] 
[INFO] [stdout] 
[INFO] [stdout] error[E0277]: the trait bound `<<D as si::Dimension>::T as typenum::PartialDiv<PInt<UInt<UInt<UTerm, B1>, B1>>>>::Output: Integer` is not satisfied
[INFO] [stdout]    --> /opt/rustwide/cargo-home/registry/src/github.com-1ecc6299db9ec823/uom-0.23.1/src/system.rs:616:18
[INFO] [stdout]     |
[INFO] [stdout] 236 |           pub struct Quantity<D, U, V>
[INFO] [stdout]     |                      -------- required by a bound in this
[INFO] [stdout] 237 |           where
[INFO] [stdout] 238 |               D: Dimension + ?Sized,
[INFO] [stdout]     |                  --------- required by this bound in `si::Quantity`
[INFO] [stdout] ...
[INFO] [stdout] 616 |               ) -> Quantity<
[INFO] [stdout]     |  __________________^
[INFO] [stdout] 617 | |                 $quantities<$($crate::typenum::PartialQuot<D::$symbol, $crate::typenum::P3>),+>,
[INFO] [stdout] 618 | |                 U, V>
[INFO] [stdout]     | |_____________________^ the trait `Integer` is not implemented for `<<D as si::Dimension>::T as typenum::PartialDiv<PInt<UInt<UInt<UTerm, B1>, B1>>>>::Output`
[INFO] [stdout]     | 
[INFO] [stdout]    ::: /opt/rustwide/cargo-home/registry/src/github.com-1ecc6299db9ec823/uom-0.23.1/src/si/mod.rs:10:1
[INFO] [stdout]     |
[INFO] [stdout] 10  | / system! {
[INFO] [stdout] 11  | |     /// [International System of Quantities](http://jcgm.bipm.org/vim/en/1.6.html) (ISQ).
[INFO] [stdout] 12  | |     quantities: ISQ {
[INFO] [stdout] 13  | |         /// Length, one of the base quantities in the ISQ, denoted by the symbol L. The base unit
[INFO] [stdout] ...   |
[INFO] [stdout] 75  | |     }
[INFO] [stdout] 76  | | }
[INFO] [stdout]     | |_- in this macro invocation
[INFO] [stdout]     |
[INFO] [stdout]     = note: this error originates in a macro (in Nightly builds, run with -Z macro-backtrace for more info)
[INFO] [stdout] 
[INFO] [stdout] 
[INFO] [stdout] error[E0277]: the trait bound `<<D as si::Dimension>::I as typenum::PartialDiv<PInt<UInt<UInt<UTerm, B1>, B1>>>>::Output: Integer` is not satisfied
[INFO] [stdout]    --> /opt/rustwide/cargo-home/registry/src/github.com-1ecc6299db9ec823/uom-0.23.1/src/system.rs:616:18
[INFO] [stdout]     |
[INFO] [stdout] 236 |           pub struct Quantity<D, U, V>
[INFO] [stdout]     |                      -------- required by a bound in this
[INFO] [stdout] 237 |           where
[INFO] [stdout] 238 |               D: Dimension + ?Sized,
[INFO] [stdout]     |                  --------- required by this bound in `si::Quantity`
[INFO] [stdout] ...
[INFO] [stdout] 616 |               ) -> Quantity<
[INFO] [stdout]     |  __________________^
[INFO] [stdout] 617 | |                 $quantities<$($crate::typenum::PartialQuot<D::$symbol, $crate::typenum::P3>),+>,
[INFO] [stdout] 618 | |                 U, V>
[INFO] [stdout]     | |_____________________^ the trait `Integer` is not implemented for `<<D as si::Dimension>::I as typenum::PartialDiv<PInt<UInt<UInt<UTerm, B1>, B1>>>>::Output`
[INFO] [stdout]     | 
[INFO] [stdout]    ::: /opt/rustwide/cargo-home/registry/src/github.com-1ecc6299db9ec823/uom-0.23.1/src/si/mod.rs:10:1
[INFO] [stdout]     |
[INFO] [stdout] 10  | / system! {
[INFO] [stdout] 11  | |     /// [International System of Quantities](http://jcgm.bipm.org/vim/en/1.6.html) (ISQ).
[INFO] [stdout] 12  | |     quantities: ISQ {
[INFO] [stdout] 13  | |         /// Length, one of the base quantities in the ISQ, denoted by the symbol L. The base unit
[INFO] [stdout] ...   |
[INFO] [stdout] 75  | |     }
[INFO] [stdout] 76  | | }
[INFO] [stdout]     | |_- in this macro invocation
[INFO] [stdout]     |
[INFO] [stdout]     = note: this error originates in a macro (in Nightly builds, run with -Z macro-backtrace for more info)
[INFO] [stdout] 
[INFO] [stdout] 
[INFO] [stdout] error[E0277]: the trait bound `<<D as si::Dimension>::Th as typenum::PartialDiv<PInt<UInt<UInt<UTerm, B1>, B1>>>>::Output: Integer` is not satisfied
[INFO] [stdout]    --> /opt/rustwide/cargo-home/registry/src/github.com-1ecc6299db9ec823/uom-0.23.1/src/system.rs:616:18
[INFO] [stdout]     |
[INFO] [stdout] 236 |           pub struct Quantity<D, U, V>
[INFO] [stdout]     |                      -------- required by a bound in this
[INFO] [stdout] 237 |           where
[INFO] [stdout] 238 |               D: Dimension + ?Sized,
[INFO] [stdout]     |                  --------- required by this bound in `si::Quantity`
[INFO] [stdout] ...
[INFO] [stdout] 616 |               ) -> Quantity<
[INFO] [stdout]     |  __________________^
[INFO] [stdout] 617 | |                 $quantities<$($crate::typenum::PartialQuot<D::$symbol, $crate::typenum::P3>),+>,
[INFO] [stdout] 618 | |                 U, V>
[INFO] [stdout]     | |_____________________^ the trait `Integer` is not implemented for `<<D as si::Dimension>::Th as typenum::PartialDiv<PInt<UInt<UInt<UTerm, B1>, B1>>>>::Output`
[INFO] [stdout]     | 
[INFO] [stdout]    ::: /opt/rustwide/cargo-home/registry/src/github.com-1ecc6299db9ec823/uom-0.23.1/src/si/mod.rs:10:1
[INFO] [stdout]     |
[INFO] [stdout] 10  | / system! {
[INFO] [stdout] 11  | |     /// [International System of Quantities](http://jcgm.bipm.org/vim/en/1.6.html) (ISQ).
[INFO] [stdout] 12  | |     quantities: ISQ {
[INFO] [stdout] 13  | |         /// Length, one of the base quantities in the ISQ, denoted by the symbol L. The base unit
[INFO] [stdout] ...   |
[INFO] [stdout] 75  | |     }
[INFO] [stdout] 76  | | }
[INFO] [stdout]     | |_- in this macro invocation
[INFO] [stdout]     |
[INFO] [stdout]     = note: this error originates in a macro (in Nightly builds, run with -Z macro-backtrace for more info)
[INFO] [stdout] 
[INFO] [stdout] 
[INFO] [stdout] error[E0277]: the trait bound `<<D as si::Dimension>::N as typenum::PartialDiv<PInt<UInt<UInt<UTerm, B1>, B1>>>>::Output: Integer` is not satisfied
[INFO] [stdout]    --> /opt/rustwide/cargo-home/registry/src/github.com-1ecc6299db9ec823/uom-0.23.1/src/system.rs:616:18
[INFO] [stdout]     |
[INFO] [stdout] 236 |           pub struct Quantity<D, U, V>
[INFO] [stdout]     |                      -------- required by a bound in this
[INFO] [stdout] 237 |           where
[INFO] [stdout] 238 |               D: Dimension + ?Sized,
[INFO] [stdout]     |                  --------- required by this bound in `si::Quantity`
[INFO] [stdout] ...
[INFO] [stdout] 616 |               ) -> Quantity<
[INFO] [stdout]     |  __________________^
[INFO] [stdout] 617 | |                 $quantities<$($crate::typenum::PartialQuot<D::$symbol, $crate::typenum::P3>),+>,
[INFO] [stdout] 618 | |                 U, V>
[INFO] [stdout]     | |_____________________^ the trait `Integer` is not implemented for `<<D as si::Dimension>::N as typenum::PartialDiv<PInt<UInt<UInt<UTerm, B1>, B1>>>>::Output`
[INFO] [stdout]     | 
[INFO] [stdout]    ::: /opt/rustwide/cargo-home/registry/src/github.com-1ecc6299db9ec823/uom-0.23.1/src/si/mod.rs:10:1
[INFO] [stdout]     |
[INFO] [stdout] 10  | / system! {
[INFO] [stdout] 11  | |     /// [International System of Quantities](http://jcgm.bipm.org/vim/en/1.6.html) (ISQ).
[INFO] [stdout] 12  | |     quantities: ISQ {
[INFO] [stdout] 13  | |         /// Length, one of the base quantities in the ISQ, denoted by the symbol L. The base unit
[INFO] [stdout] ...   |
[INFO] [stdout] 75  | |     }
[INFO] [stdout] 76  | | }
[INFO] [stdout]     | |_- in this macro invocation
[INFO] [stdout]     |
[INFO] [stdout]     = note: this error originates in a macro (in Nightly builds, run with -Z macro-backtrace for more info)
[INFO] [stdout] 
[INFO] [stdout] 
[INFO] [stdout] error[E0277]: the trait bound `<<D as si::Dimension>::J as typenum::PartialDiv<PInt<UInt<UInt<UTerm, B1>, B1>>>>::Output: Integer` is not satisfied
[INFO] [stdout]    --> /opt/rustwide/cargo-home/registry/src/github.com-1ecc6299db9ec823/uom-0.23.1/src/system.rs:616:18
[INFO] [stdout]     |
[INFO] [stdout] 236 |           pub struct Quantity<D, U, V>
[INFO] [stdout]     |                      -------- required by a bound in this
[INFO] [stdout] 237 |           where
[INFO] [stdout] 238 |               D: Dimension + ?Sized,
[INFO] [stdout]     |                  --------- required by this bound in `si::Quantity`
[INFO] [stdout] ...
[INFO] [stdout] 616 |               ) -> Quantity<
[INFO] [stdout]     |  __________________^
[INFO] [stdout] 617 | |                 $quantities<$($crate::typenum::PartialQuot<D::$symbol, $crate::typenum::P3>),+>,
[INFO] [stdout] 618 | |                 U, V>
[INFO] [stdout]     | |_____________________^ the trait `Integer` is not implemented for `<<D as si::Dimension>::J as typenum::PartialDiv<PInt<UInt<UInt<UTerm, B1>, B1>>>>::Output`
[INFO] [stdout]     | 
[INFO] [stdout]    ::: /opt/rustwide/cargo-home/registry/src/github.com-1ecc6299db9ec823/uom-0.23.1/src/si/mod.rs:10:1
[INFO] [stdout]     |
[INFO] [stdout] 10  | / system! {
[INFO] [stdout] 11  | |     /// [International System of Quantities](http://jcgm.bipm.org/vim/en/1.6.html) (ISQ).
[INFO] [stdout] 12  | |     quantities: ISQ {
[INFO] [stdout] 13  | |         /// Length, one of the base quantities in the ISQ, denoted by the symbol L. The base unit
[INFO] [stdout] ...   |
[INFO] [stdout] 75  | |     }
[INFO] [stdout] 76  | | }
[INFO] [stdout]     | |_- in this macro invocation
[INFO] [stdout]     |
[INFO] [stdout]     = note: this error originates in a macro (in Nightly builds, run with -Z macro-backtrace for more info)
[INFO] [stdout] 
[INFO] [stdout] 
[INFO] [stdout] error[E0277]: the trait bound `<<D as si::Dimension>::L as std::ops::Add<<Da as si::Dimension>::L>>::Output: Integer` is not satisfied
[INFO] [stdout]    --> /opt/rustwide/cargo-home/registry/src/github.com-1ecc6299db9ec823/uom-0.23.1/src/system.rs:693:20
[INFO] [stdout]     |
[INFO] [stdout] 236 |           pub struct Quantity<D, U, V>
[INFO] [stdout]     |                      -------- required by a bound in this
[INFO] [stdout] 237 |           where
[INFO] [stdout] 238 |               D: Dimension + ?Sized,
[INFO] [stdout]     |                  --------- required by this bound in `si::Quantity`
[INFO] [stdout] ...
[INFO] [stdout] 693 |                   b: Quantity<$quantities<$($crate::typenum::Sum<D::$symbol, Da::$symbol>),+>, Ub, V>,
[INFO] [stdout]     |                      ^^^^^^^^^^^^^^^^^^^^^^^^^^^^^^^^^^^^^^^^^^^^^^^^^^^^^^^^^^^^^^^^^^^^^^^^^^^^^^^^ the trait `Integer` is not implemented for `<<D as si::Dimension>::L as std::ops::Add<<Da as si::Dimension>::L>>::Output`
[INFO] [stdout]     | 
[INFO] [stdout]    ::: /opt/rustwide/cargo-home/registry/src/github.com-1ecc6299db9ec823/uom-0.23.1/src/si/mod.rs:10:1
[INFO] [stdout]     |
[INFO] [stdout] 10  | / system! {
[INFO] [stdout] 11  | |     /// [International System of Quantities](http://jcgm.bipm.org/vim/en/1.6.html) (ISQ).
[INFO] [stdout] 12  | |     quantities: ISQ {
[INFO] [stdout] 13  | |         /// Length, one of the base quantities in the ISQ, denoted by the symbol L. The base unit
[INFO] [stdout] ...   |
[INFO] [stdout] 75  | |     }
[INFO] [stdout] 76  | | }
[INFO] [stdout]     | |_- in this macro invocation
[INFO] [stdout]     |
[INFO] [stdout]     = note: this error originates in a macro (in Nightly builds, run with -Z macro-backtrace for more info)
[INFO] [stdout] 
[INFO] [stdout] 
[INFO] [stdout] error[E0277]: the trait bound `<<D as si::Dimension>::M as std::ops::Add<<Da as si::Dimension>::M>>::Output: Integer` is not satisfied
[INFO] [stdout]    --> /opt/rustwide/cargo-home/registry/src/github.com-1ecc6299db9ec823/uom-0.23.1/src/system.rs:693:20
[INFO] [stdout]     |
[INFO] [stdout] 236 |           pub struct Quantity<D, U, V>
[INFO] [stdout]     |                      -------- required by a bound in this
[INFO] [stdout] 237 |           where
[INFO] [stdout] 238 |               D: Dimension + ?Sized,
[INFO] [stdout]     |                  --------- required by this bound in `si::Quantity`
[INFO] [stdout] ...
[INFO] [stdout] 693 |                   b: Quantity<$quantities<$($crate::typenum::Sum<D::$symbol, Da::$symbol>),+>, Ub, V>,
[INFO] [stdout]     |                      ^^^^^^^^^^^^^^^^^^^^^^^^^^^^^^^^^^^^^^^^^^^^^^^^^^^^^^^^^^^^^^^^^^^^^^^^^^^^^^^^ the trait `Integer` is not implemented for `<<D as si::Dimension>::M as std::ops::Add<<Da as si::Dimension>::M>>::Output`
[INFO] [stdout]     | 
[INFO] [stdout]    ::: /opt/rustwide/cargo-home/registry/src/github.com-1ecc6299db9ec823/uom-0.23.1/src/si/mod.rs:10:1
[INFO] [stdout]     |
[INFO] [stdout] 10  | / system! {
[INFO] [stdout] 11  | |     /// [International System of Quantities](http://jcgm.bipm.org/vim/en/1.6.html) (ISQ).
[INFO] [stdout] 12  | |     quantities: ISQ {
[INFO] [stdout] 13  | |         /// Length, one of the base quantities in the ISQ, denoted by the symbol L. The base unit
[INFO] [stdout] ...   |
[INFO] [stdout] 75  | |     }
[INFO] [stdout] 76  | | }
[INFO] [stdout]     | |_- in this macro invocation
[INFO] [stdout]     |
[INFO] [stdout]     = note: this error originates in a macro (in Nightly builds, run with -Z macro-backtrace for more info)
[INFO] [stdout] 
[INFO] [stdout] 
[INFO] [stdout] error[E0277]: the trait bound `<<D as si::Dimension>::T as std::ops::Add<<Da as si::Dimension>::T>>::Output: Integer` is not satisfied
[INFO] [stdout]    --> /opt/rustwide/cargo-home/registry/src/github.com-1ecc6299db9ec823/uom-0.23.1/src/system.rs:693:20
[INFO] [stdout]     |
[INFO] [stdout] 236 |           pub struct Quantity<D, U, V>
[INFO] [stdout]     |                      -------- required by a bound in this
[INFO] [stdout] 237 |           where
[INFO] [stdout] 238 |               D: Dimension + ?Sized,
[INFO] [stdout]     |                  --------- required by this bound in `si::Quantity`
[INFO] [stdout] ...
[INFO] [stdout] 693 |                   b: Quantity<$quantities<$($crate::typenum::Sum<D::$symbol, Da::$symbol>),+>, Ub, V>,
[INFO] [stdout]     |                      ^^^^^^^^^^^^^^^^^^^^^^^^^^^^^^^^^^^^^^^^^^^^^^^^^^^^^^^^^^^^^^^^^^^^^^^^^^^^^^^^ the trait `Integer` is not implemented for `<<D as si::Dimension>::T as std::ops::Add<<Da as si::Dimension>::T>>::Output`
[INFO] [stdout]     | 
[INFO] [stdout]    ::: /opt/rustwide/cargo-home/registry/src/github.com-1ecc6299db9ec823/uom-0.23.1/src/si/mod.rs:10:1
[INFO] [stdout]     |
[INFO] [stdout] 10  | / system! {
[INFO] [stdout] 11  | |     /// [International System of Quantities](http://jcgm.bipm.org/vim/en/1.6.html) (ISQ).
[INFO] [stdout] 12  | |     quantities: ISQ {
[INFO] [stdout] 13  | |         /// Length, one of the base quantities in the ISQ, denoted by the symbol L. The base unit
[INFO] [stdout] ...   |
[INFO] [stdout] 75  | |     }
[INFO] [stdout] 76  | | }
[INFO] [stdout]     | |_- in this macro invocation
[INFO] [stdout]     |
[INFO] [stdout]     = note: this error originates in a macro (in Nightly builds, run with -Z macro-backtrace for more info)
[INFO] [stdout] 
[INFO] [stdout] 
[INFO] [stdout] error[E0277]: the trait bound `<<D as si::Dimension>::I as std::ops::Add<<Da as si::Dimension>::I>>::Output: Integer` is not satisfied
[INFO] [stdout]    --> /opt/rustwide/cargo-home/registry/src/github.com-1ecc6299db9ec823/uom-0.23.1/src/system.rs:693:20
[INFO] [stdout]     |
[INFO] [stdout] 236 |           pub struct Quantity<D, U, V>
[INFO] [stdout]     |                      -------- required by a bound in this
[INFO] [stdout] 237 |           where
[INFO] [stdout] 238 |               D: Dimension + ?Sized,
[INFO] [stdout]     |                  --------- required by this bound in `si::Quantity`
[INFO] [stdout] ...
[INFO] [stdout] 693 |                   b: Quantity<$quantities<$($crate::typenum::Sum<D::$symbol, Da::$symbol>),+>, Ub, V>,
[INFO] [stdout]     |                      ^^^^^^^^^^^^^^^^^^^^^^^^^^^^^^^^^^^^^^^^^^^^^^^^^^^^^^^^^^^^^^^^^^^^^^^^^^^^^^^^ the trait `Integer` is not implemented for `<<D as si::Dimension>::I as std::ops::Add<<Da as si::Dimension>::I>>::Output`
[INFO] [stdout]     | 
[INFO] [stdout]    ::: /opt/rustwide/cargo-home/registry/src/github.com-1ecc6299db9ec823/uom-0.23.1/src/si/mod.rs:10:1
[INFO] [stdout]     |
[INFO] [stdout] 10  | / system! {
[INFO] [stdout] 11  | |     /// [International System of Quantities](http://jcgm.bipm.org/vim/en/1.6.html) (ISQ).
[INFO] [stdout] 12  | |     quantities: ISQ {
[INFO] [stdout] 13  | |         /// Length, one of the base quantities in the ISQ, denoted by the symbol L. The base unit
[INFO] [stdout] ...   |
[INFO] [stdout] 75  | |     }
[INFO] [stdout] 76  | | }
[INFO] [stdout]     | |_- in this macro invocation
[INFO] [stdout]     |
[INFO] [stdout]     = note: this error originates in a macro (in Nightly builds, run with -Z macro-backtrace for more info)
[INFO] [stdout] 
[INFO] [stdout] 
[INFO] [stdout] error[E0277]: the trait bound `<<D as si::Dimension>::Th as std::ops::Add<<Da as si::Dimension>::Th>>::Output: Integer` is not satisfied
[INFO] [stdout]    --> /opt/rustwide/cargo-home/registry/src/github.com-1ecc6299db9ec823/uom-0.23.1/src/system.rs:693:20
[INFO] [stdout]     |
[INFO] [stdout] 236 |           pub struct Quantity<D, U, V>
[INFO] [stdout]     |                      -------- required by a bound in this
[INFO] [stdout] 237 |           where
[INFO] [stdout] 238 |               D: Dimension + ?Sized,
[INFO] [stdout]     |                  --------- required by this bound in `si::Quantity`
[INFO] [stdout] ...
[INFO] [stdout] 693 |                   b: Quantity<$quantities<$($crate::typenum::Sum<D::$symbol, Da::$symbol>),+>, Ub, V>,
[INFO] [stdout]     |                      ^^^^^^^^^^^^^^^^^^^^^^^^^^^^^^^^^^^^^^^^^^^^^^^^^^^^^^^^^^^^^^^^^^^^^^^^^^^^^^^^ the trait `Integer` is not implemented for `<<D as si::Dimension>::Th as std::ops::Add<<Da as si::Dimension>::Th>>::Output`
[INFO] [stdout]     | 
[INFO] [stdout]    ::: /opt/rustwide/cargo-home/registry/src/github.com-1ecc6299db9ec823/uom-0.23.1/src/si/mod.rs:10:1
[INFO] [stdout]     |
[INFO] [stdout] 10  | / system! {
[INFO] [stdout] 11  | |     /// [International System of Quantities](http://jcgm.bipm.org/vim/en/1.6.html) (ISQ).
[INFO] [stdout] 12  | |     quantities: ISQ {
[INFO] [stdout] 13  | |         /// Length, one of the base quantities in the ISQ, denoted by the symbol L. The base unit
[INFO] [stdout] ...   |
[INFO] [stdout] 75  | |     }
[INFO] [stdout] 76  | | }
[INFO] [stdout]     | |_- in this macro invocation
[INFO] [stdout]     |
[INFO] [stdout]     = note: this error originates in a macro (in Nightly builds, run with -Z macro-backtrace for more info)
[INFO] [stdout] 
[INFO] [stdout] 
[INFO] [stdout] error[E0277]: the trait bound `<<D as si::Dimension>::N as std::ops::Add<<Da as si::Dimension>::N>>::Output: Integer` is not satisfied
[INFO] [stdout]    --> /opt/rustwide/cargo-home/registry/src/github.com-1ecc6299db9ec823/uom-0.23.1/src/system.rs:693:20
[INFO] [stdout]     |
[INFO] [stdout] 236 |           pub struct Quantity<D, U, V>
[INFO] [stdout]     |                      -------- required by a bound in this
[INFO] [stdout] 237 |           where
[INFO] [stdout] 238 |               D: Dimension + ?Sized,
[INFO] [stdout]     |                  --------- required by this bound in `si::Quantity`
[INFO] [stdout] ...
[INFO] [stdout] 693 |                   b: Quantity<$quantities<$($crate::typenum::Sum<D::$symbol, Da::$symbol>),+>, Ub, V>,
[INFO] [stdout]     |                      ^^^^^^^^^^^^^^^^^^^^^^^^^^^^^^^^^^^^^^^^^^^^^^^^^^^^^^^^^^^^^^^^^^^^^^^^^^^^^^^^ the trait `Integer` is not implemented for `<<D as si::Dimension>::N as std::ops::Add<<Da as si::Dimension>::N>>::Output`
[INFO] [stdout]     | 
[INFO] [stdout]    ::: /opt/rustwide/cargo-home/registry/src/github.com-1ecc6299db9ec823/uom-0.23.1/src/si/mod.rs:10:1
[INFO] [stdout]     |
[INFO] [stdout] 10  | / system! {
[INFO] [stdout] 11  | |     /// [International System of Quantities](http://jcgm.bipm.org/vim/en/1.6.html) (ISQ).
[INFO] [stdout] 12  | |     quantities: ISQ {
[INFO] [stdout] 13  | |         /// Length, one of the base quantities in the ISQ, denoted by the symbol L. The base unit
[INFO] [stdout] ...   |
[INFO] [stdout] 75  | |     }
[INFO] [stdout] 76  | | }
[INFO] [stdout]     | |_- in this macro invocation
[INFO] [stdout]     |
[INFO] [stdout]     = note: this error originates in a macro (in Nightly builds, run with -Z macro-backtrace for more info)
[INFO] [stdout] 
[INFO] [stdout] 
[INFO] [stdout] error[E0277]: the trait bound `<<D as si::Dimension>::J as std::ops::Add<<Da as si::Dimension>::J>>::Output: Integer` is not satisfied
[INFO] [stdout]    --> /opt/rustwide/cargo-home/registry/src/github.com-1ecc6299db9ec823/uom-0.23.1/src/system.rs:693:20
[INFO] [stdout]     |
[INFO] [stdout] 236 |           pub struct Quantity<D, U, V>
[INFO] [stdout]     |                      -------- required by a bound in this
[INFO] [stdout] 237 |           where
[INFO] [stdout] 238 |               D: Dimension + ?Sized,
[INFO] [stdout]     |                  --------- required by this bound in `si::Quantity`
[INFO] [stdout] ...
[INFO] [stdout] 693 |                   b: Quantity<$quantities<$($crate::typenum::Sum<D::$symbol, Da::$symbol>),+>, Ub, V>,
[INFO] [stdout]     |                      ^^^^^^^^^^^^^^^^^^^^^^^^^^^^^^^^^^^^^^^^^^^^^^^^^^^^^^^^^^^^^^^^^^^^^^^^^^^^^^^^ the trait `Integer` is not implemented for `<<D as si::Dimension>::J as std::ops::Add<<Da as si::Dimension>::J>>::Output`
[INFO] [stdout]     | 
[INFO] [stdout]    ::: /opt/rustwide/cargo-home/registry/src/github.com-1ecc6299db9ec823/uom-0.23.1/src/si/mod.rs:10:1
[INFO] [stdout]     |
[INFO] [stdout] 10  | / system! {
[INFO] [stdout] 11  | |     /// [International System of Quantities](http://jcgm.bipm.org/vim/en/1.6.html) (ISQ).
[INFO] [stdout] 12  | |     quantities: ISQ {
[INFO] [stdout] 13  | |         /// Length, one of the base quantities in the ISQ, denoted by the symbol L. The base unit
[INFO] [stdout] ...   |
[INFO] [stdout] 75  | |     }
[INFO] [stdout] 76  | | }
[INFO] [stdout]     | |_- in this macro invocation
[INFO] [stdout]     |
[INFO] [stdout]     = note: this error originates in a macro (in Nightly builds, run with -Z macro-backtrace for more info)
[INFO] [stdout] 
[INFO] [stdout] 
[INFO] [stdout] error[E0277]: the trait bound `<<D as si::Dimension>::L as typenum::PartialDiv<PInt<UInt<UInt<UTerm, B1>, B0>>>>::Output: Integer` is not satisfied
[INFO] [stdout]    --> /opt/rustwide/cargo-home/registry/src/github.com-1ecc6299db9ec823/uom-0.23.1/src/system.rs:784:18
[INFO] [stdout]     |
[INFO] [stdout] 236 |           pub struct Quantity<D, U, V>
[INFO] [stdout]     |                      -------- required by a bound in this
[INFO] [stdout] 237 |           where
[INFO] [stdout] 238 |               D: Dimension + ?Sized,
[INFO] [stdout]     |                  --------- required by this bound in `si::Quantity`
[INFO] [stdout] ...
[INFO] [stdout] 784 |               ) -> Quantity<
[INFO] [stdout]     |  __________________^
[INFO] [stdout] 785 | |                 $quantities<$($crate::typenum::PartialQuot<D::$symbol, $crate::typenum::P2>),+>,
[INFO] [stdout] 786 | |                 U, V>
[INFO] [stdout]     | |_____________________^ the trait `Integer` is not implemented for `<<D as si::Dimension>::L as typenum::PartialDiv<PInt<UInt<UInt<UTerm, B1>, B0>>>>::Output`
[INFO] [stdout]     | 
[INFO] [stdout]    ::: /opt/rustwide/cargo-home/registry/src/github.com-1ecc6299db9ec823/uom-0.23.1/src/si/mod.rs:10:1
[INFO] [stdout]     |
[INFO] [stdout] 10  | / system! {
[INFO] [stdout] 11  | |     /// [International System of Quantities](http://jcgm.bipm.org/vim/en/1.6.html) (ISQ).
[INFO] [stdout] 12  | |     quantities: ISQ {
[INFO] [stdout] 13  | |         /// Length, one of the base quantities in the ISQ, denoted by the symbol L. The base unit
[INFO] [stdout] ...   |
[INFO] [stdout] 75  | |     }
[INFO] [stdout] 76  | | }
[INFO] [stdout]     | |_- in this macro invocation
[INFO] [stdout]     |
[INFO] [stdout]     = note: this error originates in a macro (in Nightly builds, run with -Z macro-backtrace for more info)
[INFO] [stdout] 
[INFO] [stdout] 
[INFO] [stdout] error[E0277]: the trait bound `<<D as si::Dimension>::M as typenum::PartialDiv<PInt<UInt<UInt<UTerm, B1>, B0>>>>::Output: Integer` is not satisfied
[INFO] [stdout]    --> /opt/rustwide/cargo-home/registry/src/github.com-1ecc6299db9ec823/uom-0.23.1/src/system.rs:784:18
[INFO] [stdout]     |
[INFO] [stdout] 236 |           pub struct Quantity<D, U, V>
[INFO] [stdout]     |                      -------- required by a bound in this
[INFO] [stdout] 237 |           where
[INFO] [stdout] 238 |               D: Dimension + ?Sized,
[INFO] [stdout]     |                  --------- required by this bound in `si::Quantity`
[INFO] [stdout] ...
[INFO] [stdout] 784 |               ) -> Quantity<
[INFO] [stdout]     |  __________________^
[INFO] [stdout] 785 | |                 $quantities<$($crate::typenum::PartialQuot<D::$symbol, $crate::typenum::P2>),+>,
[INFO] [stdout] 786 | |                 U, V>
[INFO] [stdout]     | |_____________________^ the trait `Integer` is not implemented for `<<D as si::Dimension>::M as typenum::PartialDiv<PInt<UInt<UInt<UTerm, B1>, B0>>>>::Output`
[INFO] [stdout]     | 
[INFO] [stdout]    ::: /opt/rustwide/cargo-home/registry/src/github.com-1ecc6299db9ec823/uom-0.23.1/src/si/mod.rs:10:1
[INFO] [stdout]     |
[INFO] [stdout] 10  | / system! {
[INFO] [stdout] 11  | |     /// [International System of Quantities](http://jcgm.bipm.org/vim/en/1.6.html) (ISQ).
[INFO] [stdout] 12  | |     quantities: ISQ {
[INFO] [stdout] 13  | |         /// Length, one of the base quantities in the ISQ, denoted by the symbol L. The base unit
[INFO] [stdout] ...   |
[INFO] [stdout] 75  | |     }
[INFO] [stdout] 76  | | }
[INFO] [stdout]     | |_- in this macro invocation
[INFO] [stdout]     |
[INFO] [stdout]     = note: this error originates in a macro (in Nightly builds, run with -Z macro-backtrace for more info)
[INFO] [stdout] 
[INFO] [stdout] 
[INFO] [stdout] error[E0277]: the trait bound `<<D as si::Dimension>::T as typenum::PartialDiv<PInt<UInt<UInt<UTerm, B1>, B0>>>>::Output: Integer` is not satisfied
[INFO] [stdout]    --> /opt/rustwide/cargo-home/registry/src/github.com-1ecc6299db9ec823/uom-0.23.1/src/system.rs:784:18
[INFO] [stdout]     |
[INFO] [stdout] 236 |           pub struct Quantity<D, U, V>
[INFO] [stdout]     |                      -------- required by a bound in this
[INFO] [stdout] 237 |           where
[INFO] [stdout] 238 |               D: Dimension + ?Sized,
[INFO] [stdout]     |                  --------- required by this bound in `si::Quantity`
[INFO] [stdout] ...
[INFO] [stdout] 784 |               ) -> Quantity<
[INFO] [stdout]     |  __________________^
[INFO] [stdout] 785 | |                 $quantities<$($crate::typenum::PartialQuot<D::$symbol, $crate::typenum::P2>),+>,
[INFO] [stdout] 786 | |                 U, V>
[INFO] [stdout]     | |_____________________^ the trait `Integer` is not implemented for `<<D as si::Dimension>::T as typenum::PartialDiv<PInt<UInt<UInt<UTerm, B1>, B0>>>>::Output`
[INFO] [stdout]     | 
[INFO] [stdout]    ::: /opt/rustwide/cargo-home/registry/src/github.com-1ecc6299db9ec823/uom-0.23.1/src/si/mod.rs:10:1
[INFO] [stdout]     |
[INFO] [stdout] 10  | / system! {
[INFO] [stdout] 11  | |     /// [International System of Quantities](http://jcgm.bipm.org/vim/en/1.6.html) (ISQ).
[INFO] [stdout] 12  | |     quantities: ISQ {
[INFO] [stdout] 13  | |         /// Length, one of the base quantities in the ISQ, denoted by the symbol L. The base unit
[INFO] [stdout] ...   |
[INFO] [stdout] 75  | |     }
[INFO] [stdout] 76  | | }
[INFO] [stdout]     | |_- in this macro invocation
[INFO] [stdout]     |
[INFO] [stdout]     = note: this error originates in a macro (in Nightly builds, run with -Z macro-backtrace for more info)
[INFO] [stdout] 
[INFO] [stdout] 
[INFO] [stdout] error[E0277]: the trait bound `<<D as si::Dimension>::I as typenum::PartialDiv<PInt<UInt<UInt<UTerm, B1>, B0>>>>::Output: Integer` is not satisfied
[INFO] [stdout]    --> /opt/rustwide/cargo-home/registry/src/github.com-1ecc6299db9ec823/uom-0.23.1/src/system.rs:784:18
[INFO] [stdout]     |
[INFO] [stdout] 236 |           pub struct Quantity<D, U, V>
[INFO] [stdout]     |                      -------- required by a bound in this
[INFO] [stdout] 237 |           where
[INFO] [stdout] 238 |               D: Dimension + ?Sized,
[INFO] [stdout]     |                  --------- required by this bound in `si::Quantity`
[INFO] [stdout] ...
[INFO] [stdout] 784 |               ) -> Quantity<
[INFO] [stdout]     |  __________________^
[INFO] [stdout] 785 | |                 $quantities<$($crate::typenum::PartialQuot<D::$symbol, $crate::typenum::P2>),+>,
[INFO] [stdout] 786 | |                 U, V>
[INFO] [stdout]     | |_____________________^ the trait `Integer` is not implemented for `<<D as si::Dimension>::I as typenum::PartialDiv<PInt<UInt<UInt<UTerm, B1>, B0>>>>::Output`
[INFO] [stdout]     | 
[INFO] [stdout]    ::: /opt/rustwide/cargo-home/registry/src/github.com-1ecc6299db9ec823/uom-0.23.1/src/si/mod.rs:10:1
[INFO] [stdout]     |
[INFO] [stdout] 10  | / system! {
[INFO] [stdout] 11  | |     /// [International System of Quantities](http://jcgm.bipm.org/vim/en/1.6.html) (ISQ).
[INFO] [stdout] 12  | |     quantities: ISQ {
[INFO] [stdout] 13  | |         /// Length, one of the base quantities in the ISQ, denoted by the symbol L. The base unit
[INFO] [stdout] ...   |
[INFO] [stdout] 75  | |     }
[INFO] [stdout] 76  | | }
[INFO] [stdout]     | |_- in this macro invocation
[INFO] [stdout]     |
[INFO] [stdout]     = note: this error originates in a macro (in Nightly builds, run with -Z macro-backtrace for more info)
[INFO] [stdout] 
[INFO] [stdout] 
[INFO] [stdout] error[E0277]: the trait bound `<<D as si::Dimension>::Th as typenum::PartialDiv<PInt<UInt<UInt<UTerm, B1>, B0>>>>::Output: Integer` is not satisfied
[INFO] [stdout]    --> /opt/rustwide/cargo-home/registry/src/github.com-1ecc6299db9ec823/uom-0.23.1/src/system.rs:784:18
[INFO] [stdout]     |
[INFO] [stdout] 236 |           pub struct Quantity<D, U, V>
[INFO] [stdout]     |                      -------- required by a bound in this
[INFO] [stdout] 237 |           where
[INFO] [stdout] 238 |               D: Dimension + ?Sized,
[INFO] [stdout]     |                  --------- required by this bound in `si::Quantity`
[INFO] [stdout] ...
[INFO] [stdout] 784 |               ) -> Quantity<
[INFO] [stdout]     |  __________________^
[INFO] [stdout] 785 | |                 $quantities<$($crate::typenum::PartialQuot<D::$symbol, $crate::typenum::P2>),+>,
[INFO] [stdout] 786 | |                 U, V>
[INFO] [stdout]     | |_____________________^ the trait `Integer` is not implemented for `<<D as si::Dimension>::Th as typenum::PartialDiv<PInt<UInt<UInt<UTerm, B1>, B0>>>>::Output`
[INFO] [stdout]     | 
[INFO] [stdout]    ::: /opt/rustwide/cargo-home/registry/src/github.com-1ecc6299db9ec823/uom-0.23.1/src/si/mod.rs:10:1
[INFO] [stdout]     |
[INFO] [stdout] 10  | / system! {
[INFO] [stdout] 11  | |     /// [International System of Quantities](http://jcgm.bipm.org/vim/en/1.6.html) (ISQ).
[INFO] [stdout] 12  | |     quantities: ISQ {
[INFO] [stdout] 13  | |         /// Length, one of the base quantities in the ISQ, denoted by the symbol L. The base unit
[INFO] [stdout] ...   |
[INFO] [stdout] 75  | |     }
[INFO] [stdout] 76  | | }
[INFO] [stdout]     | |_- in this macro invocation
[INFO] [stdout]     |
[INFO] [stdout]     = note: this error originates in a macro (in Nightly builds, run with -Z macro-backtrace for more info)
[INFO] [stdout] 
[INFO] [stdout] 
[INFO] [stdout] error[E0277]: the trait bound `<<D as si::Dimension>::N as typenum::PartialDiv<PInt<UInt<UInt<UTerm, B1>, B0>>>>::Output: Integer` is not satisfied
[INFO] [stdout]    --> /opt/rustwide/cargo-home/registry/src/github.com-1ecc6299db9ec823/uom-0.23.1/src/system.rs:784:18
[INFO] [stdout]     |
[INFO] [stdout] 236 |           pub struct Quantity<D, U, V>
[INFO] [stdout]     |                      -------- required by a bound in this
[INFO] [stdout] 237 |           where
[INFO] [stdout] 238 |               D: Dimension + ?Sized,
[INFO] [stdout]     |                  --------- required by this bound in `si::Quantity`
[INFO] [stdout] ...
[INFO] [stdout] 784 |               ) -> Quantity<
[INFO] [stdout]     |  __________________^
[INFO] [stdout] 785 | |                 $quantities<$($crate::typenum::PartialQuot<D::$symbol, $crate::typenum::P2>),+>,
[INFO] [stdout] 786 | |                 U, V>
[INFO] [stdout]     | |_____________________^ the trait `Integer` is not implemented for `<<D as si::Dimension>::N as typenum::PartialDiv<PInt<UInt<UInt<UTerm, B1>, B0>>>>::Output`
[INFO] [stdout]     | 
[INFO] [stdout]    ::: /opt/rustwide/cargo-home/registry/src/github.com-1ecc6299db9ec823/uom-0.23.1/src/si/mod.rs:10:1
[INFO] [stdout]     |
[INFO] [stdout] 10  | / system! {
[INFO] [stdout] 11  | |     /// [International System of Quantities](http://jcgm.bipm.org/vim/en/1.6.html) (ISQ).
[INFO] [stdout] 12  | |     quantities: ISQ {
[INFO] [stdout] 13  | |         /// Length, one of the base quantities in the ISQ, denoted by the symbol L. The base unit
[INFO] [stdout] ...   |
[INFO] [stdout] 75  | |     }
[INFO] [stdout] 76  | | }
[INFO] [stdout]     | |_- in this macro invocation
[INFO] [stdout]     |
[INFO] [stdout]     = note: this error originates in a macro (in Nightly builds, run with -Z macro-backtrace for more info)
[INFO] [stdout] 
[INFO] [stdout] 
[INFO] [stdout] error[E0277]: the trait bound `<<D as si::Dimension>::J as typenum::PartialDiv<PInt<UInt<UInt<UTerm, B1>, B0>>>>::Output: Integer` is not satisfied
[INFO] [stdout]    --> /opt/rustwide/cargo-home/registry/src/github.com-1ecc6299db9ec823/uom-0.23.1/src/system.rs:784:18
[INFO] [stdout]     |
[INFO] [stdout] 236 |           pub struct Quantity<D, U, V>
[INFO] [stdout]     |                      -------- required by a bound in this
[INFO] [stdout] 237 |           where
[INFO] [stdout] 238 |               D: Dimension + ?Sized,
[INFO] [stdout]     |                  --------- required by this bound in `si::Quantity`
[INFO] [stdout] ...
[INFO] [stdout] 784 |               ) -> Quantity<
[INFO] [stdout]     |  __________________^
[INFO] [stdout] 785 | |                 $quantities<$($crate::typenum::PartialQuot<D::$symbol, $crate::typenum::P2>),+>,
[INFO] [stdout] 786 | |                 U, V>
[INFO] [stdout]     | |_____________________^ the trait `Integer` is not implemented for `<<D as si::Dimension>::J as typenum::PartialDiv<PInt<UInt<UInt<UTerm, B1>, B0>>>>::Output`
[INFO] [stdout]     | 
[INFO] [stdout]    ::: /opt/rustwide/cargo-home/registry/src/github.com-1ecc6299db9ec823/uom-0.23.1/src/si/mod.rs:10:1
[INFO] [stdout]     |
[INFO] [stdout] 10  | / system! {
[INFO] [stdout] 11  | |     /// [International System of Quantities](http://jcgm.bipm.org/vim/en/1.6.html) (ISQ).
[INFO] [stdout] 12  | |     quantities: ISQ {
[INFO] [stdout] 13  | |         /// Length, one of the base quantities in the ISQ, denoted by the symbol L. The base unit
[INFO] [stdout] ...   |
[INFO] [stdout] 75  | |     }
[INFO] [stdout] 76  | | }
[INFO] [stdout]     | |_- in this macro invocation
[INFO] [stdout]     |
[INFO] [stdout]     = note: this error originates in a macro (in Nightly builds, run with -Z macro-backtrace for more info)
[INFO] [stdout] 
[INFO] [stdout] 
[INFO] [stdout] error[E0277]: the trait bound `L: Integer` is not satisfied
[INFO] [stdout]    --> /opt/rustwide/cargo-home/registry/src/github.com-1ecc6299db9ec823/uom-0.23.1/src/si/mod.rs:144:26
[INFO] [stdout]     |
[INFO] [stdout] 144 |                       val: Quantity<
[INFO] [stdout]     |  __________________________^
[INFO] [stdout] 145 | |                         Dimension<L = L, M = M, T = T, I = I, Th = Th, N = N, J = J, Kind = $a>,
[INFO] [stdout] 146 | |                         Ur,
[INFO] [stdout] 147 | |                         V,
[INFO] [stdout] 148 | |                     >,
[INFO] [stdout]     | |_____________________^ the trait `Integer` is not implemented for `L`
[INFO] [stdout] ...
[INFO] [stdout] 212 |       impl_from!(AngleKind, Kind);
[INFO] [stdout]     |       ---------------------------- in this macro invocation
[INFO] [stdout]     | 
[INFO] [stdout]    ::: /opt/rustwide/cargo-home/registry/src/github.com-1ecc6299db9ec823/uom-0.23.1/src/system.rs:236:20
[INFO] [stdout]     |
[INFO] [stdout] 236 |           pub struct Quantity<D, U, V>
[INFO] [stdout]     |                      -------- required by a bound in this
[INFO] [stdout] 237 |           where
[INFO] [stdout] 238 |               D: Dimension + ?Sized,
[INFO] [stdout]     |                  --------- required by this bound in `si::Quantity`
[INFO] [stdout]     |
[INFO] [stdout]     = note: this error originates in a macro (in Nightly builds, run with -Z macro-backtrace for more info)
[INFO] [stdout] help: consider further restricting type parameter `L`
[INFO] [stdout]     |
[INFO] [stdout] 141 |                 V: ::num_traits::Num + ::Conversion<V>, L: typenum::Integer
[INFO] [stdout]     |                                                       ^^^^^^^^^^^^^^^^^^^^^
[INFO] [stdout] 
[INFO] [stdout] 
[INFO] [stdout] error[E0277]: the trait bound `M: Integer` is not satisfied
[INFO] [stdout]    --> /opt/rustwide/cargo-home/registry/src/github.com-1ecc6299db9ec823/uom-0.23.1/src/si/mod.rs:144:26
[INFO] [stdout]     |
[INFO] [stdout] 144 |                       val: Quantity<
[INFO] [stdout]     |  __________________________^
[INFO] [stdout] 145 | |                         Dimension<L = L, M = M, T = T, I = I, Th = Th, N = N, J = J, Kind = $a>,
[INFO] [stdout] 146 | |                         Ur,
[INFO] [stdout] 147 | |                         V,
[INFO] [stdout] 148 | |                     >,
[INFO] [stdout]     | |_____________________^ the trait `Integer` is not implemented for `M`
[INFO] [stdout] ...
[INFO] [stdout] 212 |       impl_from!(AngleKind, Kind);
[INFO] [stdout]     |       ---------------------------- in this macro invocation
[INFO] [stdout]     | 
[INFO] [stdout]    ::: /opt/rustwide/cargo-home/registry/src/github.com-1ecc6299db9ec823/uom-0.23.1/src/system.rs:236:20
[INFO] [stdout]     |
[INFO] [stdout] 236 |           pub struct Quantity<D, U, V>
[INFO] [stdout]     |                      -------- required by a bound in this
[INFO] [stdout] 237 |           where
[INFO] [stdout] 238 |               D: Dimension + ?Sized,
[INFO] [stdout]     |                  --------- required by this bound in `si::Quantity`
[INFO] [stdout]     |
[INFO] [stdout]     = note: this error originates in a macro (in Nightly builds, run with -Z macro-backtrace for more info)
[INFO] [stdout] help: consider further restricting type parameter `M`
[INFO] [stdout]     |
[INFO] [stdout] 141 |                 V: ::num_traits::Num + ::Conversion<V>, M: typenum::Integer
[INFO] [stdout]     |                                                       ^^^^^^^^^^^^^^^^^^^^^
[INFO] [stdout] 
[INFO] [stdout] 
[INFO] [stdout] error[E0277]: the trait bound `T: Integer` is not satisfied
[INFO] [stdout]    --> /opt/rustwide/cargo-home/registry/src/github.com-1ecc6299db9ec823/uom-0.23.1/src/si/mod.rs:144:26
[INFO] [stdout]     |
[INFO] [stdout] 144 |                       val: Quantity<
[INFO] [stdout]     |  __________________________^
[INFO] [stdout] 145 | |                         Dimension<L = L, M = M, T = T, I = I, Th = Th, N = N, J = J, Kind = $a>,
[INFO] [stdout] 146 | |                         Ur,
[INFO] [stdout] 147 | |                         V,
[INFO] [stdout] 148 | |                     >,
[INFO] [stdout]     | |_____________________^ the trait `Integer` is not implemented for `T`
[INFO] [stdout] ...
[INFO] [stdout] 212 |       impl_from!(AngleKind, Kind);
[INFO] [stdout]     |       ---------------------------- in this macro invocation
[INFO] [stdout]     | 
[INFO] [stdout]    ::: /opt/rustwide/cargo-home/registry/src/github.com-1ecc6299db9ec823/uom-0.23.1/src/system.rs:236:20
[INFO] [stdout]     |
[INFO] [stdout] 236 |           pub struct Quantity<D, U, V>
[INFO] [stdout]     |                      -------- required by a bound in this
[INFO] [stdout] 237 |           where
[INFO] [stdout] 238 |               D: Dimension + ?Sized,
[INFO] [stdout]     |                  --------- required by this bound in `si::Quantity`
[INFO] [stdout]     |
[INFO] [stdout]     = note: this error originates in a macro (in Nightly builds, run with -Z macro-backtrace for more info)
[INFO] [stdout] help: consider further restricting type parameter `T`
[INFO] [stdout]     |
[INFO] [stdout] 141 |                 V: ::num_traits::Num + ::Conversion<V>, T: typenum::Integer
[INFO] [stdout]     |                                                       ^^^^^^^^^^^^^^^^^^^^^
[INFO] [stdout] 
[INFO] [stdout] 
[INFO] [stdout] error[E0277]: the trait bound `I: Integer` is not satisfied
[INFO] [stdout]    --> /opt/rustwide/cargo-home/registry/src/github.com-1ecc6299db9ec823/uom-0.23.1/src/si/mod.rs:144:26
[INFO] [stdout]     |
[INFO] [stdout] 144 |                       val: Quantity<
[INFO] [stdout]     |  __________________________^
[INFO] [stdout] 145 | |                         Dimension<L = L, M = M, T = T, I = I, Th = Th, N = N, J = J, Kind = $a>,
[INFO] [stdout] 146 | |                         Ur,
[INFO] [stdout] 147 | |                         V,
[INFO] [stdout] 148 | |                     >,
[INFO] [stdout]     | |_____________________^ the trait `Integer` is not implemented for `I`
[INFO] [stdout] ...
[INFO] [stdout] 212 |       impl_from!(AngleKind, Kind);
[INFO] [stdout]     |       ---------------------------- in this macro invocation
[INFO] [stdout]     | 
[INFO] [stdout]    ::: /opt/rustwide/cargo-home/registry/src/github.com-1ecc6299db9ec823/uom-0.23.1/src/system.rs:236:20
[INFO] [stdout]     |
[INFO] [stdout] 236 |           pub struct Quantity<D, U, V>
[INFO] [stdout]     |                      -------- required by a bound in this
[INFO] [stdout] 237 |           where
[INFO] [stdout] 238 |               D: Dimension + ?Sized,
[INFO] [stdout]     |                  --------- required by this bound in `si::Quantity`
[INFO] [stdout]     |
[INFO] [stdout]     = note: this error originates in a macro (in Nightly builds, run with -Z macro-backtrace for more info)
[INFO] [stdout] help: consider further restricting type parameter `I`
[INFO] [stdout]     |
[INFO] [stdout] 141 |                 V: ::num_traits::Num + ::Conversion<V>, I: typenum::Integer
[INFO] [stdout]     |                                                       ^^^^^^^^^^^^^^^^^^^^^
[INFO] [stdout] 
[INFO] [stdout] 
[INFO] [stdout] error[E0277]: the trait bound `Th: Integer` is not satisfied
[INFO] [stdout]    --> /opt/rustwide/cargo-home/registry/src/github.com-1ecc6299db9ec823/uom-0.23.1/src/si/mod.rs:144:26
[INFO] [stdout]     |
[INFO] [stdout] 144 |                       val: Quantity<
[INFO] [stdout]     |  __________________________^
[INFO] [stdout] 145 | |                         Dimension<L = L, M = M, T = T, I = I, Th = Th, N = N, J = J, Kind = $a>,
[INFO] [stdout] 146 | |                         Ur,
[INFO] [stdout] 147 | |                         V,
[INFO] [stdout] 148 | |                     >,
[INFO] [stdout]     | |_____________________^ the trait `Integer` is not implemented for `Th`
[INFO] [stdout] ...
[INFO] [stdout] 212 |       impl_from!(AngleKind, Kind);
[INFO] [stdout]     |       ---------------------------- in this macro invocation
[INFO] [stdout]     | 
[INFO] [stdout]    ::: /opt/rustwide/cargo-home/registry/src/github.com-1ecc6299db9ec823/uom-0.23.1/src/system.rs:236:20
[INFO] [stdout]     |
[INFO] [stdout] 236 |           pub struct Quantity<D, U, V>
[INFO] [stdout]     |                      -------- required by a bound in this
[INFO] [stdout] 237 |           where
[INFO] [stdout] 238 |               D: Dimension + ?Sized,
[INFO] [stdout]     |                  --------- required by this bound in `si::Quantity`
[INFO] [stdout]     |
[INFO] [stdout]     = note: this error originates in a macro (in Nightly builds, run with -Z macro-backtrace for more info)
[INFO] [stdout] help: consider further restricting type parameter `Th`
[INFO] [stdout]     |
[INFO] [stdout] 141 |                 V: ::num_traits::Num + ::Conversion<V>, Th: typenum::Integer
[INFO] [stdout]     |                                                       ^^^^^^^^^^^^^^^^^^^^^^
[INFO] [stdout] 
[INFO] [stdout] 
[INFO] [stdout] error[E0277]: the trait bound `N: Integer` is not satisfied
[INFO] [stdout]    --> /opt/rustwide/cargo-home/registry/src/github.com-1ecc6299db9ec823/uom-0.23.1/src/si/mod.rs:144:26
[INFO] [stdout]     |
[INFO] [stdout] 144 |                       val: Quantity<
[INFO] [stdout]     |  __________________________^
[INFO] [stdout] 145 | |                         Dimension<L = L, M = M, T = T, I = I, Th = Th, N = N, J = J, Kind = $a>,
[INFO] [stdout] 146 | |                         Ur,
[INFO] [stdout] 147 | |                         V,
[INFO] [stdout] 148 | |                     >,
[INFO] [stdout]     | |_____________________^ the trait `Integer` is not implemented for `N`
[INFO] [stdout] ...
[INFO] [stdout] 212 |       impl_from!(AngleKind, Kind);
[INFO] [stdout]     |       ---------------------------- in this macro invocation
[INFO] [stdout]     | 
[INFO] [stdout]    ::: /opt/rustwide/cargo-home/registry/src/github.com-1ecc6299db9ec823/uom-0.23.1/src/system.rs:236:20
[INFO] [stdout]     |
[INFO] [stdout] 236 |           pub struct Quantity<D, U, V>
[INFO] [stdout]     |                      -------- required by a bound in this
[INFO] [stdout] 237 |           where
[INFO] [stdout] 238 |               D: Dimension + ?Sized,
[INFO] [stdout]     |                  --------- required by this bound in `si::Quantity`
[INFO] [stdout]     |
[INFO] [stdout]     = note: this error originates in a macro (in Nightly builds, run with -Z macro-backtrace for more info)
[INFO] [stdout] help: consider further restricting type parameter `N`
[INFO] [stdout]     |
[INFO] [stdout] 141 |                 V: ::num_traits::Num + ::Conversion<V>, N: typenum::Integer
[INFO] [stdout]     |                                                       ^^^^^^^^^^^^^^^^^^^^^
[INFO] [stdout] 
[INFO] [stdout] 
[INFO] [stdout] error[E0277]: the trait bound `J: Integer` is not satisfied
[INFO] [stdout]    --> /opt/rustwide/cargo-home/registry/src/github.com-1ecc6299db9ec823/uom-0.23.1/src/si/mod.rs:144:26
[INFO] [stdout]     |
[INFO] [stdout] 144 |                       val: Quantity<
[INFO] [stdout]     |  __________________________^
[INFO] [stdout] 145 | |                         Dimension<L = L, M = M, T = T, I = I, Th = Th, N = N, J = J, Kind = $a>,
[INFO] [stdout] 146 | |                         Ur,
[INFO] [stdout] 147 | |                         V,
[INFO] [stdout] 148 | |                     >,
[INFO] [stdout]     | |_____________________^ the trait `Integer` is not implemented for `J`
[INFO] [stdout] ...
[INFO] [stdout] 212 |       impl_from!(AngleKind, Kind);
[INFO] [stdout]     |       ---------------------------- in this macro invocation
[INFO] [stdout]     | 
[INFO] [stdout]    ::: /opt/rustwide/cargo-home/registry/src/github.com-1ecc6299db9ec823/uom-0.23.1/src/system.rs:236:20
[INFO] [stdout]     |
[INFO] [stdout] 236 |           pub struct Quantity<D, U, V>
[INFO] [stdout]     |                      -------- required by a bound in this
[INFO] [stdout] 237 |           where
[INFO] [stdout] 238 |               D: Dimension + ?Sized,
[INFO] [stdout]     |                  --------- required by this bound in `si::Quantity`
[INFO] [stdout]     |
[INFO] [stdout]     = note: this error originates in a macro (in Nightly builds, run with -Z macro-backtrace for more info)
[INFO] [stdout] help: consider further restricting type parameter `J`
[INFO] [stdout]     |
[INFO] [stdout] 141 |                 V: ::num_traits::Num + ::Conversion<V>, J: typenum::Integer
[INFO] [stdout]     |                                                       ^^^^^^^^^^^^^^^^^^^^^
[INFO] [stdout] 
[INFO] [stdout] 
[INFO] [stdout] error[E0277]: the trait bound `L: Integer` is not satisfied
[INFO] [stdout]    --> /opt/rustwide/cargo-home/registry/src/github.com-1ecc6299db9ec823/uom-0.23.1/src/si/mod.rs:144:26
[INFO] [stdout]     |
[INFO] [stdout] 144 |                       val: Quantity<
[INFO] [stdout]     |  __________________________^
[INFO] [stdout] 145 | |                         Dimension<L = L, M = M, T = T, I = I, Th = Th, N = N, J = J, Kind = $a>,
[INFO] [stdout] 146 | |                         Ur,
[INFO] [stdout] 147 | |                         V,
[INFO] [stdout] 148 | |                     >,
[INFO] [stdout]     | |_____________________^ the trait `Integer` is not implemented for `L`
[INFO] [stdout] ...
[INFO] [stdout] 213 |       impl_from!(Kind, AngleKind);
[INFO] [stdout]     |       ---------------------------- in this macro invocation
[INFO] [stdout]     | 
[INFO] [stdout]    ::: /opt/rustwide/cargo-home/registry/src/github.com-1ecc6299db9ec823/uom-0.23.1/src/system.rs:236:20
[INFO] [stdout]     |
[INFO] [stdout] 236 |           pub struct Quantity<D, U, V>
[INFO] [stdout]     |                      -------- required by a bound in this
[INFO] [stdout] 237 |           where
[INFO] [stdout] 238 |               D: Dimension + ?Sized,
[INFO] [stdout]     |                  --------- required by this bound in `si::Quantity`
[INFO] [stdout]     |
[INFO] [stdout]     = note: this error originates in a macro (in Nightly builds, run with -Z macro-backtrace for more info)
[INFO] [stdout] help: consider further restricting type parameter `L`
[INFO] [stdout]     |
[INFO] [stdout] 141 |                 V: ::num_traits::Num + ::Conversion<V>, L: typenum::Integer
[INFO] [stdout]     |                                                       ^^^^^^^^^^^^^^^^^^^^^
[INFO] [stdout] 
[INFO] [stdout] 
[INFO] [stdout] error[E0277]: the trait bound `M: Integer` is not satisfied
[INFO] [stdout]    --> /opt/rustwide/cargo-home/registry/src/github.com-1ecc6299db9ec823/uom-0.23.1/src/si/mod.rs:144:26
[INFO] [stdout]     |
[INFO] [stdout] 144 |                       val: Quantity<
[INFO] [stdout]     |  __________________________^
[INFO] [stdout] 145 | |                         Dimension<L = L, M = M, T = T, I = I, Th = Th, N = N, J = J, Kind = $a>,
[INFO] [stdout] 146 | |                         Ur,
[INFO] [stdout] 147 | |                         V,
[INFO] [stdout] 148 | |                     >,
[INFO] [stdout]     | |_____________________^ the trait `Integer` is not implemented for `M`
[INFO] [stdout] ...
[INFO] [stdout] 213 |       impl_from!(Kind, AngleKind);
[INFO] [stdout]     |       ---------------------------- in this macro invocation
[INFO] [stdout]     | 
[INFO] [stdout]    ::: /opt/rustwide/cargo-home/registry/src/github.com-1ecc6299db9ec823/uom-0.23.1/src/system.rs:236:20
[INFO] [stdout]     |
[INFO] [stdout] 236 |           pub struct Quantity<D, U, V>
[INFO] [stdout]     |                      -------- required by a bound in this
[INFO] [stdout] 237 |           where
[INFO] [stdout] 238 |               D: Dimension + ?Sized,
[INFO] [stdout]     |                  --------- required by this bound in `si::Quantity`
[INFO] [stdout]     |
[INFO] [stdout]     = note: this error originates in a macro (in Nightly builds, run with -Z macro-backtrace for more info)
[INFO] [stdout] help: consider further restricting type parameter `M`
[INFO] [stdout]     |
[INFO] [stdout] 141 |                 V: ::num_traits::Num + ::Conversion<V>, M: typenum::Integer
[INFO] [stdout]     |                                                       ^^^^^^^^^^^^^^^^^^^^^
[INFO] [stdout] 
[INFO] [stdout] 
[INFO] [stdout] error[E0277]: the trait bound `T: Integer` is not satisfied
[INFO] [stdout]    --> /opt/rustwide/cargo-home/registry/src/github.com-1ecc6299db9ec823/uom-0.23.1/src/si/mod.rs:144:26
[INFO] [stdout]     |
[INFO] [stdout] 144 |                       val: Quantity<
[INFO] [stdout]     |  __________________________^
[INFO] [stdout] 145 | |                         Dimension<L = L, M = M, T = T, I = I, Th = Th, N = N, J = J, Kind = $a>,
[INFO] [stdout] 146 | |                         Ur,
[INFO] [stdout] 147 | |                         V,
[INFO] [stdout] 148 | |                     >,
[INFO] [stdout]     | |_____________________^ the trait `Integer` is not implemented for `T`
[INFO] [stdout] ...
[INFO] [stdout] 213 |       impl_from!(Kind, AngleKind);
[INFO] [stdout]     |       ---------------------------- in this macro invocation
[INFO] [stdout]     | 
[INFO] [stdout]    ::: /opt/rustwide/cargo-home/registry/src/github.com-1ecc6299db9ec823/uom-0.23.1/src/system.rs:236:20
[INFO] [stdout]     |
[INFO] [stdout] 236 |           pub struct Quantity<D, U, V>
[INFO] [stdout]     |                      -------- required by a bound in this
[INFO] [stdout] 237 |           where
[INFO] [stdout] 238 |               D: Dimension + ?Sized,
[INFO] [stdout]     |                  --------- required by this bound in `si::Quantity`
[INFO] [stdout]     |
[INFO] [stdout]     = note: this error originates in a macro (in Nightly builds, run with -Z macro-backtrace for more info)
[INFO] [stdout] help: consider further restricting type parameter `T`
[INFO] [stdout]     |
[INFO] [stdout] 141 |                 V: ::num_traits::Num + ::Conversion<V>, T: typenum::Integer
[INFO] [stdout]     |                                                       ^^^^^^^^^^^^^^^^^^^^^
[INFO] [stdout] 
[INFO] [stdout] 
[INFO] [stdout] error[E0277]: the trait bound `I: Integer` is not satisfied
[INFO] [stdout]    --> /opt/rustwide/cargo-home/registry/src/github.com-1ecc6299db9ec823/uom-0.23.1/src/si/mod.rs:144:26
[INFO] [stdout]     |
[INFO] [stdout] 144 |                       val: Quantity<
[INFO] [stdout]     |  __________________________^
[INFO] [stdout] 145 | |                         Dimension<L = L, M = M, T = T, I = I, Th = Th, N = N, J = J, Kind = $a>,
[INFO] [stdout] 146 | |                         Ur,
[INFO] [stdout] 147 | |                         V,
[INFO] [stdout] 148 | |                     >,
[INFO] [stdout]     | |_____________________^ the trait `Integer` is not implemented for `I`
[INFO] [stdout] ...
[INFO] [stdout] 213 |       impl_from!(Kind, AngleKind);
[INFO] [stdout]     |       ---------------------------- in this macro invocation
[INFO] [stdout]     | 
[INFO] [stdout]    ::: /opt/rustwide/cargo-home/registry/src/github.com-1ecc6299db9ec823/uom-0.23.1/src/system.rs:236:20
[INFO] [stdout]     |
[INFO] [stdout] 236 |           pub struct Quantity<D, U, V>
[INFO] [stdout]     |                      -------- required by a bound in this
[INFO] [stdout] 237 |           where
[INFO] [stdout] 238 |               D: Dimension + ?Sized,
[INFO] [stdout]     |                  --------- required by this bound in `si::Quantity`
[INFO] [stdout]     |
[INFO] [stdout]     = note: this error originates in a macro (in Nightly builds, run with -Z macro-backtrace for more info)
[INFO] [stdout] help: consider further restricting type parameter `I`
[INFO] [stdout]     |
[INFO] [stdout] 141 |                 V: ::num_traits::Num + ::Conversion<V>, I: typenum::Integer
[INFO] [stdout]     |                                                       ^^^^^^^^^^^^^^^^^^^^^
[INFO] [stdout] 
[INFO] [stdout] 
[INFO] [stdout] error[E0277]: the trait bound `Th: Integer` is not satisfied
[INFO] [stdout]    --> /opt/rustwide/cargo-home/registry/src/github.com-1ecc6299db9ec823/uom-0.23.1/src/si/mod.rs:144:26
[INFO] [stdout]     |
[INFO] [stdout] 144 |                       val: Quantity<
[INFO] [stdout]     |  __________________________^
[INFO] [stdout] 145 | |                         Dimension<L = L, M = M, T = T, I = I, Th = Th, N = N, J = J, Kind = $a>,
[INFO] [stdout] 146 | |                         Ur,
[INFO] [stdout] 147 | |                         V,
[INFO] [stdout] 148 | |                     >,
[INFO] [stdout]     | |_____________________^ the trait `Integer` is not implemented for `Th`
[INFO] [stdout] ...
[INFO] [stdout] 213 |       impl_from!(Kind, AngleKind);
[INFO] [stdout]     |       ---------------------------- in this macro invocation
[INFO] [stdout]     | 
[INFO] [stdout]    ::: /opt/rustwide/cargo-home/registry/src/github.com-1ecc6299db9ec823/uom-0.23.1/src/system.rs:236:20
[INFO] [stdout]     |
[INFO] [stdout] 236 |           pub struct Quantity<D, U, V>
[INFO] [stdout]     |                      -------- required by a bound in this
[INFO] [stdout] 237 |           where
[INFO] [stdout] 238 |               D: Dimension + ?Sized,
[INFO] [stdout]     |                  --------- required by this bound in `si::Quantity`
[INFO] [stdout]     |
[INFO] [stdout]     = note: this error originates in a macro (in Nightly builds, run with -Z macro-backtrace for more info)
[INFO] [stdout] help: consider further restricting type parameter `Th`
[INFO] [stdout]     |
[INFO] [stdout] 141 |                 V: ::num_traits::Num + ::Conversion<V>, Th: typenum::Integer
[INFO] [stdout]     |                                                       ^^^^^^^^^^^^^^^^^^^^^^
[INFO] [stdout] 
[INFO] [stdout] 
[INFO] [stdout] error[E0277]: the trait bound `N: Integer` is not satisfied
[INFO] [stdout]    --> /opt/rustwide/cargo-home/registry/src/github.com-1ecc6299db9ec823/uom-0.23.1/src/si/mod.rs:144:26
[INFO] [stdout]     |
[INFO] [stdout] 144 |                       val: Quantity<
[INFO] [stdout]     |  __________________________^
[INFO] [stdout] 145 | |                         Dimension<L = L, M = M, T = T, I = I, Th = Th, N = N, J = J, Kind = $a>,
[INFO] [stdout] 146 | |                         Ur,
[INFO] [stdout] 147 | |                         V,
[INFO] [stdout] 148 | |                     >,
[INFO] [stdout]     | |_____________________^ the trait `Integer` is not implemented for `N`
[INFO] [stdout] ...
[INFO] [stdout] 213 |       impl_from!(Kind, AngleKind);
[INFO] [stdout]     |       ---------------------------- in this macro invocation
[INFO] [stdout]     | 
[INFO] [stdout]    ::: /opt/rustwide/cargo-home/registry/src/github.com-1ecc6299db9ec823/uom-0.23.1/src/system.rs:236:20
[INFO] [stdout]     |
[INFO] [stdout] 236 |           pub struct Quantity<D, U, V>
[INFO] [stdout]     |                      -------- required by a bound in this
[INFO] [stdout] 237 |           where
[INFO] [stdout] 238 |               D: Dimension + ?Sized,
[INFO] [stdout]     |                  --------- required by this bound in `si::Quantity`
[INFO] [stdout]     |
[INFO] [stdout]     = note: this error originates in a macro (in Nightly builds, run with -Z macro-backtrace for more info)
[INFO] [stdout] help: consider further restricting type parameter `N`
[INFO] [stdout]     |
[INFO] [stdout] 141 |                 V: ::num_traits::Num + ::Conversion<V>, N: typenum::Integer
[INFO] [stdout]     |                                                       ^^^^^^^^^^^^^^^^^^^^^
[INFO] [stdout] 
[INFO] [stdout] 
[INFO] [stdout] error[E0277]: the trait bound `J: Integer` is not satisfied
[INFO] [stdout]    --> /opt/rustwide/cargo-home/registry/src/github.com-1ecc6299db9ec823/uom-0.23.1/src/si/mod.rs:144:26
[INFO] [stdout]     |
[INFO] [stdout] 144 |                       val: Quantity<
[INFO] [stdout]     |  __________________________^
[INFO] [stdout] 145 | |                         Dimension<L = L, M = M, T = T, I = I, Th = Th, N = N, J = J, Kind = $a>,
[INFO] [stdout] 146 | |                         Ur,
[INFO] [stdout] 147 | |                         V,
[INFO] [stdout] 148 | |                     >,
[INFO] [stdout]     | |_____________________^ the trait `Integer` is not implemented for `J`
[INFO] [stdout] ...
[INFO] [stdout] 213 |       impl_from!(Kind, AngleKind);
[INFO] [stdout]     |       ---------------------------- in this macro invocation
[INFO] [stdout]     | 
[INFO] [stdout]    ::: /opt/rustwide/cargo-home/registry/src/github.com-1ecc6299db9ec823/uom-0.23.1/src/system.rs:236:20
[INFO] [stdout]     |
[INFO] [stdout] 236 |           pub struct Quantity<D, U, V>
[INFO] [stdout]     |                      -------- required by a bound in this
[INFO] [stdout] 237 |           where
[INFO] [stdout] 238 |               D: Dimension + ?Sized,
[INFO] [stdout]     |                  --------- required by this bound in `si::Quantity`
[INFO] [stdout]     |
[INFO] [stdout]     = note: this error originates in a macro (in Nightly builds, run with -Z macro-backtrace for more info)
[INFO] [stdout] help: consider further restricting type parameter `J`
[INFO] [stdout]     |
[INFO] [stdout] 141 |                 V: ::num_traits::Num + ::Conversion<V>, J: typenum::Integer
[INFO] [stdout]     |                                                       ^^^^^^^^^^^^^^^^^^^^^
[INFO] [stdout] 
[INFO] [stdout] 
[INFO] [stdout] error: aborting due to 119 previous errors
[INFO] [stdout] 
[INFO] [stdout] 
[INFO] [stdout] For more information about this error, try `rustc --explain E0277`.
[INFO] [stdout] 
[INFO] [stderr] error: could not compile `uom`
[INFO] [stderr] 
[INFO] [stderr] To learn more, run the command again with --verbose.
[INFO] [stderr] warning: build failed, waiting for other jobs to finish...
[INFO] [stderr] error: build failed
[INFO] running `Command { std: "docker" "inspect" "24306494bae1bda2de50c375f208de40600eb3167b290c1132955e063d6df7e3", kill_on_drop: false }`
[INFO] running `Command { std: "docker" "rm" "-f" "24306494bae1bda2de50c375f208de40600eb3167b290c1132955e063d6df7e3", kill_on_drop: false }`
[INFO] [stdout] 24306494bae1bda2de50c375f208de40600eb3167b290c1132955e063d6df7e3
